{"id":12611,"date":"2024-04-08T12:13:21","date_gmt":"2024-04-08T12:13:21","guid":{"rendered":"https:\/\/avocat-gc.com\/divorce\/questions\/revision-des-rente-partages-et-du-fond-de-pension-partages\/"},"modified":"2024-04-28T10:35:50","modified_gmt":"2024-04-28T10:35:50","slug":"revision-des-rente-partages-et-du-fond-de-pension-partages","status":"publish","type":"question","link":"https:\/\/avocat-gc.com\/divorce\/questions\/revision-des-rente-partages-et-du-fond-de-pension-partages\/","title":{"rendered":"Revision des  rente  partag\u00e9s et du  fond  de pension  partag\u00e9s"},"content":{"rendered":"<p>peut on  demander  une  revision des  rente  partag\u00e9s et du  fond  de pension  partag\u00e9s  si  son  ex  a  une   propri\u00e9ter    ici au canada et  un  condo  en floride   alors  que  moi   je  recois  seulement  1.600.00 $par mois   de pension    avec  mes  rentes  pension de veillesse   et  petite  pension  de compagnier et mon  ex  vie  en plus  avec  son  conjoint   depuis  plus  de  25   ans  ,,, moi  je   paye   toujour<\/p>\n","protected":false},"excerpt":{"rendered":"<p>peut on demander une revision des rente partag\u00e9s et du fond de pension partag\u00e9s si son ex a une propri\u00e9ter ici au canada et un condo en floride alors que moi je recois seulement 1.600.00 $par mois de pension avec mes rentes pension de veillesse et petite pension de compagnier et mon ex vie en [&hellip;]<\/p>\n","protected":false},"featured_media":0,"menu_order":0,"template":"","meta":{"_acf_changed":false,"inline_featured_image":false},"tag-questions":[12],"class_list":["post-12611","question","type-question","status-publish","hentry","tag-questions-avocat-divorce"],"acf":[],"yoast_head":"<!-- This site is optimized with the Yoast SEO plugin v27.5 - https:\/\/yoast.com\/product\/yoast-seo-wordpress\/ -->\n<title>Revision des rente partag\u00e9s et du fond de pension partag\u00e9s &#8211; Avocat GC - Avocat Divorce<\/title>\n<meta name=\"robots\" content=\"index, follow, max-snippet:-1, max-image-preview:large, max-video-preview:-1\" \/>\n<link rel=\"canonical\" href=\"https:\/\/avocat-gc.com\/divorce\/questions\/revision-des-rente-partages-et-du-fond-de-pension-partages\/\" \/>\n<meta property=\"og:locale\" content=\"fr_FR\" \/>\n<meta property=\"og:type\" content=\"article\" \/>\n<meta property=\"og:title\" content=\"Revision des rente partag\u00e9s et du fond de pension partag\u00e9s &#8211; Avocat GC - Avocat Divorce\" \/>\n<meta property=\"og:description\" content=\"peut on demander une revision des rente partag\u00e9s et du fond de pension partag\u00e9s si son ex a une propri\u00e9ter ici au canada et un condo en floride alors que moi je recois seulement 1.600.00 $par mois de pension avec mes rentes pension de veillesse et petite pension de compagnier et mon ex vie en [&hellip;]\" \/>\n<meta property=\"og:url\" content=\"https:\/\/avocat-gc.com\/divorce\/questions\/revision-des-rente-partages-et-du-fond-de-pension-partages\/\" \/>\n<meta property=\"og:site_name\" content=\"Avocat GC - Avocat Divorce\" \/>\n<meta property=\"article:modified_time\" content=\"2024-04-28T10:35:50+00:00\" \/>\n<meta name=\"twitter:card\" content=\"summary_large_image\" \/>\n<script type=\"application\/ld+json\" class=\"yoast-schema-graph\">{\"@context\":\"https:\\\/\\\/schema.org\",\"@graph\":[{\"@type\":\"WebPage\",\"@id\":\"https:\\\/\\\/avocat-gc.com\\\/divorce\\\/questions\\\/revision-des-rente-partages-et-du-fond-de-pension-partages\\\/\",\"url\":\"https:\\\/\\\/avocat-gc.com\\\/divorce\\\/questions\\\/revision-des-rente-partages-et-du-fond-de-pension-partages\\\/\",\"name\":\"Revision des rente partag\u00e9s et du fond de pension partag\u00e9s &#8211; Avocat GC - Avocat Divorce\",\"isPartOf\":{\"@id\":\"https:\\\/\\\/avocat-gc.com\\\/divorce\\\/#website\"},\"datePublished\":\"2024-04-08T12:13:21+00:00\",\"dateModified\":\"2024-04-28T10:35:50+00:00\",\"breadcrumb\":{\"@id\":\"https:\\\/\\\/avocat-gc.com\\\/divorce\\\/questions\\\/revision-des-rente-partages-et-du-fond-de-pension-partages\\\/#breadcrumb\"},\"inLanguage\":\"fr-FR\",\"potentialAction\":[{\"@type\":\"ReadAction\",\"target\":[\"https:\\\/\\\/avocat-gc.com\\\/divorce\\\/questions\\\/revision-des-rente-partages-et-du-fond-de-pension-partages\\\/\"]}]},{\"@type\":\"BreadcrumbList\",\"@id\":\"https:\\\/\\\/avocat-gc.com\\\/divorce\\\/questions\\\/revision-des-rente-partages-et-du-fond-de-pension-partages\\\/#breadcrumb\",\"itemListElement\":[{\"@type\":\"ListItem\",\"position\":1,\"name\":\"Accueil\",\"item\":\"https:\\\/\\\/avocat-gc.com\\\/divorce\\\/\"},{\"@type\":\"ListItem\",\"position\":2,\"name\":\"Revision des rente partag\u00e9s et du fond de pension partag\u00e9s\"}]},{\"@type\":\"WebSite\",\"@id\":\"https:\\\/\\\/avocat-gc.com\\\/divorce\\\/#website\",\"url\":\"https:\\\/\\\/avocat-gc.com\\\/divorce\\\/\",\"name\":\"Avocat GC - Avocat Divorce\",\"description\":\"\",\"publisher\":{\"@id\":\"https:\\\/\\\/avocat-gc.com\\\/divorce\\\/#organization\"},\"potentialAction\":[{\"@type\":\"SearchAction\",\"target\":{\"@type\":\"EntryPoint\",\"urlTemplate\":\"https:\\\/\\\/avocat-gc.com\\\/divorce\\\/?s={search_term_string}\"},\"query-input\":{\"@type\":\"PropertyValueSpecification\",\"valueRequired\":true,\"valueName\":\"search_term_string\"}}],\"inLanguage\":\"fr-FR\"},{\"@type\":\"Organization\",\"@id\":\"https:\\\/\\\/avocat-gc.com\\\/divorce\\\/#organization\",\"name\":\"Avocat GC - Avocat Divorce\",\"url\":\"https:\\\/\\\/avocat-gc.com\\\/divorce\\\/\",\"logo\":{\"@type\":\"ImageObject\",\"inLanguage\":\"fr-FR\",\"@id\":\"https:\\\/\\\/avocat-gc.com\\\/divorce\\\/#\\\/schema\\\/logo\\\/image\\\/\",\"url\":\"https:\\\/\\\/avocat-gc.com\\\/divorce\\\/wp-content\\\/uploads\\\/2024\\\/04\\\/cropped-Sans-titre.png\",\"contentUrl\":\"https:\\\/\\\/avocat-gc.com\\\/divorce\\\/wp-content\\\/uploads\\\/2024\\\/04\\\/cropped-Sans-titre.png\",\"width\":200,\"height\":180,\"caption\":\"Avocat GC - Avocat Divorce\"},\"image\":{\"@id\":\"https:\\\/\\\/avocat-gc.com\\\/divorce\\\/#\\\/schema\\\/logo\\\/image\\\/\"}}]}<\/script>\n<!-- \/ Yoast SEO plugin. -->","yoast_head_json":{"title":"Revision des rente partag\u00e9s et du fond de pension partag\u00e9s &#8211; Avocat GC - Avocat Divorce","robots":{"index":"index","follow":"follow","max-snippet":"max-snippet:-1","max-image-preview":"max-image-preview:large","max-video-preview":"max-video-preview:-1"},"canonical":"https:\/\/avocat-gc.com\/divorce\/questions\/revision-des-rente-partages-et-du-fond-de-pension-partages\/","og_locale":"fr_FR","og_type":"article","og_title":"Revision des rente partag\u00e9s et du fond de pension partag\u00e9s &#8211; Avocat GC - Avocat Divorce","og_description":"peut on demander une revision des rente partag\u00e9s et du fond de pension partag\u00e9s si son ex a une propri\u00e9ter ici au canada et un condo en floride alors que moi je recois seulement 1.600.00 $par mois de pension avec mes rentes pension de veillesse et petite pension de compagnier et mon ex vie en [&hellip;]","og_url":"https:\/\/avocat-gc.com\/divorce\/questions\/revision-des-rente-partages-et-du-fond-de-pension-partages\/","og_site_name":"Avocat GC - Avocat Divorce","article_modified_time":"2024-04-28T10:35:50+00:00","twitter_card":"summary_large_image","schema":{"@context":"https:\/\/schema.org","@graph":[{"@type":"WebPage","@id":"https:\/\/avocat-gc.com\/divorce\/questions\/revision-des-rente-partages-et-du-fond-de-pension-partages\/","url":"https:\/\/avocat-gc.com\/divorce\/questions\/revision-des-rente-partages-et-du-fond-de-pension-partages\/","name":"Revision des rente partag\u00e9s et du fond de pension partag\u00e9s &#8211; Avocat GC - Avocat Divorce","isPartOf":{"@id":"https:\/\/avocat-gc.com\/divorce\/#website"},"datePublished":"2024-04-08T12:13:21+00:00","dateModified":"2024-04-28T10:35:50+00:00","breadcrumb":{"@id":"https:\/\/avocat-gc.com\/divorce\/questions\/revision-des-rente-partages-et-du-fond-de-pension-partages\/#breadcrumb"},"inLanguage":"fr-FR","potentialAction":[{"@type":"ReadAction","target":["https:\/\/avocat-gc.com\/divorce\/questions\/revision-des-rente-partages-et-du-fond-de-pension-partages\/"]}]},{"@type":"BreadcrumbList","@id":"https:\/\/avocat-gc.com\/divorce\/questions\/revision-des-rente-partages-et-du-fond-de-pension-partages\/#breadcrumb","itemListElement":[{"@type":"ListItem","position":1,"name":"Accueil","item":"https:\/\/avocat-gc.com\/divorce\/"},{"@type":"ListItem","position":2,"name":"Revision des rente partag\u00e9s et du fond de pension partag\u00e9s"}]},{"@type":"WebSite","@id":"https:\/\/avocat-gc.com\/divorce\/#website","url":"https:\/\/avocat-gc.com\/divorce\/","name":"Avocat GC - Avocat Divorce","description":"","publisher":{"@id":"https:\/\/avocat-gc.com\/divorce\/#organization"},"potentialAction":[{"@type":"SearchAction","target":{"@type":"EntryPoint","urlTemplate":"https:\/\/avocat-gc.com\/divorce\/?s={search_term_string}"},"query-input":{"@type":"PropertyValueSpecification","valueRequired":true,"valueName":"search_term_string"}}],"inLanguage":"fr-FR"},{"@type":"Organization","@id":"https:\/\/avocat-gc.com\/divorce\/#organization","name":"Avocat GC - Avocat Divorce","url":"https:\/\/avocat-gc.com\/divorce\/","logo":{"@type":"ImageObject","inLanguage":"fr-FR","@id":"https:\/\/avocat-gc.com\/divorce\/#\/schema\/logo\/image\/","url":"https:\/\/avocat-gc.com\/divorce\/wp-content\/uploads\/2024\/04\/cropped-Sans-titre.png","contentUrl":"https:\/\/avocat-gc.com\/divorce\/wp-content\/uploads\/2024\/04\/cropped-Sans-titre.png","width":200,"height":180,"caption":"Avocat GC - Avocat Divorce"},"image":{"@id":"https:\/\/avocat-gc.com\/divorce\/#\/schema\/logo\/image\/"}}]}},"_links":{"self":[{"href":"https:\/\/avocat-gc.com\/divorce\/wp-json\/wp\/v2\/question\/12611","targetHints":{"allow":["GET"]}}],"collection":[{"href":"https:\/\/avocat-gc.com\/divorce\/wp-json\/wp\/v2\/question"}],"about":[{"href":"https:\/\/avocat-gc.com\/divorce\/wp-json\/wp\/v2\/types\/question"}],"wp:attachment":[{"href":"https:\/\/avocat-gc.com\/divorce\/wp-json\/wp\/v2\/media?parent=12611"}],"wp:term":[{"taxonomy":"tag-questions","embeddable":true,"href":"https:\/\/avocat-gc.com\/divorce\/wp-json\/wp\/v2\/tag-questions?post=12611"}],"curies":[{"name":"wp","href":"https:\/\/api.w.org\/{rel}","templated":true}]}}

Revision des  rente  partagés et du  fond  de pension  partagés

<p>peut on  demander  une  revision des  rente  partagés et du  fond  de pension  partagés  si  son  ex  a  une   propriéter    ici au canada et  un  condo  en floride   alors  que  moi   je  recois  seulement  1.600.00 $par mois   de pension    avec  mes  rentes  pension de veillesse   et  petite  pension  de compagnier et mon  ex  vie  en plus  avec  son  conjoint   depuis  plus  de  25   ans  ,,, moi  je   paye   toujour</p>

<p>peut on demander une revision des rente partagés et du fond de pension partagés si son ex a une propriéter ici au canada et un condo en floride alors que moi je recois seulement 1.600.00 $par mois de pension avec mes rentes pension de veillesse et petite pension de compagnier et mon ex vie en [&hellip;]</p>

<!-- This site is optimized with the Yoast SEO plugin v27.5 - https://yoast.com/product/yoast-seo-wordpress/ -->
<title>Revision des rente partagés et du fond de pension partagés &#8211; Avocat GC - Avocat Divorce</title>
<meta name="robots" content="index, follow, max-snippet:-1, max-image-preview:large, max-video-preview:-1" />
<link rel="canonical" href="https://avocat-gc.com/divorce/questions/revision-des-rente-partages-et-du-fond-de-pension-partages/" />
<meta property="og:locale" content="fr_FR" />
<meta property="og:type" content="article" />
<meta property="og:title" content="Revision des rente partagés et du fond de pension partagés &#8211; Avocat GC - Avocat Divorce" />
<meta property="og:description" content="peut on demander une revision des rente partagés et du fond de pension partagés si son ex a une propriéter ici au canada et un condo en floride alors que moi je recois seulement 1.600.00 $par mois de pension avec mes rentes pension de veillesse et petite pension de compagnier et mon ex vie en [&hellip;]" />
<meta property="og:url" content="https://avocat-gc.com/divorce/questions/revision-des-rente-partages-et-du-fond-de-pension-partages/" />
<meta property="og:site_name" content="Avocat GC - Avocat Divorce" />
<meta property="article:modified_time" content="2024-04-28T10:35:50+00:00" />
<meta name="twitter:card" content="summary_large_image" />
<script type="application/ld+json" class="yoast-schema-graph">{"@context":"https:\/\/schema.org","@graph":[{"@type":"WebPage","@id":"https:\/\/avocat-gc.com\/divorce\/questions\/revision-des-rente-partages-et-du-fond-de-pension-partages\/","url":"https:\/\/avocat-gc.com\/divorce\/questions\/revision-des-rente-partages-et-du-fond-de-pension-partages\/","name":"Revision des rente partagés et du fond de pension partagés &#8211; Avocat GC - Avocat Divorce","isPartOf":{"@id":"https:\/\/avocat-gc.com\/divorce\/#website"},"datePublished":"2024-04-08T12:13:21+00:00","dateModified":"2024-04-28T10:35:50+00:00","breadcrumb":{"@id":"https:\/\/avocat-gc.com\/divorce\/questions\/revision-des-rente-partages-et-du-fond-de-pension-partages\/#breadcrumb"},"inLanguage":"fr-FR","potentialAction":[{"@type":"ReadAction","target":["https:\/\/avocat-gc.com\/divorce\/questions\/revision-des-rente-partages-et-du-fond-de-pension-partages\/"]}]},{"@type":"BreadcrumbList","@id":"https:\/\/avocat-gc.com\/divorce\/questions\/revision-des-rente-partages-et-du-fond-de-pension-partages\/#breadcrumb","itemListElement":[{"@type":"ListItem","position":1,"name":"Accueil","item":"https:\/\/avocat-gc.com\/divorce\/"},{"@type":"ListItem","position":2,"name":"Revision des rente partagés et du fond de pension partagés"}]},{"@type":"WebSite","@id":"https:\/\/avocat-gc.com\/divorce\/#website","url":"https:\/\/avocat-gc.com\/divorce\/","name":"Avocat GC - Avocat Divorce","description":"","publisher":{"@id":"https:\/\/avocat-gc.com\/divorce\/#organization"},"potentialAction":[{"@type":"SearchAction","target":{"@type":"EntryPoint","urlTemplate":"https:\/\/avocat-gc.com\/divorce\/?s={search_term_string}"},"query-input":{"@type":"PropertyValueSpecification","valueRequired":true,"valueName":"search_term_string"}}],"inLanguage":"fr-FR"},{"@type":"Organization","@id":"https:\/\/avocat-gc.com\/divorce\/#organization","name":"Avocat GC - Avocat Divorce","url":"https:\/\/avocat-gc.com\/divorce\/","logo":{"@type":"ImageObject","inLanguage":"fr-FR","@id":"https:\/\/avocat-gc.com\/divorce\/#\/schema\/logo\/image\/","url":"https:\/\/avocat-gc.com\/divorce\/wp-content\/uploads\/2024\/04\/cropped-Sans-titre.png","contentUrl":"https:\/\/avocat-gc.com\/divorce\/wp-content\/uploads\/2024\/04\/cropped-Sans-titre.png","width":200,"height":180,"caption":"Avocat GC - Avocat Divorce"},"image":{"@id":"https:\/\/avocat-gc.com\/divorce\/#\/schema\/logo\/image\/"}}]}</script>
<!-- / Yoast SEO plugin. -->

Revision des rente partagés et du fond de pension partagés &#8211; Avocat GC - Avocat Divorce

peut on demander une revision des rente partagés et du fond de pension partagés si son ex a une propriéter ici au canada et un condo en floride alors que moi je recois seulement 1.600.00 $par mois de pension avec mes rentes pension de veillesse et petite pension de compagnier et mon ex vie en [&hellip;]

Revision des rente partagés et du fond de pension partagés
