{"id":12134,"date":"2024-04-08T12:12:44","date_gmt":"2024-04-08T12:12:44","guid":{"rendered":"https:\/\/avocat-gc.com\/divorce\/questions\/non-respect-de-la-residence-alternee\/"},"modified":"2024-04-28T10:34:04","modified_gmt":"2024-04-28T10:34:04","slug":"non-respect-de-la-residence-alternee","status":"publish","type":"question","link":"https:\/\/avocat-gc.com\/divorce\/questions\/non-respect-de-la-residence-alternee\/","title":{"rendered":"Non respect de la r\u00e9sidence altern\u00e9e"},"content":{"rendered":"<p>Bonjour<br \/>\nJe suis divorc\u00e9e depuis mars 2016 avec une ordonnance de s\u00e9paration datant de janvier 2015.<br \/>\nMon fils vit avec moi. Son p\u00e8re l\u2019a un week-end sur deux et la moiti\u00e9 des vacances. Il doit venir le chercher apr\u00e8s l\u2019ecole et le raccompagner chaque dimanche.<br \/>\nPourtant jamais il ne vient le chercher il envoie sa m\u00e8re chaque vendredi. De plus pendant les vacances il a laiss\u00e9 mon fils chez sa m\u00e8re pendant plus d\u2019une semaine en \u00e9tant lui m\u00eame ailleurs. Les week-ends p\u00fb il est sens\u00e9 avoir son fils il est de nouveau log\u00e9 chez sa grand m\u00e8re sans que son p\u00e8re ne soit l\u00e0.<br \/>\nJe sais \u00e9galement que \u00e7a se passe tr\u00e8s entre mon fils et sa nouvelle compagne (pipi au lit, interdiction de sortir de sa chambre avant 9h, de faire du bruit avant 11h&#8230;).<br \/>\nIl ne me communique d\u2019ailleurs pas sa nouvelle adresse.<br \/>\nIl verse la pension correctement mais n\u2019a jamais fait de revalorisation<br \/>\nBref ai-je un recours ? Cette situation est elle normale ? Ou contraire au jugement ?<br \/>\nMerci de votre r\u00e9ponse<br \/>\nCordialement<\/p>\n","protected":false},"excerpt":{"rendered":"<p>Bonjour Je suis divorc\u00e9e depuis mars 2016 avec une ordonnance de s\u00e9paration datant de janvier 2015. Mon fils vit avec moi. Son p\u00e8re l\u2019a un week-end sur deux et la moiti\u00e9 des vacances. Il doit venir le chercher apr\u00e8s l\u2019ecole et le raccompagner chaque dimanche. Pourtant jamais il ne vient le chercher il envoie sa [&hellip;]<\/p>\n","protected":false},"featured_media":0,"menu_order":0,"template":"","meta":{"_acf_changed":false,"inline_featured_image":false},"tag-questions":[23],"class_list":["post-12134","question","type-question","status-publish","hentry","tag-questions-enfant"],"acf":[],"yoast_head":"<!-- This site is optimized with the Yoast SEO plugin v27.5 - https:\/\/yoast.com\/product\/yoast-seo-wordpress\/ -->\n<title>Non respect de la r\u00e9sidence altern\u00e9e &#8211; Avocat GC - Avocat Divorce<\/title>\n<meta name=\"robots\" content=\"index, follow, max-snippet:-1, max-image-preview:large, max-video-preview:-1\" \/>\n<link rel=\"canonical\" href=\"https:\/\/avocat-gc.com\/divorce\/questions\/non-respect-de-la-residence-alternee\/\" \/>\n<meta property=\"og:locale\" content=\"fr_FR\" \/>\n<meta property=\"og:type\" content=\"article\" \/>\n<meta property=\"og:title\" content=\"Non respect de la r\u00e9sidence altern\u00e9e &#8211; Avocat GC - Avocat Divorce\" \/>\n<meta property=\"og:description\" content=\"Bonjour Je suis divorc\u00e9e depuis mars 2016 avec une ordonnance de s\u00e9paration datant de janvier 2015. Mon fils vit avec moi. Son p\u00e8re l\u2019a un week-end sur deux et la moiti\u00e9 des vacances. Il doit venir le chercher apr\u00e8s l\u2019ecole et le raccompagner chaque dimanche. Pourtant jamais il ne vient le chercher il envoie sa [&hellip;]\" \/>\n<meta property=\"og:url\" content=\"https:\/\/avocat-gc.com\/divorce\/questions\/non-respect-de-la-residence-alternee\/\" \/>\n<meta property=\"og:site_name\" content=\"Avocat GC - Avocat Divorce\" \/>\n<meta property=\"article:modified_time\" content=\"2024-04-28T10:34:04+00:00\" \/>\n<meta name=\"twitter:card\" content=\"summary_large_image\" \/>\n<script type=\"application\/ld+json\" class=\"yoast-schema-graph\">{\"@context\":\"https:\\\/\\\/schema.org\",\"@graph\":[{\"@type\":\"WebPage\",\"@id\":\"https:\\\/\\\/avocat-gc.com\\\/divorce\\\/questions\\\/non-respect-de-la-residence-alternee\\\/\",\"url\":\"https:\\\/\\\/avocat-gc.com\\\/divorce\\\/questions\\\/non-respect-de-la-residence-alternee\\\/\",\"name\":\"Non respect de la r\u00e9sidence altern\u00e9e &#8211; Avocat GC - Avocat Divorce\",\"isPartOf\":{\"@id\":\"https:\\\/\\\/avocat-gc.com\\\/divorce\\\/#website\"},\"datePublished\":\"2024-04-08T12:12:44+00:00\",\"dateModified\":\"2024-04-28T10:34:04+00:00\",\"breadcrumb\":{\"@id\":\"https:\\\/\\\/avocat-gc.com\\\/divorce\\\/questions\\\/non-respect-de-la-residence-alternee\\\/#breadcrumb\"},\"inLanguage\":\"fr-FR\",\"potentialAction\":[{\"@type\":\"ReadAction\",\"target\":[\"https:\\\/\\\/avocat-gc.com\\\/divorce\\\/questions\\\/non-respect-de-la-residence-alternee\\\/\"]}]},{\"@type\":\"BreadcrumbList\",\"@id\":\"https:\\\/\\\/avocat-gc.com\\\/divorce\\\/questions\\\/non-respect-de-la-residence-alternee\\\/#breadcrumb\",\"itemListElement\":[{\"@type\":\"ListItem\",\"position\":1,\"name\":\"Accueil\",\"item\":\"https:\\\/\\\/avocat-gc.com\\\/divorce\\\/\"},{\"@type\":\"ListItem\",\"position\":2,\"name\":\"Non respect de la r\u00e9sidence altern\u00e9e\"}]},{\"@type\":\"WebSite\",\"@id\":\"https:\\\/\\\/avocat-gc.com\\\/divorce\\\/#website\",\"url\":\"https:\\\/\\\/avocat-gc.com\\\/divorce\\\/\",\"name\":\"Avocat GC - Avocat Divorce\",\"description\":\"\",\"publisher\":{\"@id\":\"https:\\\/\\\/avocat-gc.com\\\/divorce\\\/#organization\"},\"potentialAction\":[{\"@type\":\"SearchAction\",\"target\":{\"@type\":\"EntryPoint\",\"urlTemplate\":\"https:\\\/\\\/avocat-gc.com\\\/divorce\\\/?s={search_term_string}\"},\"query-input\":{\"@type\":\"PropertyValueSpecification\",\"valueRequired\":true,\"valueName\":\"search_term_string\"}}],\"inLanguage\":\"fr-FR\"},{\"@type\":\"Organization\",\"@id\":\"https:\\\/\\\/avocat-gc.com\\\/divorce\\\/#organization\",\"name\":\"Avocat GC - Avocat Divorce\",\"url\":\"https:\\\/\\\/avocat-gc.com\\\/divorce\\\/\",\"logo\":{\"@type\":\"ImageObject\",\"inLanguage\":\"fr-FR\",\"@id\":\"https:\\\/\\\/avocat-gc.com\\\/divorce\\\/#\\\/schema\\\/logo\\\/image\\\/\",\"url\":\"https:\\\/\\\/avocat-gc.com\\\/divorce\\\/wp-content\\\/uploads\\\/2024\\\/04\\\/cropped-Sans-titre.png\",\"contentUrl\":\"https:\\\/\\\/avocat-gc.com\\\/divorce\\\/wp-content\\\/uploads\\\/2024\\\/04\\\/cropped-Sans-titre.png\",\"width\":200,\"height\":180,\"caption\":\"Avocat GC - Avocat Divorce\"},\"image\":{\"@id\":\"https:\\\/\\\/avocat-gc.com\\\/divorce\\\/#\\\/schema\\\/logo\\\/image\\\/\"}}]}<\/script>\n<!-- \/ Yoast SEO plugin. -->","yoast_head_json":{"title":"Non respect de la r\u00e9sidence altern\u00e9e &#8211; Avocat GC - Avocat Divorce","robots":{"index":"index","follow":"follow","max-snippet":"max-snippet:-1","max-image-preview":"max-image-preview:large","max-video-preview":"max-video-preview:-1"},"canonical":"https:\/\/avocat-gc.com\/divorce\/questions\/non-respect-de-la-residence-alternee\/","og_locale":"fr_FR","og_type":"article","og_title":"Non respect de la r\u00e9sidence altern\u00e9e &#8211; Avocat GC - Avocat Divorce","og_description":"Bonjour Je suis divorc\u00e9e depuis mars 2016 avec une ordonnance de s\u00e9paration datant de janvier 2015. Mon fils vit avec moi. Son p\u00e8re l\u2019a un week-end sur deux et la moiti\u00e9 des vacances. Il doit venir le chercher apr\u00e8s l\u2019ecole et le raccompagner chaque dimanche. Pourtant jamais il ne vient le chercher il envoie sa [&hellip;]","og_url":"https:\/\/avocat-gc.com\/divorce\/questions\/non-respect-de-la-residence-alternee\/","og_site_name":"Avocat GC - Avocat Divorce","article_modified_time":"2024-04-28T10:34:04+00:00","twitter_card":"summary_large_image","schema":{"@context":"https:\/\/schema.org","@graph":[{"@type":"WebPage","@id":"https:\/\/avocat-gc.com\/divorce\/questions\/non-respect-de-la-residence-alternee\/","url":"https:\/\/avocat-gc.com\/divorce\/questions\/non-respect-de-la-residence-alternee\/","name":"Non respect de la r\u00e9sidence altern\u00e9e &#8211; Avocat GC - Avocat Divorce","isPartOf":{"@id":"https:\/\/avocat-gc.com\/divorce\/#website"},"datePublished":"2024-04-08T12:12:44+00:00","dateModified":"2024-04-28T10:34:04+00:00","breadcrumb":{"@id":"https:\/\/avocat-gc.com\/divorce\/questions\/non-respect-de-la-residence-alternee\/#breadcrumb"},"inLanguage":"fr-FR","potentialAction":[{"@type":"ReadAction","target":["https:\/\/avocat-gc.com\/divorce\/questions\/non-respect-de-la-residence-alternee\/"]}]},{"@type":"BreadcrumbList","@id":"https:\/\/avocat-gc.com\/divorce\/questions\/non-respect-de-la-residence-alternee\/#breadcrumb","itemListElement":[{"@type":"ListItem","position":1,"name":"Accueil","item":"https:\/\/avocat-gc.com\/divorce\/"},{"@type":"ListItem","position":2,"name":"Non respect de la r\u00e9sidence altern\u00e9e"}]},{"@type":"WebSite","@id":"https:\/\/avocat-gc.com\/divorce\/#website","url":"https:\/\/avocat-gc.com\/divorce\/","name":"Avocat GC - Avocat Divorce","description":"","publisher":{"@id":"https:\/\/avocat-gc.com\/divorce\/#organization"},"potentialAction":[{"@type":"SearchAction","target":{"@type":"EntryPoint","urlTemplate":"https:\/\/avocat-gc.com\/divorce\/?s={search_term_string}"},"query-input":{"@type":"PropertyValueSpecification","valueRequired":true,"valueName":"search_term_string"}}],"inLanguage":"fr-FR"},{"@type":"Organization","@id":"https:\/\/avocat-gc.com\/divorce\/#organization","name":"Avocat GC - Avocat Divorce","url":"https:\/\/avocat-gc.com\/divorce\/","logo":{"@type":"ImageObject","inLanguage":"fr-FR","@id":"https:\/\/avocat-gc.com\/divorce\/#\/schema\/logo\/image\/","url":"https:\/\/avocat-gc.com\/divorce\/wp-content\/uploads\/2024\/04\/cropped-Sans-titre.png","contentUrl":"https:\/\/avocat-gc.com\/divorce\/wp-content\/uploads\/2024\/04\/cropped-Sans-titre.png","width":200,"height":180,"caption":"Avocat GC - Avocat Divorce"},"image":{"@id":"https:\/\/avocat-gc.com\/divorce\/#\/schema\/logo\/image\/"}}]}},"_links":{"self":[{"href":"https:\/\/avocat-gc.com\/divorce\/wp-json\/wp\/v2\/question\/12134","targetHints":{"allow":["GET"]}}],"collection":[{"href":"https:\/\/avocat-gc.com\/divorce\/wp-json\/wp\/v2\/question"}],"about":[{"href":"https:\/\/avocat-gc.com\/divorce\/wp-json\/wp\/v2\/types\/question"}],"wp:attachment":[{"href":"https:\/\/avocat-gc.com\/divorce\/wp-json\/wp\/v2\/media?parent=12134"}],"wp:term":[{"taxonomy":"tag-questions","embeddable":true,"href":"https:\/\/avocat-gc.com\/divorce\/wp-json\/wp\/v2\/tag-questions?post=12134"}],"curies":[{"name":"wp","href":"https:\/\/api.w.org\/{rel}","templated":true}]}}

Non respect de la résidence alternée

<p>Bonjour<br />
Je suis divorcée depuis mars 2016 avec une ordonnance de séparation datant de janvier 2015.<br />
Mon fils vit avec moi. Son père l’a un week-end sur deux et la moitié des vacances. Il doit venir le chercher après l’ecole et le raccompagner chaque dimanche.<br />
Pourtant jamais il ne vient le chercher il envoie sa mère chaque vendredi. De plus pendant les vacances il a laissé mon fils chez sa mère pendant plus d’une semaine en étant lui même ailleurs. Les week-ends pû il est sensé avoir son fils il est de nouveau logé chez sa grand mère sans que son père ne soit là.<br />
Je sais également que ça se passe très entre mon fils et sa nouvelle compagne (pipi au lit, interdiction de sortir de sa chambre avant 9h, de faire du bruit avant 11h&#8230;).<br />
Il ne me communique d’ailleurs pas sa nouvelle adresse.<br />
Il verse la pension correctement mais n’a jamais fait de revalorisation<br />
Bref ai-je un recours ? Cette situation est elle normale ? Ou contraire au jugement ?<br />
Merci de votre réponse<br />
Cordialement</p>

<p>Bonjour Je suis divorcée depuis mars 2016 avec une ordonnance de séparation datant de janvier 2015. Mon fils vit avec moi. Son père l’a un week-end sur deux et la moitié des vacances. Il doit venir le chercher après l’ecole et le raccompagner chaque dimanche. Pourtant jamais il ne vient le chercher il envoie sa [&hellip;]</p>

<!-- This site is optimized with the Yoast SEO plugin v27.5 - https://yoast.com/product/yoast-seo-wordpress/ -->
<title>Non respect de la résidence alternée &#8211; Avocat GC - Avocat Divorce</title>
<meta name="robots" content="index, follow, max-snippet:-1, max-image-preview:large, max-video-preview:-1" />
<link rel="canonical" href="https://avocat-gc.com/divorce/questions/non-respect-de-la-residence-alternee/" />
<meta property="og:locale" content="fr_FR" />
<meta property="og:type" content="article" />
<meta property="og:title" content="Non respect de la résidence alternée &#8211; Avocat GC - Avocat Divorce" />
<meta property="og:description" content="Bonjour Je suis divorcée depuis mars 2016 avec une ordonnance de séparation datant de janvier 2015. Mon fils vit avec moi. Son père l’a un week-end sur deux et la moitié des vacances. Il doit venir le chercher après l’ecole et le raccompagner chaque dimanche. Pourtant jamais il ne vient le chercher il envoie sa [&hellip;]" />
<meta property="og:url" content="https://avocat-gc.com/divorce/questions/non-respect-de-la-residence-alternee/" />
<meta property="og:site_name" content="Avocat GC - Avocat Divorce" />
<meta property="article:modified_time" content="2024-04-28T10:34:04+00:00" />
<meta name="twitter:card" content="summary_large_image" />
<script type="application/ld+json" class="yoast-schema-graph">{"@context":"https:\/\/schema.org","@graph":[{"@type":"WebPage","@id":"https:\/\/avocat-gc.com\/divorce\/questions\/non-respect-de-la-residence-alternee\/","url":"https:\/\/avocat-gc.com\/divorce\/questions\/non-respect-de-la-residence-alternee\/","name":"Non respect de la résidence alternée &#8211; Avocat GC - Avocat Divorce","isPartOf":{"@id":"https:\/\/avocat-gc.com\/divorce\/#website"},"datePublished":"2024-04-08T12:12:44+00:00","dateModified":"2024-04-28T10:34:04+00:00","breadcrumb":{"@id":"https:\/\/avocat-gc.com\/divorce\/questions\/non-respect-de-la-residence-alternee\/#breadcrumb"},"inLanguage":"fr-FR","potentialAction":[{"@type":"ReadAction","target":["https:\/\/avocat-gc.com\/divorce\/questions\/non-respect-de-la-residence-alternee\/"]}]},{"@type":"BreadcrumbList","@id":"https:\/\/avocat-gc.com\/divorce\/questions\/non-respect-de-la-residence-alternee\/#breadcrumb","itemListElement":[{"@type":"ListItem","position":1,"name":"Accueil","item":"https:\/\/avocat-gc.com\/divorce\/"},{"@type":"ListItem","position":2,"name":"Non respect de la résidence alternée"}]},{"@type":"WebSite","@id":"https:\/\/avocat-gc.com\/divorce\/#website","url":"https:\/\/avocat-gc.com\/divorce\/","name":"Avocat GC - Avocat Divorce","description":"","publisher":{"@id":"https:\/\/avocat-gc.com\/divorce\/#organization"},"potentialAction":[{"@type":"SearchAction","target":{"@type":"EntryPoint","urlTemplate":"https:\/\/avocat-gc.com\/divorce\/?s={search_term_string}"},"query-input":{"@type":"PropertyValueSpecification","valueRequired":true,"valueName":"search_term_string"}}],"inLanguage":"fr-FR"},{"@type":"Organization","@id":"https:\/\/avocat-gc.com\/divorce\/#organization","name":"Avocat GC - Avocat Divorce","url":"https:\/\/avocat-gc.com\/divorce\/","logo":{"@type":"ImageObject","inLanguage":"fr-FR","@id":"https:\/\/avocat-gc.com\/divorce\/#\/schema\/logo\/image\/","url":"https:\/\/avocat-gc.com\/divorce\/wp-content\/uploads\/2024\/04\/cropped-Sans-titre.png","contentUrl":"https:\/\/avocat-gc.com\/divorce\/wp-content\/uploads\/2024\/04\/cropped-Sans-titre.png","width":200,"height":180,"caption":"Avocat GC - Avocat Divorce"},"image":{"@id":"https:\/\/avocat-gc.com\/divorce\/#\/schema\/logo\/image\/"}}]}</script>
<!-- / Yoast SEO plugin. -->

Non respect de la résidence alternée &#8211; Avocat GC - Avocat Divorce

Bonjour Je suis divorcée depuis mars 2016 avec une ordonnance de séparation datant de janvier 2015. Mon fils vit avec moi. Son père l’a un week-end sur deux et la moitié des vacances. Il doit venir le chercher après l’ecole et le raccompagner chaque dimanche. Pourtant jamais il ne vient le chercher il envoie sa [&hellip;]
