{"id":5058,"date":"2024-03-29T15:42:00","date_gmt":"2024-03-29T15:42:00","guid":{"rendered":"https:\/\/avocat-gc.com\/divorce\/separation-de-corps\/"},"modified":"2026-01-12T11:38:39","modified_gmt":"2026-01-12T11:38:39","slug":"separation-de-corps","status":"publish","type":"page","link":"https:\/\/avocat-gc.com\/divorce\/separation-de-corps\/","title":{"rendered":"S\u00e9paration de corps"},"content":{"rendered":"<h2>Votre s\u00e9paration de corps : forfait d\u00e8s 425\u20ac TTC\/\u00e9poux<\/h2>\n<p dir=\"ltr\">La s\u00e9paration de corps permet aux \u00e9poux de vivre s\u00e9par\u00e9ment tout en restant mari\u00e9s.<\/p>\n<p dir=\"ltr\">La proc\u00e9dure de s\u00e9paration de corps est identique \u00e0 celle du divorce \u00e0 l&rsquo;amiable sans juge et prends g\u00e9n\u00e9ralement 1 mois.<\/p>\n<h3 dir=\"ltr\">Comment se d\u00e9roule votre proc\u00e9dure de s\u00e9paration de corps ?<\/h3>\n<p>1\u00e8re \u00e9tape : Contactez le cabinet<\/p>\n<p dir=\"ltr\">Vous me contactez au 01.47.04.25.40\u00a0 ou vous m&rsquo;adressez un email \u00e0 <a href=\"mailto:info@avocat-gc.com\">i<\/a><a href=\"mailto:info@avocat-gc.com\">nfo@avocat-gc.com<\/a> afin de prendre rendez-vous au cabinet.<\/p>\n<p dir=\"ltr\">Lors d&rsquo;un rendez-vous :<\/p>\n<p>\u00a0Je vous expliquerai la proc\u00e9dure de s\u00e9paration de corps et envisagerai ensemble la meilleure strat\u00e9gie \u00e0 adopter et \u00e0 mettre en place.<\/p>\n<p>Je proc\u00e9derai \u00e0 la r\u00e9daction des papiers officiels de la s\u00e9paration de corps que vous signerez sur place.<\/p>\n<p>2\u00e8me \u00e9tape : L&rsquo;enregistrement<\/p>\n<p><span style=\"font-size: revert; color: initial; font-family: -apple-system, BlinkMacSystemFont, 'Segoe UI', Roboto, Oxygen-Sans, Ubuntu, Cantarell, 'Helvetica Neue', sans-serif;\">L&rsquo;acte sous seing priv\u00e9 de s\u00e9paration de corps sera enregistr\u00e9 par mes soins chez le notaire (au m\u00eame titre que s&rsquo;il s&rsquo;agissait d&rsquo;un divorce amiable ).<\/span><\/p>\n<p>3\u00e8me \u00e9tape : Modification des \u00e9tats civils<\/p>\n<p dir=\"ltr\">Je m&rsquo;occuperai des formalit\u00e9s de transcription de votre s\u00e9paration de corps sur votre \u00e9tat-civil<\/p>\n<h3>Quelles sont les cons\u00e9quences de la s\u00e9paration de corps\u00a0?<\/h3>\n<p dir=\"ltr\">Les \u00e9poux sont toujours mari\u00e9s mais sont autoris\u00e9s \u00e0 vivre s\u00e9par\u00e9ment.<\/p>\n<p dir=\"ltr\">La s\u00e9paration de corps suppose la s\u00e9paration des biens entre les \u00e9poux.<\/p>\n<p dir=\"ltr\">Toutes les obligations et cons\u00e9quences issus du mariage subsistent. Ainsi le devoir de fid\u00e9lit\u00e9 et l&rsquo;obligation de secours entre \u00e9poux s\u2019appliquent toujours. La s\u00e9paration de corps suppose que les \u00e9poux sont toujours mari\u00e9s et qu\u2019ils doivent restent fid\u00e8les l\u2019un \u00e0 l\u2019autre. Quant au devoir de secours, il peut donner lieu \u00e0 un versement d&rsquo;une pension alimentaire \u00e0 l&rsquo;\u00e9poux qui serait dans le besoin.<\/p>\n<p dir=\"ltr\">Si l\u2019un des \u00e9poux venait \u00e0 d\u00e9c\u00e9der, l\u2019\u00e9poux survivant conserverait les droits successoraux au m\u00eame titre que s\u2019il n\u2019y avait jamais eu de s\u00e9paration de corps.<\/p>\n<h3 dir=\"ltr\">Que se passe t\u2019il \u00e0 la fin de la s\u00e9paration\u00a0?<\/h3>\n<p dir=\"ltr\">La fin de la s\u00e9paration de corps a lieu soit :<\/p>\n<p>suite \u00e0 un retour des \u00e9poux \u00e0 une vie commune qui doit \u00eatre constat\u00e9e par un notaire ou d\u00e9clar\u00e9e \u00e0 l&rsquo;officier d&rsquo;\u00e9tat civil de la mairie dont d\u00e9pend votre domicile<\/p>\n<p>suite \u00e0 une demande en divorce\u00a0: il y aura lieu de vous rapprocher d\u2019un avocat.<\/p>\n","protected":false},"excerpt":{"rendered":"<p>Votre s\u00e9paration de corps : forfait d\u00e8s 425\u20ac TTC\/\u00e9poux La s\u00e9paration de corps permet aux \u00e9poux de vivre s\u00e9par\u00e9ment tout en restant mari\u00e9s. La proc\u00e9dure de s\u00e9paration de corps est identique \u00e0 celle du divorce \u00e0 l&rsquo;amiable sans juge et prends g\u00e9n\u00e9ralement 1 mois. Comment se d\u00e9roule votre proc\u00e9dure de s\u00e9paration de corps ? 1\u00e8re [&hellip;]<\/p>\n","protected":false},"author":1,"featured_media":14042,"parent":0,"menu_order":0,"comment_status":"closed","ping_status":"closed","template":"","meta":{"_acf_changed":false,"inline_featured_image":false,"footnotes":""},"priorite":[],"class_list":["post-5058","page","type-page","status-publish","has-post-thumbnail","hentry"],"acf":[],"yoast_head":"<!-- This site is optimized with the Yoast SEO plugin v27.3 - https:\/\/yoast.com\/product\/yoast-seo-wordpress\/ -->\n<title>La s\u00e9paration de corps : Forfait \u00e0 partir de 1990\u20ac<\/title>\n<meta name=\"description\" content=\"Quelles sont les cons\u00e9quences de la s\u00e9paration de corps ? Les \u00e9poux sont toujours mari\u00e9s mais sont autoris\u00e9s \u00e0 vivre s\u00e9par\u00e9ment.\" \/>\n<meta name=\"robots\" content=\"index, follow, max-snippet:-1, max-image-preview:large, max-video-preview:-1\" \/>\n<link rel=\"canonical\" href=\"https:\/\/avocat-gc.com\/divorce\/separation-de-corps\/\" \/>\n<meta property=\"og:locale\" content=\"fr_FR\" \/>\n<meta property=\"og:type\" content=\"article\" \/>\n<meta property=\"og:title\" content=\"La s\u00e9paration de corps : Forfait \u00e0 partir de 1990\u20ac\" \/>\n<meta property=\"og:description\" content=\"Quelles sont les cons\u00e9quences de la s\u00e9paration de corps ? Les \u00e9poux sont toujours mari\u00e9s mais sont autoris\u00e9s \u00e0 vivre s\u00e9par\u00e9ment.\" \/>\n<meta property=\"og:url\" content=\"https:\/\/avocat-gc.com\/divorce\/separation-de-corps\/\" \/>\n<meta property=\"og:site_name\" content=\"Avocat GC - Avocat Divorce\" \/>\n<meta property=\"article:modified_time\" content=\"2026-01-12T11:38:39+00:00\" \/>\n<meta property=\"og:image\" content=\"https:\/\/avocat-gc.com\/divorce\/wp-content\/uploads\/2024\/04\/jens-lelie-u0vgcIOQG08-unsplash-scaled.jpg\" \/>\n\t<meta property=\"og:image:width\" content=\"2048\" \/>\n\t<meta property=\"og:image:height\" content=\"1371\" \/>\n\t<meta property=\"og:image:type\" content=\"image\/jpeg\" \/>\n<meta name=\"twitter:card\" content=\"summary_large_image\" \/>\n<script type=\"application\/ld+json\" class=\"yoast-schema-graph\">{\"@context\":\"https:\\\/\\\/schema.org\",\"@graph\":[{\"@type\":\"WebPage\",\"@id\":\"https:\\\/\\\/avocat-gc.com\\\/divorce\\\/separation-de-corps\\\/\",\"url\":\"https:\\\/\\\/avocat-gc.com\\\/divorce\\\/separation-de-corps\\\/\",\"name\":\"La s\u00e9paration de corps : Forfait \u00e0 partir de 1990\u20ac\",\"isPartOf\":{\"@id\":\"https:\\\/\\\/avocat-gc.com\\\/divorce\\\/#website\"},\"primaryImageOfPage\":{\"@id\":\"https:\\\/\\\/avocat-gc.com\\\/divorce\\\/separation-de-corps\\\/#primaryimage\"},\"image\":{\"@id\":\"https:\\\/\\\/avocat-gc.com\\\/divorce\\\/separation-de-corps\\\/#primaryimage\"},\"thumbnailUrl\":\"https:\\\/\\\/avocat-gc.com\\\/divorce\\\/wp-content\\\/uploads\\\/2024\\\/04\\\/jens-lelie-u0vgcIOQG08-unsplash-scaled.jpg\",\"datePublished\":\"2024-03-29T15:42:00+00:00\",\"dateModified\":\"2026-01-12T11:38:39+00:00\",\"description\":\"Quelles sont les cons\u00e9quences de la s\u00e9paration de corps ? Les \u00e9poux sont toujours mari\u00e9s mais sont autoris\u00e9s \u00e0 vivre s\u00e9par\u00e9ment.\",\"breadcrumb\":{\"@id\":\"https:\\\/\\\/avocat-gc.com\\\/divorce\\\/separation-de-corps\\\/#breadcrumb\"},\"inLanguage\":\"fr-FR\",\"potentialAction\":[{\"@type\":\"ReadAction\",\"target\":[\"https:\\\/\\\/avocat-gc.com\\\/divorce\\\/separation-de-corps\\\/\"]}]},{\"@type\":\"ImageObject\",\"inLanguage\":\"fr-FR\",\"@id\":\"https:\\\/\\\/avocat-gc.com\\\/divorce\\\/separation-de-corps\\\/#primaryimage\",\"url\":\"https:\\\/\\\/avocat-gc.com\\\/divorce\\\/wp-content\\\/uploads\\\/2024\\\/04\\\/jens-lelie-u0vgcIOQG08-unsplash-scaled.jpg\",\"contentUrl\":\"https:\\\/\\\/avocat-gc.com\\\/divorce\\\/wp-content\\\/uploads\\\/2024\\\/04\\\/jens-lelie-u0vgcIOQG08-unsplash-scaled.jpg\",\"width\":2048,\"height\":1371},{\"@type\":\"BreadcrumbList\",\"@id\":\"https:\\\/\\\/avocat-gc.com\\\/divorce\\\/separation-de-corps\\\/#breadcrumb\",\"itemListElement\":[{\"@type\":\"ListItem\",\"position\":1,\"name\":\"Accueil\",\"item\":\"https:\\\/\\\/avocat-gc.com\\\/divorce\\\/\"},{\"@type\":\"ListItem\",\"position\":2,\"name\":\"S\u00e9paration de corps\"}]},{\"@type\":\"WebSite\",\"@id\":\"https:\\\/\\\/avocat-gc.com\\\/divorce\\\/#website\",\"url\":\"https:\\\/\\\/avocat-gc.com\\\/divorce\\\/\",\"name\":\"Avocat GC - Avocat Divorce\",\"description\":\"\",\"publisher\":{\"@id\":\"https:\\\/\\\/avocat-gc.com\\\/divorce\\\/#organization\"},\"potentialAction\":[{\"@type\":\"SearchAction\",\"target\":{\"@type\":\"EntryPoint\",\"urlTemplate\":\"https:\\\/\\\/avocat-gc.com\\\/divorce\\\/?s={search_term_string}\"},\"query-input\":{\"@type\":\"PropertyValueSpecification\",\"valueRequired\":true,\"valueName\":\"search_term_string\"}}],\"inLanguage\":\"fr-FR\"},{\"@type\":\"Organization\",\"@id\":\"https:\\\/\\\/avocat-gc.com\\\/divorce\\\/#organization\",\"name\":\"Avocat GC - Avocat Divorce\",\"url\":\"https:\\\/\\\/avocat-gc.com\\\/divorce\\\/\",\"logo\":{\"@type\":\"ImageObject\",\"inLanguage\":\"fr-FR\",\"@id\":\"https:\\\/\\\/avocat-gc.com\\\/divorce\\\/#\\\/schema\\\/logo\\\/image\\\/\",\"url\":\"https:\\\/\\\/avocat-gc.com\\\/divorce\\\/wp-content\\\/uploads\\\/2024\\\/04\\\/cropped-Sans-titre.png\",\"contentUrl\":\"https:\\\/\\\/avocat-gc.com\\\/divorce\\\/wp-content\\\/uploads\\\/2024\\\/04\\\/cropped-Sans-titre.png\",\"width\":200,\"height\":180,\"caption\":\"Avocat GC - Avocat Divorce\"},\"image\":{\"@id\":\"https:\\\/\\\/avocat-gc.com\\\/divorce\\\/#\\\/schema\\\/logo\\\/image\\\/\"}}]}<\/script>\n<!-- \/ Yoast SEO plugin. -->","yoast_head_json":{"title":"La s\u00e9paration de corps : Forfait \u00e0 partir de 1990\u20ac","description":"Quelles sont les cons\u00e9quences de la s\u00e9paration de corps ? Les \u00e9poux sont toujours mari\u00e9s mais sont autoris\u00e9s \u00e0 vivre s\u00e9par\u00e9ment.","robots":{"index":"index","follow":"follow","max-snippet":"max-snippet:-1","max-image-preview":"max-image-preview:large","max-video-preview":"max-video-preview:-1"},"canonical":"https:\/\/avocat-gc.com\/divorce\/separation-de-corps\/","og_locale":"fr_FR","og_type":"article","og_title":"La s\u00e9paration de corps : Forfait \u00e0 partir de 1990\u20ac","og_description":"Quelles sont les cons\u00e9quences de la s\u00e9paration de corps ? Les \u00e9poux sont toujours mari\u00e9s mais sont autoris\u00e9s \u00e0 vivre s\u00e9par\u00e9ment.","og_url":"https:\/\/avocat-gc.com\/divorce\/separation-de-corps\/","og_site_name":"Avocat GC - Avocat Divorce","article_modified_time":"2026-01-12T11:38:39+00:00","og_image":[{"width":2048,"height":1371,"url":"https:\/\/avocat-gc.com\/divorce\/wp-content\/uploads\/2024\/04\/jens-lelie-u0vgcIOQG08-unsplash-scaled.jpg","type":"image\/jpeg"}],"twitter_card":"summary_large_image","schema":{"@context":"https:\/\/schema.org","@graph":[{"@type":"WebPage","@id":"https:\/\/avocat-gc.com\/divorce\/separation-de-corps\/","url":"https:\/\/avocat-gc.com\/divorce\/separation-de-corps\/","name":"La s\u00e9paration de corps : Forfait \u00e0 partir de 1990\u20ac","isPartOf":{"@id":"https:\/\/avocat-gc.com\/divorce\/#website"},"primaryImageOfPage":{"@id":"https:\/\/avocat-gc.com\/divorce\/separation-de-corps\/#primaryimage"},"image":{"@id":"https:\/\/avocat-gc.com\/divorce\/separation-de-corps\/#primaryimage"},"thumbnailUrl":"https:\/\/avocat-gc.com\/divorce\/wp-content\/uploads\/2024\/04\/jens-lelie-u0vgcIOQG08-unsplash-scaled.jpg","datePublished":"2024-03-29T15:42:00+00:00","dateModified":"2026-01-12T11:38:39+00:00","description":"Quelles sont les cons\u00e9quences de la s\u00e9paration de corps ? Les \u00e9poux sont toujours mari\u00e9s mais sont autoris\u00e9s \u00e0 vivre s\u00e9par\u00e9ment.","breadcrumb":{"@id":"https:\/\/avocat-gc.com\/divorce\/separation-de-corps\/#breadcrumb"},"inLanguage":"fr-FR","potentialAction":[{"@type":"ReadAction","target":["https:\/\/avocat-gc.com\/divorce\/separation-de-corps\/"]}]},{"@type":"ImageObject","inLanguage":"fr-FR","@id":"https:\/\/avocat-gc.com\/divorce\/separation-de-corps\/#primaryimage","url":"https:\/\/avocat-gc.com\/divorce\/wp-content\/uploads\/2024\/04\/jens-lelie-u0vgcIOQG08-unsplash-scaled.jpg","contentUrl":"https:\/\/avocat-gc.com\/divorce\/wp-content\/uploads\/2024\/04\/jens-lelie-u0vgcIOQG08-unsplash-scaled.jpg","width":2048,"height":1371},{"@type":"BreadcrumbList","@id":"https:\/\/avocat-gc.com\/divorce\/separation-de-corps\/#breadcrumb","itemListElement":[{"@type":"ListItem","position":1,"name":"Accueil","item":"https:\/\/avocat-gc.com\/divorce\/"},{"@type":"ListItem","position":2,"name":"S\u00e9paration de corps"}]},{"@type":"WebSite","@id":"https:\/\/avocat-gc.com\/divorce\/#website","url":"https:\/\/avocat-gc.com\/divorce\/","name":"Avocat GC - Avocat Divorce","description":"","publisher":{"@id":"https:\/\/avocat-gc.com\/divorce\/#organization"},"potentialAction":[{"@type":"SearchAction","target":{"@type":"EntryPoint","urlTemplate":"https:\/\/avocat-gc.com\/divorce\/?s={search_term_string}"},"query-input":{"@type":"PropertyValueSpecification","valueRequired":true,"valueName":"search_term_string"}}],"inLanguage":"fr-FR"},{"@type":"Organization","@id":"https:\/\/avocat-gc.com\/divorce\/#organization","name":"Avocat GC - Avocat Divorce","url":"https:\/\/avocat-gc.com\/divorce\/","logo":{"@type":"ImageObject","inLanguage":"fr-FR","@id":"https:\/\/avocat-gc.com\/divorce\/#\/schema\/logo\/image\/","url":"https:\/\/avocat-gc.com\/divorce\/wp-content\/uploads\/2024\/04\/cropped-Sans-titre.png","contentUrl":"https:\/\/avocat-gc.com\/divorce\/wp-content\/uploads\/2024\/04\/cropped-Sans-titre.png","width":200,"height":180,"caption":"Avocat GC - Avocat Divorce"},"image":{"@id":"https:\/\/avocat-gc.com\/divorce\/#\/schema\/logo\/image\/"}}]}},"_links":{"self":[{"href":"https:\/\/avocat-gc.com\/divorce\/wp-json\/wp\/v2\/pages\/5058","targetHints":{"allow":["GET"]}}],"collection":[{"href":"https:\/\/avocat-gc.com\/divorce\/wp-json\/wp\/v2\/pages"}],"about":[{"href":"https:\/\/avocat-gc.com\/divorce\/wp-json\/wp\/v2\/types\/page"}],"author":[{"embeddable":true,"href":"https:\/\/avocat-gc.com\/divorce\/wp-json\/wp\/v2\/users\/1"}],"replies":[{"embeddable":true,"href":"https:\/\/avocat-gc.com\/divorce\/wp-json\/wp\/v2\/comments?post=5058"}],"version-history":[{"count":4,"href":"https:\/\/avocat-gc.com\/divorce\/wp-json\/wp\/v2\/pages\/5058\/revisions"}],"predecessor-version":[{"id":16265,"href":"https:\/\/avocat-gc.com\/divorce\/wp-json\/wp\/v2\/pages\/5058\/revisions\/16265"}],"wp:featuredmedia":[{"embeddable":true,"href":"https:\/\/avocat-gc.com\/divorce\/wp-json\/wp\/v2\/media\/14042"}],"wp:attachment":[{"href":"https:\/\/avocat-gc.com\/divorce\/wp-json\/wp\/v2\/media?parent=5058"}],"wp:term":[{"taxonomy":"priorite","embeddable":true,"href":"https:\/\/avocat-gc.com\/divorce\/wp-json\/wp\/v2\/priorite?post=5058"}],"curies":[{"name":"wp","href":"https:\/\/api.w.org\/{rel}","templated":true}]}}