{"id":4998,"date":"2024-03-29T15:41:51","date_gmt":"2024-03-29T15:41:51","guid":{"rendered":"https:\/\/avocat-gc.com\/divorce\/pension-alimentaire-paris-75005\/"},"modified":"2024-03-29T15:41:51","modified_gmt":"2024-03-29T15:41:51","slug":"pension-alimentaire-paris-75005","status":"publish","type":"page","link":"https:\/\/avocat-gc.com\/divorce\/pension-alimentaire-paris-75005\/","title":{"rendered":"Pension Alimentaire \u00e0 Paris 75005"},"content":{"rendered":"<h2>Comment pr\u00e9tendre \u00e0 une pension alimentaire \u00e0 Paris 75005 ?<\/h2>\n<\/p>\n<p class=\"img-left\"><img decoding=\"async\" alt=\"pension alimentaire paris 75005\" title=\"pension alimentaire paris 75005\" width=\"170\" border=\"2\" src=\"\/divorce\/wp-content\/uploads\/2024\/04\/fiche-pratique-juridique-avocat.jpg\" \/><\/p>\n<p align=\"justify\">La pension alimentaire est une somme d&rsquo;argent vers\u00e9e par un parent \u00e0 l&rsquo;autre pour contribuer \u00e0 l&rsquo;entretien et \u00e0 l&rsquo;\u00e9ducation des enfants apr\u00e8s une s\u00e9paration ou un divorce. \u00c0 Paris 75005, comme dans le reste de la France, le montant de la pension alimentaire est fix\u00e9 soit \u00e0 l&rsquo;amiable entre les parents, soit par <a href=\"\/divorce\/definitions\/juge-aux-affaires-familiales\/\" title=\"JAF divorce\" target=\"\" rel=\"noopener\">le juge aux affaires familiales<\/a> en fonction de plusieurs crit\u00e8res, tels que les besoins des enfants, les ressources des parents, le mode de garde, etc. Il existe un simulateur en ligne pour estimer le montant d&rsquo;une pension alimentaire, mais il ne remplace pas la d\u00e9cision du juge.<\/p>\n<p align=\"justify\">\n<\/p>\n<h2>Vous souhaitez divorcer \u00e0 Paris 75005 ? Contactez notre AVOCAT DIVORCE<\/h2>\n<\/p>\n<h2><\/h2>\n<h2> Comment obtenir une pension alimentaire ? <\/h2>\n<p align=\"justify\">Pour obtenir une pension alimentaire \u00e0 Paris 75005, il faut saisir le juge aux affaires familiales du tribunal judiciaire de Paris si les parents sont mari\u00e9s ou pacs\u00e9s, ou du tribunal judiciaire du lieu de r\u00e9sidence de l&rsquo;enfant si les parents sont concubins. Il faut remplir un formulaire de requ\u00eate en fixation ou modification d&rsquo;une pension alimentaire et le d\u00e9poser au greffe du tribunal de Paris avec les pi\u00e8ces justificatives n\u00e9cessaires (avis d&rsquo;imposition, bulletins de salaire, justificatifs de charges, etc.). Le juge convoque ensuite les parents \u00e0 une audience et rend sa d\u00e9cision par ordonnance.<\/p>\n<p align=\"justify\">\n<h2> Trouver un bon Avocat Divorce<\/h2>\n<p align=\"justify\">Si les parents ne sont pas d&rsquo;accord avec le montant fix\u00e9 par le juge ou si l&rsquo;un des parents ne respecte pas<a href=\"https:\/\/avocat-gc.com\/divorce\/articles\/que-faire-si-un-conjoint-refuse-de-verser-la-pension-alimentaire-des-enfants\/#overlay-context=articles\/la-pension-alimentaire-jusqua-quel-age\/\" title=\"avocat pension alimentaire 75005\" target=\"_parent\" rel=\"noopener\"> ses obligations de paiement,<\/a> il est possible de faire appel \u00e0 un Avocat Divorce \u00e0 Paris (75) pour les conseiller et les repr\u00e9senter. Il existe plusieurs moyens de trouver un bon Avocat Divorce \u00e0 Paris 75005, comme par exemple :<\/p>\n<p>Consulter l&rsquo;annuaire des avocats du barreau de Paris sur le site internet de l&rsquo;Ordre des avocats de Paris.<br \/>\nContacter la maison du droit et de la justice de Paris qui propose des consultations gratuites et anonymes avec des avocats b\u00e9n\u00e9voles.<br \/>\nDemander conseil \u00e0 son entourage ou \u00e0 des associations qui peuvent orienter vers des avocats comp\u00e9tents et exp\u00e9riment\u00e9s.<\/p>\n<h2> Que se passe-t&rsquo;il en cas de litige ?<\/h2>\n<p align=\"justify\"><a href=\"\/divorce\/articles\/vrai-ou-faux-la-pension-alimentaire-sarrete-la-majorite-de-lenfant\/\" title=\"pension alimentaire paris 75005\" target=\"\" rel=\"noopener\">La pension alimentaire<\/a> est un droit pour les enfants et un devoir pour les parents. Elle vise \u00e0 garantir le bien-\u00eatre des enfants et \u00e0 pr\u00e9server leur niveau de vie apr\u00e8s la rupture du couple parental. Elle peut \u00eatre r\u00e9vis\u00e9e \u00e0 tout moment en cas de changement de situation des parents ou des enfants. Il est important de respecter les modalit\u00e9s de paiement fix\u00e9es par le juge ou par l&rsquo;accord amiable des parents, car le non-paiement de la pension alimentaire est passible de sanctions p\u00e9nales. En cas de difficult\u00e9 ou de litige, il est conseill\u00e9 de faire appel \u00e0 un <a href=\"\/divorce\/avocat-divorce-10-ans-dexperience\/\" title=\"divorce paris\" target=\"\" rel=\"noopener\">Avocat Divorce \u00e0 Paris (75)<\/a> qui pourra d\u00e9fendre les int\u00e9r\u00eats des parents et des enfants.<\/p>\n<p align=\"justify\">\n","protected":false},"excerpt":{"rendered":"<p>Comment pr\u00e9tendre \u00e0 une pension alimentaire \u00e0 Paris 75005 ? La pension alimentaire est une somme d&rsquo;argent vers\u00e9e par un parent \u00e0 l&rsquo;autre pour contribuer \u00e0 l&rsquo;entretien et \u00e0 l&rsquo;\u00e9ducation des enfants apr\u00e8s une s\u00e9paration ou un divorce. \u00c0 Paris 75005, comme dans le reste de la France, le montant de la pension alimentaire est [&hellip;]<\/p>\n","protected":false},"author":1,"featured_media":0,"parent":0,"menu_order":0,"comment_status":"closed","ping_status":"closed","template":"","meta":{"_acf_changed":false,"inline_featured_image":false,"footnotes":""},"priorite":[],"class_list":["post-4998","page","type-page","status-publish","hentry"],"acf":[],"yoast_head":"<!-- This site is optimized with the Yoast SEO plugin v27.3 - https:\/\/yoast.com\/product\/yoast-seo-wordpress\/ -->\n<title>Pension Alimentaire \u00e0 Paris 75005 - Avocat Divorce<\/title>\n<meta name=\"description\" content=\"Comment pr\u00e9tendre \u00e0 une pension alimentaire lorsqu&#039;on habite \u00e0 Paris 75005 ? Cabinet d&#039;Avocat GC. Divorce amiable - Divorce sans juge \u2013 Divorcez en 1 mois - T\u00e9l : 01.47.04.25.40 . Devis Gratuit &amp; Imm\u00e9diat.\" \/>\n<meta name=\"robots\" content=\"index, follow, max-snippet:-1, max-image-preview:large, max-video-preview:-1\" \/>\n<link rel=\"canonical\" href=\"https:\/\/avocat-gc.com\/divorce\/pension-alimentaire-paris-75005\/\" \/>\n<meta property=\"og:locale\" content=\"fr_FR\" \/>\n<meta property=\"og:type\" content=\"article\" \/>\n<meta property=\"og:title\" content=\"Pension Alimentaire \u00e0 Paris 75005 - Avocat Divorce\" \/>\n<meta property=\"og:description\" content=\"Comment pr\u00e9tendre \u00e0 une pension alimentaire lorsqu&#039;on habite \u00e0 Paris 75005 ? Cabinet d&#039;Avocat GC. Divorce amiable - Divorce sans juge \u2013 Divorcez en 1 mois - T\u00e9l : 01.47.04.25.40 . Devis Gratuit &amp; Imm\u00e9diat.\" \/>\n<meta property=\"og:url\" content=\"https:\/\/avocat-gc.com\/divorce\/pension-alimentaire-paris-75005\/\" \/>\n<meta property=\"og:site_name\" content=\"Avocat GC - Avocat Divorce\" \/>\n<meta name=\"twitter:card\" content=\"summary_large_image\" \/>\n<script type=\"application\/ld+json\" class=\"yoast-schema-graph\">{\"@context\":\"https:\\\/\\\/schema.org\",\"@graph\":[{\"@type\":\"WebPage\",\"@id\":\"https:\\\/\\\/avocat-gc.com\\\/divorce\\\/pension-alimentaire-paris-75005\\\/\",\"url\":\"https:\\\/\\\/avocat-gc.com\\\/divorce\\\/pension-alimentaire-paris-75005\\\/\",\"name\":\"Pension Alimentaire \u00e0 Paris 75005 - Avocat Divorce\",\"isPartOf\":{\"@id\":\"https:\\\/\\\/avocat-gc.com\\\/divorce\\\/#website\"},\"datePublished\":\"2024-03-29T15:41:51+00:00\",\"description\":\"Comment pr\u00e9tendre \u00e0 une pension alimentaire lorsqu'on habite \u00e0 Paris 75005 ? Cabinet d'Avocat GC. Divorce amiable - Divorce sans juge \u2013 Divorcez en 1 mois - T\u00e9l : 01.47.04.25.40 . Devis Gratuit & Imm\u00e9diat.\",\"breadcrumb\":{\"@id\":\"https:\\\/\\\/avocat-gc.com\\\/divorce\\\/pension-alimentaire-paris-75005\\\/#breadcrumb\"},\"inLanguage\":\"fr-FR\",\"potentialAction\":[{\"@type\":\"ReadAction\",\"target\":[\"https:\\\/\\\/avocat-gc.com\\\/divorce\\\/pension-alimentaire-paris-75005\\\/\"]}]},{\"@type\":\"BreadcrumbList\",\"@id\":\"https:\\\/\\\/avocat-gc.com\\\/divorce\\\/pension-alimentaire-paris-75005\\\/#breadcrumb\",\"itemListElement\":[{\"@type\":\"ListItem\",\"position\":1,\"name\":\"Accueil\",\"item\":\"https:\\\/\\\/avocat-gc.com\\\/divorce\\\/\"},{\"@type\":\"ListItem\",\"position\":2,\"name\":\"Pension Alimentaire \u00e0 Paris 75005\"}]},{\"@type\":\"WebSite\",\"@id\":\"https:\\\/\\\/avocat-gc.com\\\/divorce\\\/#website\",\"url\":\"https:\\\/\\\/avocat-gc.com\\\/divorce\\\/\",\"name\":\"Avocat GC - Avocat Divorce\",\"description\":\"\",\"publisher\":{\"@id\":\"https:\\\/\\\/avocat-gc.com\\\/divorce\\\/#organization\"},\"potentialAction\":[{\"@type\":\"SearchAction\",\"target\":{\"@type\":\"EntryPoint\",\"urlTemplate\":\"https:\\\/\\\/avocat-gc.com\\\/divorce\\\/?s={search_term_string}\"},\"query-input\":{\"@type\":\"PropertyValueSpecification\",\"valueRequired\":true,\"valueName\":\"search_term_string\"}}],\"inLanguage\":\"fr-FR\"},{\"@type\":\"Organization\",\"@id\":\"https:\\\/\\\/avocat-gc.com\\\/divorce\\\/#organization\",\"name\":\"Avocat GC - Avocat Divorce\",\"url\":\"https:\\\/\\\/avocat-gc.com\\\/divorce\\\/\",\"logo\":{\"@type\":\"ImageObject\",\"inLanguage\":\"fr-FR\",\"@id\":\"https:\\\/\\\/avocat-gc.com\\\/divorce\\\/#\\\/schema\\\/logo\\\/image\\\/\",\"url\":\"https:\\\/\\\/avocat-gc.com\\\/divorce\\\/wp-content\\\/uploads\\\/2024\\\/04\\\/cropped-Sans-titre.png\",\"contentUrl\":\"https:\\\/\\\/avocat-gc.com\\\/divorce\\\/wp-content\\\/uploads\\\/2024\\\/04\\\/cropped-Sans-titre.png\",\"width\":200,\"height\":180,\"caption\":\"Avocat GC - Avocat Divorce\"},\"image\":{\"@id\":\"https:\\\/\\\/avocat-gc.com\\\/divorce\\\/#\\\/schema\\\/logo\\\/image\\\/\"}}]}<\/script>\n<!-- \/ Yoast SEO plugin. -->","yoast_head_json":{"title":"Pension Alimentaire \u00e0 Paris 75005 - Avocat Divorce","description":"Comment pr\u00e9tendre \u00e0 une pension alimentaire lorsqu'on habite \u00e0 Paris 75005 ? Cabinet d'Avocat GC. Divorce amiable - Divorce sans juge \u2013 Divorcez en 1 mois - T\u00e9l : 01.47.04.25.40 . Devis Gratuit & Imm\u00e9diat.","robots":{"index":"index","follow":"follow","max-snippet":"max-snippet:-1","max-image-preview":"max-image-preview:large","max-video-preview":"max-video-preview:-1"},"canonical":"https:\/\/avocat-gc.com\/divorce\/pension-alimentaire-paris-75005\/","og_locale":"fr_FR","og_type":"article","og_title":"Pension Alimentaire \u00e0 Paris 75005 - Avocat Divorce","og_description":"Comment pr\u00e9tendre \u00e0 une pension alimentaire lorsqu'on habite \u00e0 Paris 75005 ? Cabinet d'Avocat GC. Divorce amiable - Divorce sans juge \u2013 Divorcez en 1 mois - T\u00e9l : 01.47.04.25.40 . Devis Gratuit & Imm\u00e9diat.","og_url":"https:\/\/avocat-gc.com\/divorce\/pension-alimentaire-paris-75005\/","og_site_name":"Avocat GC - Avocat Divorce","twitter_card":"summary_large_image","schema":{"@context":"https:\/\/schema.org","@graph":[{"@type":"WebPage","@id":"https:\/\/avocat-gc.com\/divorce\/pension-alimentaire-paris-75005\/","url":"https:\/\/avocat-gc.com\/divorce\/pension-alimentaire-paris-75005\/","name":"Pension Alimentaire \u00e0 Paris 75005 - Avocat Divorce","isPartOf":{"@id":"https:\/\/avocat-gc.com\/divorce\/#website"},"datePublished":"2024-03-29T15:41:51+00:00","description":"Comment pr\u00e9tendre \u00e0 une pension alimentaire lorsqu'on habite \u00e0 Paris 75005 ? Cabinet d'Avocat GC. Divorce amiable - Divorce sans juge \u2013 Divorcez en 1 mois - T\u00e9l : 01.47.04.25.40 . Devis Gratuit & Imm\u00e9diat.","breadcrumb":{"@id":"https:\/\/avocat-gc.com\/divorce\/pension-alimentaire-paris-75005\/#breadcrumb"},"inLanguage":"fr-FR","potentialAction":[{"@type":"ReadAction","target":["https:\/\/avocat-gc.com\/divorce\/pension-alimentaire-paris-75005\/"]}]},{"@type":"BreadcrumbList","@id":"https:\/\/avocat-gc.com\/divorce\/pension-alimentaire-paris-75005\/#breadcrumb","itemListElement":[{"@type":"ListItem","position":1,"name":"Accueil","item":"https:\/\/avocat-gc.com\/divorce\/"},{"@type":"ListItem","position":2,"name":"Pension Alimentaire \u00e0 Paris 75005"}]},{"@type":"WebSite","@id":"https:\/\/avocat-gc.com\/divorce\/#website","url":"https:\/\/avocat-gc.com\/divorce\/","name":"Avocat GC - Avocat Divorce","description":"","publisher":{"@id":"https:\/\/avocat-gc.com\/divorce\/#organization"},"potentialAction":[{"@type":"SearchAction","target":{"@type":"EntryPoint","urlTemplate":"https:\/\/avocat-gc.com\/divorce\/?s={search_term_string}"},"query-input":{"@type":"PropertyValueSpecification","valueRequired":true,"valueName":"search_term_string"}}],"inLanguage":"fr-FR"},{"@type":"Organization","@id":"https:\/\/avocat-gc.com\/divorce\/#organization","name":"Avocat GC - Avocat Divorce","url":"https:\/\/avocat-gc.com\/divorce\/","logo":{"@type":"ImageObject","inLanguage":"fr-FR","@id":"https:\/\/avocat-gc.com\/divorce\/#\/schema\/logo\/image\/","url":"https:\/\/avocat-gc.com\/divorce\/wp-content\/uploads\/2024\/04\/cropped-Sans-titre.png","contentUrl":"https:\/\/avocat-gc.com\/divorce\/wp-content\/uploads\/2024\/04\/cropped-Sans-titre.png","width":200,"height":180,"caption":"Avocat GC - Avocat Divorce"},"image":{"@id":"https:\/\/avocat-gc.com\/divorce\/#\/schema\/logo\/image\/"}}]}},"_links":{"self":[{"href":"https:\/\/avocat-gc.com\/divorce\/wp-json\/wp\/v2\/pages\/4998","targetHints":{"allow":["GET"]}}],"collection":[{"href":"https:\/\/avocat-gc.com\/divorce\/wp-json\/wp\/v2\/pages"}],"about":[{"href":"https:\/\/avocat-gc.com\/divorce\/wp-json\/wp\/v2\/types\/page"}],"author":[{"embeddable":true,"href":"https:\/\/avocat-gc.com\/divorce\/wp-json\/wp\/v2\/users\/1"}],"replies":[{"embeddable":true,"href":"https:\/\/avocat-gc.com\/divorce\/wp-json\/wp\/v2\/comments?post=4998"}],"version-history":[{"count":0,"href":"https:\/\/avocat-gc.com\/divorce\/wp-json\/wp\/v2\/pages\/4998\/revisions"}],"wp:attachment":[{"href":"https:\/\/avocat-gc.com\/divorce\/wp-json\/wp\/v2\/media?parent=4998"}],"wp:term":[{"taxonomy":"priorite","embeddable":true,"href":"https:\/\/avocat-gc.com\/divorce\/wp-json\/wp\/v2\/priorite?post=4998"}],"curies":[{"name":"wp","href":"https:\/\/api.w.org\/{rel}","templated":true}]}}