{"id":2900,"date":"2024-03-29T15:35:29","date_gmt":"2024-03-29T15:35:29","guid":{"rendered":"https:\/\/avocat-gc.com\/divorce\/divorce-par-consentement-mutuel-economique\/"},"modified":"2024-03-29T15:35:29","modified_gmt":"2024-03-29T15:35:29","slug":"divorce-par-consentement-mutuel-economique","status":"publish","type":"page","link":"https:\/\/avocat-gc.com\/divorce\/divorce-par-consentement-mutuel-economique\/","title":{"rendered":"Le divorce par consentement mutuel : un divorce \u00e9conomique"},"content":{"rendered":"<\/p>\n<h3>4 forfaits pour le divorce par consentement mutuel<\/h3>\n<p align=\"justify\">560\u20ac TTC \u00a0pour le couple (soit 280\u20ac TTC par \u00e9poux), \u00e0 condition que les revenus mensuels du m\u00e9nage n&rsquo;exc\u00e8dent pas 2000\u20ac (Si les revenus du m\u00e9nage exc\u00e8dent 2000\u20ac\/mois : 850\u20ac TTC, soit 425\u20acTTC par \u00e9poux).<br \/>\n\u25ba Si\u00a0vous n\u2019avez ni enfant, ni bien immobilier\u00a0et que\u00a0l\u2019un des deux \u00e9poux r\u00e9side \u00e0 Paris ou\u00a0dans le\u00a075, 92, 93 ou 94<\/p>\n<\/p>\n<p align=\"justify\">950\u20ac TTC\u00a0pour le couple (soit 475\u20ac TTC par \u00e9poux)<br \/>\n\u25baSi\u00a0vous n\u2019avez ni enfant, ni bien immobilier\u00a0en commun et que\u00a0l\u2019un des deux \u00e9poux r\u00e9side dans le\u00a077, 78, 91 ou 95<\/p>\n<\/p>\n<p align=\"justify\">990\u20ac TTC\u00a0pour le couple (soit 495\u20ac TTC par \u00e9poux)<br \/>\n\u25baSi\u00a0vous avez des enfants et\/ou des biens immobiliers\u00a0en commun et que\u00a0l\u2019un des deux \u00e9poux r\u00e9side dans le 75, 92, 93, 94.<\/p>\n<\/p>\n<p align=\"justify\">1290\u20ac TTC\u00a0pour le couple (soit 645\u20ac TTC par \u00e9poux)<br \/>\n\u25baSi les deux \u00e9poux r\u00e9sident dans des\u00a0d\u00e9partements autres que le 75, 92, 93 ou 94.<\/p>\n<\/p>\n<p>N\u2019h\u00e9sitez pas \u00e0 nous appeler au 01.47.04.25.40 pour qu\u2019un avocat puisse r\u00e9pondre \u00e0 toutes vos questions. J&rsquo;INTERVIENS DANS TOUTE LA FRANCE <a href=\"http:\/\/avocat-gc.com\/divorce\/avocat-divorce\/paris\/\" rel=\"nofollow noopener\" title=\"\" target=\"_parent\">Notre cabinet \u00e0 Paris<\/a> : 42 Rue de L\u00fcbeck, 75116 Paris 01 47 04 25 40 \/\/ <a href=\"http:\/\/avocat-gc.com\/divorce\/avocat-divorce\/le-havre\/\" rel=\"nofollow noopener\" title=\"\" target=\"_parent\">Notre cabinet au Havre<\/a>: 1, rue Joseph Morlent 76600 Le Havre &#8211; 02 35 45 31 06<\/p>\n","protected":false},"excerpt":{"rendered":"<p>4 forfaits pour le divorce par consentement mutuel 560\u20ac TTC \u00a0pour le couple (soit 280\u20ac TTC par \u00e9poux), \u00e0 condition que les revenus mensuels du m\u00e9nage n&rsquo;exc\u00e8dent pas 2000\u20ac (Si les revenus du m\u00e9nage exc\u00e8dent 2000\u20ac\/mois : 850\u20ac TTC, soit 425\u20acTTC par \u00e9poux). \u25ba Si\u00a0vous n\u2019avez ni enfant, ni bien immobilier\u00a0et que\u00a0l\u2019un des deux \u00e9poux [&hellip;]<\/p>\n","protected":false},"author":1,"featured_media":0,"parent":0,"menu_order":0,"comment_status":"closed","ping_status":"closed","template":"","meta":{"_acf_changed":false,"inline_featured_image":false,"footnotes":""},"priorite":[],"class_list":["post-2900","page","type-page","status-publish","hentry"],"acf":[],"yoast_head":"<!-- This site is optimized with the Yoast SEO plugin v27.3 - https:\/\/yoast.com\/product\/yoast-seo-wordpress\/ -->\n<title>Le divorce par consentement mutuel : un divorce \u00e9conomique - Avocat Divorce<\/title>\n<meta name=\"robots\" content=\"index, follow, max-snippet:-1, max-image-preview:large, max-video-preview:-1\" \/>\n<link rel=\"canonical\" href=\"https:\/\/avocat-gc.com\/divorce\/divorce-par-consentement-mutuel-economique\/\" \/>\n<meta property=\"og:locale\" content=\"fr_FR\" \/>\n<meta property=\"og:type\" content=\"article\" \/>\n<meta property=\"og:title\" content=\"Le divorce par consentement mutuel : un divorce \u00e9conomique - Avocat Divorce\" \/>\n<meta property=\"og:description\" content=\"4 forfaits pour le divorce par consentement mutuel 560\u20ac TTC \u00a0pour le couple (soit 280\u20ac TTC par \u00e9poux), \u00e0 condition que les revenus mensuels du m\u00e9nage n&rsquo;exc\u00e8dent pas 2000\u20ac (Si les revenus du m\u00e9nage exc\u00e8dent 2000\u20ac\/mois : 850\u20ac TTC, soit 425\u20acTTC par \u00e9poux). \u25ba Si\u00a0vous n\u2019avez ni enfant, ni bien immobilier\u00a0et que\u00a0l\u2019un des deux \u00e9poux [&hellip;]\" \/>\n<meta property=\"og:url\" content=\"https:\/\/avocat-gc.com\/divorce\/divorce-par-consentement-mutuel-economique\/\" \/>\n<meta property=\"og:site_name\" content=\"Avocat GC - Avocat Divorce\" \/>\n<meta name=\"twitter:card\" content=\"summary_large_image\" \/>\n<script type=\"application\/ld+json\" class=\"yoast-schema-graph\">{\"@context\":\"https:\\\/\\\/schema.org\",\"@graph\":[{\"@type\":\"WebPage\",\"@id\":\"https:\\\/\\\/avocat-gc.com\\\/divorce\\\/divorce-par-consentement-mutuel-economique\\\/\",\"url\":\"https:\\\/\\\/avocat-gc.com\\\/divorce\\\/divorce-par-consentement-mutuel-economique\\\/\",\"name\":\"Le divorce par consentement mutuel : un divorce \u00e9conomique - Avocat Divorce\",\"isPartOf\":{\"@id\":\"https:\\\/\\\/avocat-gc.com\\\/divorce\\\/#website\"},\"datePublished\":\"2024-03-29T15:35:29+00:00\",\"breadcrumb\":{\"@id\":\"https:\\\/\\\/avocat-gc.com\\\/divorce\\\/divorce-par-consentement-mutuel-economique\\\/#breadcrumb\"},\"inLanguage\":\"fr-FR\",\"potentialAction\":[{\"@type\":\"ReadAction\",\"target\":[\"https:\\\/\\\/avocat-gc.com\\\/divorce\\\/divorce-par-consentement-mutuel-economique\\\/\"]}]},{\"@type\":\"BreadcrumbList\",\"@id\":\"https:\\\/\\\/avocat-gc.com\\\/divorce\\\/divorce-par-consentement-mutuel-economique\\\/#breadcrumb\",\"itemListElement\":[{\"@type\":\"ListItem\",\"position\":1,\"name\":\"Accueil\",\"item\":\"https:\\\/\\\/avocat-gc.com\\\/divorce\\\/\"},{\"@type\":\"ListItem\",\"position\":2,\"name\":\"Le divorce par consentement mutuel : un divorce \u00e9conomique\"}]},{\"@type\":\"WebSite\",\"@id\":\"https:\\\/\\\/avocat-gc.com\\\/divorce\\\/#website\",\"url\":\"https:\\\/\\\/avocat-gc.com\\\/divorce\\\/\",\"name\":\"Avocat GC - Avocat Divorce\",\"description\":\"\",\"publisher\":{\"@id\":\"https:\\\/\\\/avocat-gc.com\\\/divorce\\\/#organization\"},\"potentialAction\":[{\"@type\":\"SearchAction\",\"target\":{\"@type\":\"EntryPoint\",\"urlTemplate\":\"https:\\\/\\\/avocat-gc.com\\\/divorce\\\/?s={search_term_string}\"},\"query-input\":{\"@type\":\"PropertyValueSpecification\",\"valueRequired\":true,\"valueName\":\"search_term_string\"}}],\"inLanguage\":\"fr-FR\"},{\"@type\":\"Organization\",\"@id\":\"https:\\\/\\\/avocat-gc.com\\\/divorce\\\/#organization\",\"name\":\"Avocat GC - Avocat Divorce\",\"url\":\"https:\\\/\\\/avocat-gc.com\\\/divorce\\\/\",\"logo\":{\"@type\":\"ImageObject\",\"inLanguage\":\"fr-FR\",\"@id\":\"https:\\\/\\\/avocat-gc.com\\\/divorce\\\/#\\\/schema\\\/logo\\\/image\\\/\",\"url\":\"https:\\\/\\\/avocat-gc.com\\\/divorce\\\/wp-content\\\/uploads\\\/2024\\\/04\\\/cropped-Sans-titre.png\",\"contentUrl\":\"https:\\\/\\\/avocat-gc.com\\\/divorce\\\/wp-content\\\/uploads\\\/2024\\\/04\\\/cropped-Sans-titre.png\",\"width\":200,\"height\":180,\"caption\":\"Avocat GC - Avocat Divorce\"},\"image\":{\"@id\":\"https:\\\/\\\/avocat-gc.com\\\/divorce\\\/#\\\/schema\\\/logo\\\/image\\\/\"}}]}<\/script>\n<!-- \/ Yoast SEO plugin. -->","yoast_head_json":{"title":"Le divorce par consentement mutuel : un divorce \u00e9conomique - Avocat Divorce","robots":{"index":"index","follow":"follow","max-snippet":"max-snippet:-1","max-image-preview":"max-image-preview:large","max-video-preview":"max-video-preview:-1"},"canonical":"https:\/\/avocat-gc.com\/divorce\/divorce-par-consentement-mutuel-economique\/","og_locale":"fr_FR","og_type":"article","og_title":"Le divorce par consentement mutuel : un divorce \u00e9conomique - Avocat Divorce","og_description":"4 forfaits pour le divorce par consentement mutuel 560\u20ac TTC \u00a0pour le couple (soit 280\u20ac TTC par \u00e9poux), \u00e0 condition que les revenus mensuels du m\u00e9nage n&rsquo;exc\u00e8dent pas 2000\u20ac (Si les revenus du m\u00e9nage exc\u00e8dent 2000\u20ac\/mois : 850\u20ac TTC, soit 425\u20acTTC par \u00e9poux). \u25ba Si\u00a0vous n\u2019avez ni enfant, ni bien immobilier\u00a0et que\u00a0l\u2019un des deux \u00e9poux [&hellip;]","og_url":"https:\/\/avocat-gc.com\/divorce\/divorce-par-consentement-mutuel-economique\/","og_site_name":"Avocat GC - Avocat Divorce","twitter_card":"summary_large_image","schema":{"@context":"https:\/\/schema.org","@graph":[{"@type":"WebPage","@id":"https:\/\/avocat-gc.com\/divorce\/divorce-par-consentement-mutuel-economique\/","url":"https:\/\/avocat-gc.com\/divorce\/divorce-par-consentement-mutuel-economique\/","name":"Le divorce par consentement mutuel : un divorce \u00e9conomique - Avocat Divorce","isPartOf":{"@id":"https:\/\/avocat-gc.com\/divorce\/#website"},"datePublished":"2024-03-29T15:35:29+00:00","breadcrumb":{"@id":"https:\/\/avocat-gc.com\/divorce\/divorce-par-consentement-mutuel-economique\/#breadcrumb"},"inLanguage":"fr-FR","potentialAction":[{"@type":"ReadAction","target":["https:\/\/avocat-gc.com\/divorce\/divorce-par-consentement-mutuel-economique\/"]}]},{"@type":"BreadcrumbList","@id":"https:\/\/avocat-gc.com\/divorce\/divorce-par-consentement-mutuel-economique\/#breadcrumb","itemListElement":[{"@type":"ListItem","position":1,"name":"Accueil","item":"https:\/\/avocat-gc.com\/divorce\/"},{"@type":"ListItem","position":2,"name":"Le divorce par consentement mutuel : un divorce \u00e9conomique"}]},{"@type":"WebSite","@id":"https:\/\/avocat-gc.com\/divorce\/#website","url":"https:\/\/avocat-gc.com\/divorce\/","name":"Avocat GC - Avocat Divorce","description":"","publisher":{"@id":"https:\/\/avocat-gc.com\/divorce\/#organization"},"potentialAction":[{"@type":"SearchAction","target":{"@type":"EntryPoint","urlTemplate":"https:\/\/avocat-gc.com\/divorce\/?s={search_term_string}"},"query-input":{"@type":"PropertyValueSpecification","valueRequired":true,"valueName":"search_term_string"}}],"inLanguage":"fr-FR"},{"@type":"Organization","@id":"https:\/\/avocat-gc.com\/divorce\/#organization","name":"Avocat GC - Avocat Divorce","url":"https:\/\/avocat-gc.com\/divorce\/","logo":{"@type":"ImageObject","inLanguage":"fr-FR","@id":"https:\/\/avocat-gc.com\/divorce\/#\/schema\/logo\/image\/","url":"https:\/\/avocat-gc.com\/divorce\/wp-content\/uploads\/2024\/04\/cropped-Sans-titre.png","contentUrl":"https:\/\/avocat-gc.com\/divorce\/wp-content\/uploads\/2024\/04\/cropped-Sans-titre.png","width":200,"height":180,"caption":"Avocat GC - Avocat Divorce"},"image":{"@id":"https:\/\/avocat-gc.com\/divorce\/#\/schema\/logo\/image\/"}}]}},"_links":{"self":[{"href":"https:\/\/avocat-gc.com\/divorce\/wp-json\/wp\/v2\/pages\/2900","targetHints":{"allow":["GET"]}}],"collection":[{"href":"https:\/\/avocat-gc.com\/divorce\/wp-json\/wp\/v2\/pages"}],"about":[{"href":"https:\/\/avocat-gc.com\/divorce\/wp-json\/wp\/v2\/types\/page"}],"author":[{"embeddable":true,"href":"https:\/\/avocat-gc.com\/divorce\/wp-json\/wp\/v2\/users\/1"}],"replies":[{"embeddable":true,"href":"https:\/\/avocat-gc.com\/divorce\/wp-json\/wp\/v2\/comments?post=2900"}],"version-history":[{"count":0,"href":"https:\/\/avocat-gc.com\/divorce\/wp-json\/wp\/v2\/pages\/2900\/revisions"}],"wp:attachment":[{"href":"https:\/\/avocat-gc.com\/divorce\/wp-json\/wp\/v2\/media?parent=2900"}],"wp:term":[{"taxonomy":"priorite","embeddable":true,"href":"https:\/\/avocat-gc.com\/divorce\/wp-json\/wp\/v2\/priorite?post=2900"}],"curies":[{"name":"wp","href":"https:\/\/api.w.org\/{rel}","templated":true}]}}