{"id":2898,"date":"2024-03-29T15:35:29","date_gmt":"2024-03-29T15:35:29","guid":{"rendered":"https:\/\/avocat-gc.com\/divorce\/divorce-et-enfants\/"},"modified":"2026-01-12T11:42:48","modified_gmt":"2026-01-12T11:42:48","slug":"divorce-et-enfants","status":"publish","type":"page","link":"https:\/\/avocat-gc.com\/divorce\/divorce-et-enfants\/","title":{"rendered":"Divorce et enfants"},"content":{"rendered":"<h2>Divorce et enfants : il faut tout pr\u00e9voir<\/h2>\n<h3>Autorit\u00e9 parentale :<\/h3>\n<p align=\"justify\">L&rsquo;autorit\u00e9 parentale conf\u00e8re aux parents des droits et met \u00e0 leur charge des devoirs vis-\u00e0-vis de leur enfant mineur. Ces droits et obligations se traduisent de diff\u00e9rentes mani\u00e8res : veiller sur l&rsquo;enfant, sa sant\u00e9, son \u00e9ducation, son patrimoine&#8230; Selon les cas, l&rsquo;autorit\u00e9 parentale peut \u00eatre exerc\u00e9e conjointement (par les 2 parents) ou par un seul parent.Vis-\u00e0-vis de leur enfant, les parents ont un devoir :<br \/>&#8211; de protection et d&rsquo;entretien (veiller sur la s\u00e9curit\u00e9 de leur enfant, contribuer \u00e0 son entretien mat\u00e9riel et moral c&rsquo;est-\u00e0-dire le nourrir, l&rsquo;h\u00e9berger, prendre des d\u00e9cisions m\u00e9dicales, surveiller ses relations et ses d\u00e9placements&#8230;). Chacun des parents doit contribuer \u00e0 l&rsquo;entretien de l&rsquo;enfant en fonction de ses ressources et de celles de l&rsquo;autre parent, et des besoins de l&rsquo;enfant,<br \/>&#8211; d&rsquo;\u00e9ducation (\u00e9ducation intellectuelle, professionnelle, civique&#8230;.). Les parents qui n&rsquo;assurent pas l&rsquo;instruction obligatoire de leur enfant, s&rsquo;exposent \u00e0 des sanctions p\u00e9nales,<br \/>&#8211; et de gestion du patrimoine de leur l&rsquo;enfant (droit d&rsquo;administration et de jouissance).Lorsque les parents sont mari\u00e9s, ils exercent tous deux et en commun<a title=\"d\u00e9finition autorit\u00e9 parentale\" href=\"https:\/\/avocat-gc.com\/divorce\/definitions\/autorite-parentale\/\" target=\"\" rel=\"noopener\"> l\u2019autorit\u00e9 parentale<\/a>. En cas de divorce des parents, l\u2019autorit\u00e9 parentale reste une obligation l\u00e9gale pour les parents. La s\u00e9paration des parents est sans incidence sur les r\u00e8gles de d\u00e9volution de l\u2019exercice de l\u2019autorit\u00e9 parentale. Ainsi, chaque parent doit maintenir des relations personnelles avec l\u2019enfant et respecter les liens de celui-ci avec l\u2019autre enfant. D\u2019une mani\u00e8re g\u00e9n\u00e9rale, il est rappel\u00e9 que l\u2019exercice en commun de l\u2019autorit\u00e9 parentale implique l\u2019information, la discussion et des accords pr\u00e9alables concernant les domaines essentiels de la vie de l\u2019enfant.<\/p>\n<h3>La r\u00e9sidence habituelle de l\u2019enfant :<\/h3>\n<p align=\"justify\">Lorsque la r\u00e9sidence de l\u2019enfant est fix\u00e9e chez un des parents (g\u00e9n\u00e9ralement chez la m\u00e8re), l\u2019autre parent b\u00e9n\u00e9ficie alors un <a title=\"D\u00e9finition droit de visite et d'h\u00e9bergement\" href=\"https:\/\/avocat-gc.com\/divorce\/definitions\/droit-de-visite-et-hebergement\/\" target=\"\" rel=\"noopener\">droit de visite et d\u2019h\u00e9bergement<\/a>. Le parent qui n\u2019a pas le droit de garde, se voit attribuer un droit de visite et d\u2019h\u00e9bergement. Le droit de visite et d\u2019h\u00e9bergement est laiss\u00e9 \u00e0 l&rsquo;appr\u00e9ciation et \u00e0 la libre convenance des parents.Habituellement, le droit de visite et d\u2019h\u00e9bergement se traduisent de la fa\u00e7on suivante :<br \/>&#8211; Le droit \u00ab classique \u00bb : c\u2019est un week-end sur deux et la moiti\u00e9 des vacances scolaires<br \/>&#8211; Le droit \u00ab \u00e9largi \u00bb : c\u2019est en sus du droit classique un mercredi sur deux, ou chaque mercredi, ou trois week-end dans le mois sur quatre, ou des nuits suppl\u00e9mentaires en semaine, ou des soir\u00e9es \u00e0 compter de la sortie des classes jusqu\u2019au d\u00eener, ou des p\u00e9riodes de vacances plus longues, etc\u2026<br \/>&#8211; Le droit restreint aux vacances : en cas d\u2019\u00e9loignement g\u00e9ographique ne permettant pas un droit de visite en semaine et fin de semaine.<br \/>&#8211; Le droit dit \u00ab r\u00e9duit \u00bb : cela peut consister en un droit de visite et d\u2019h\u00e9bergement peu fr\u00e9quent en raison de l\u2019indisponibilit\u00e9 du parent, ou en un droit de visite simple, sans h\u00e9bergement, si le parent ne dispose pas de condition de logement ad\u00e9quat ou que cet h\u00e9bergement ne serait pas conforme \u00e0 l\u2019int\u00e9r\u00eat de l\u2019enfant.La r\u00e9sidence de l\u2019enfant peut \u00e9galement \u00eatre fix\u00e9e en alternance chez les deux parents (en g\u00e9n\u00e9ral une semaine sur deux) mais cela suppose une proximit\u00e9 g\u00e9ographique entre les deux parents et surtout une entente. Aussi, la garde altern\u00e9e r\u00e9sulte souvent d\u2019un divorce amiable. On imagine bien que lors d\u2019un divorce conflictuel, il semble difficile pour les parents de fixer une<a title=\"D\u00e9finition garde altern\u00e9e\" href=\"https:\/\/avocat-gc.com\/divorce\/definitions\/garde-alternee\/\" target=\"\" rel=\"noopener\"> garde altern\u00e9e<\/a> dans la mesure o\u00f9 les parents ne s\u2019entendent pas assez pour pouvoir organiser une garde altern\u00e9e qui sous-entend un contact presque quotidien (organisation pour la scolarit\u00e9 des enfants&#8230;).<\/p>\n<h3>La pension alimentaire<\/h3>\n<p align=\"justify\">Chacun des parents doit contribuer \u00e0 l&rsquo;entretien et \u00e0 l&rsquo;\u00e9ducation des enfants, \u00e0 proportion de ses ressources et des besoins de l&rsquo;enfant. Cette obligation perdure m\u00eame en cas de divorce des parents et peut perdurer apr\u00e8s la majorit\u00e9 de l\u2019enfant si ce dernier continue ses \u00e9tudes. Elle est due tant que l\u2019enfant n\u2019est pas autonome financi\u00e8rement. Lorsque les parents divorcent :<br \/>\u2022 En garde classique :<a title=\"d\u00e9finition pension alimentaire\" href=\"https:\/\/avocat-gc.com\/divorce\/definitions\/pension-alimentaire\/\" target=\"\" rel=\"noopener\"> la pension alimentaire<\/a> est due par le parent qui n\u2019a pas la garde de l\u2019enfant.<br \/>\u2022 Si les parents exercent une garde altern\u00e9e de leur(s) enfant(s), la fixation de la pension alimentaire n\u2019est pas obligatoire dans la mesure o\u00f9, en principe, les parents se partagent, par moiti\u00e9, les frais aff\u00e9rents \u00e0 leur(s) enfant(s).Le Minist\u00e8re de la Justice publie chaque ann\u00e9e une table de r\u00e9f\u00e9rence pour la fixation de la pension alimentaire. La table de r\u00e9f\u00e9rence n\u2019a pas un caract\u00e8re obligatoire, elle a seulement un caract\u00e8re indicatif pour permettre aux parents de se faire une id\u00e9e de la pension alimentaire \u00e9ventuellement due par le parent qui n\u2019a pas la garde de l\u2019enfant. CONCLUSIONS : Dans tous les cas, et conform\u00e9ment aux dispositions de l\u2019article 373-2-13 du Code Civil \u00ab Les dispositions contenues dans la convention (de divorce) homologu\u00e9e ou dans la convention de<a title=\"proc\u00e9dure divorce \u00e0 l'amiable\" href=\"https:\/\/avocat-gc.com\/divorce\/divorce-amiable\/\" target=\"\" rel=\"noopener\"> divorce par consentement mutuel <\/a>prenant la forme d\u2019un acte sous signature priv\u00e9e contresign\u00e9 par avocats d\u00e9pos\u00e9 au rang des minutes d\u2019un notaire ainsi que les d\u00e9cisions relatives \u00e0 l\u2019exercice de l\u2019autorit\u00e9 parentale peuvent \u00eatre modifi\u00e9es ou compl\u00e9t\u00e9es \u00e0 tout moment par le juge, \u00e0 la demande des ou d\u2019un parent ou du minist\u00e8re public, qui peut lui m\u00eame \u00eatre saisi par un tiers, parent ou non \u00bb.<\/p>\n<p><a class=\"btn-page-interne btn-red-zone\" href=\"\/divorce\/pension-alimentaire-enfants\/\">EN SAVOIR + : LA PENSION ALIMENTAIRE<\/a> J&rsquo;INTERVIENS DANS TOUTE LA FRANCE <a title=\"\" href=\"\/divorce\/avocat-divorce\/paris\/\" target=\"_parent\" rel=\"nofollow noopener\">Le cabinet \u00e0 Paris<\/a> : 42 Rue de L\u00fcbeck, 75116 Paris 01 47 04 25 40<\/p>\n\n\n<p><\/p>\n","protected":false},"excerpt":{"rendered":"<p>Divorce et enfants : il faut tout pr\u00e9voir Autorit\u00e9 parentale : L&rsquo;autorit\u00e9 parentale conf\u00e8re aux parents des droits et met \u00e0 leur charge des devoirs vis-\u00e0-vis de leur enfant mineur. Ces droits et obligations se traduisent de diff\u00e9rentes mani\u00e8res : veiller sur l&rsquo;enfant, sa sant\u00e9, son \u00e9ducation, son patrimoine&#8230; Selon les cas, l&rsquo;autorit\u00e9 parentale peut [&hellip;]<\/p>\n","protected":false},"author":1,"featured_media":0,"parent":0,"menu_order":0,"comment_status":"closed","ping_status":"closed","template":"","meta":{"_acf_changed":false,"inline_featured_image":false,"footnotes":""},"priorite":[],"class_list":["post-2898","page","type-page","status-publish","hentry"],"acf":[],"yoast_head":"<!-- This site is optimized with the Yoast SEO plugin v27.4 - https:\/\/yoast.com\/product\/yoast-seo-wordpress\/ -->\n<title>Divorce et enfants - Avocat Divorce<\/title>\n<meta name=\"description\" content=\"Tout conna\u00eetre sur le divorce et la condition des enfants : autorit\u00e9 parentale, droit de garde, droit de visite, pension alimentaire...\" \/>\n<meta name=\"robots\" content=\"index, follow, max-snippet:-1, max-image-preview:large, max-video-preview:-1\" \/>\n<link rel=\"canonical\" href=\"https:\/\/avocat-gc.com\/divorce\/divorce-et-enfants\/\" \/>\n<meta property=\"og:locale\" content=\"fr_FR\" \/>\n<meta property=\"og:type\" content=\"article\" \/>\n<meta property=\"og:title\" content=\"Divorce et enfants - Avocat Divorce\" \/>\n<meta property=\"og:description\" content=\"Tout conna\u00eetre sur le divorce et la condition des enfants : autorit\u00e9 parentale, droit de garde, droit de visite, pension alimentaire...\" \/>\n<meta property=\"og:url\" content=\"https:\/\/avocat-gc.com\/divorce\/divorce-et-enfants\/\" \/>\n<meta property=\"og:site_name\" content=\"Avocat GC - Avocat Divorce\" \/>\n<meta property=\"article:modified_time\" content=\"2026-01-12T11:42:48+00:00\" \/>\n<meta name=\"twitter:card\" content=\"summary_large_image\" \/>\n<script type=\"application\/ld+json\" class=\"yoast-schema-graph\">{\"@context\":\"https:\\\/\\\/schema.org\",\"@graph\":[{\"@type\":\"WebPage\",\"@id\":\"https:\\\/\\\/avocat-gc.com\\\/divorce\\\/divorce-et-enfants\\\/\",\"url\":\"https:\\\/\\\/avocat-gc.com\\\/divorce\\\/divorce-et-enfants\\\/\",\"name\":\"Divorce et enfants - Avocat Divorce\",\"isPartOf\":{\"@id\":\"https:\\\/\\\/avocat-gc.com\\\/divorce\\\/#website\"},\"datePublished\":\"2024-03-29T15:35:29+00:00\",\"dateModified\":\"2026-01-12T11:42:48+00:00\",\"description\":\"Tout conna\u00eetre sur le divorce et la condition des enfants : autorit\u00e9 parentale, droit de garde, droit de visite, pension alimentaire...\",\"breadcrumb\":{\"@id\":\"https:\\\/\\\/avocat-gc.com\\\/divorce\\\/divorce-et-enfants\\\/#breadcrumb\"},\"inLanguage\":\"fr-FR\",\"potentialAction\":[{\"@type\":\"ReadAction\",\"target\":[\"https:\\\/\\\/avocat-gc.com\\\/divorce\\\/divorce-et-enfants\\\/\"]}]},{\"@type\":\"BreadcrumbList\",\"@id\":\"https:\\\/\\\/avocat-gc.com\\\/divorce\\\/divorce-et-enfants\\\/#breadcrumb\",\"itemListElement\":[{\"@type\":\"ListItem\",\"position\":1,\"name\":\"Accueil\",\"item\":\"https:\\\/\\\/avocat-gc.com\\\/divorce\\\/\"},{\"@type\":\"ListItem\",\"position\":2,\"name\":\"Divorce et enfants\"}]},{\"@type\":\"WebSite\",\"@id\":\"https:\\\/\\\/avocat-gc.com\\\/divorce\\\/#website\",\"url\":\"https:\\\/\\\/avocat-gc.com\\\/divorce\\\/\",\"name\":\"Avocat GC - Avocat Divorce\",\"description\":\"\",\"publisher\":{\"@id\":\"https:\\\/\\\/avocat-gc.com\\\/divorce\\\/#organization\"},\"potentialAction\":[{\"@type\":\"SearchAction\",\"target\":{\"@type\":\"EntryPoint\",\"urlTemplate\":\"https:\\\/\\\/avocat-gc.com\\\/divorce\\\/?s={search_term_string}\"},\"query-input\":{\"@type\":\"PropertyValueSpecification\",\"valueRequired\":true,\"valueName\":\"search_term_string\"}}],\"inLanguage\":\"fr-FR\"},{\"@type\":\"Organization\",\"@id\":\"https:\\\/\\\/avocat-gc.com\\\/divorce\\\/#organization\",\"name\":\"Avocat GC - Avocat Divorce\",\"url\":\"https:\\\/\\\/avocat-gc.com\\\/divorce\\\/\",\"logo\":{\"@type\":\"ImageObject\",\"inLanguage\":\"fr-FR\",\"@id\":\"https:\\\/\\\/avocat-gc.com\\\/divorce\\\/#\\\/schema\\\/logo\\\/image\\\/\",\"url\":\"https:\\\/\\\/avocat-gc.com\\\/divorce\\\/wp-content\\\/uploads\\\/2024\\\/04\\\/cropped-Sans-titre.png\",\"contentUrl\":\"https:\\\/\\\/avocat-gc.com\\\/divorce\\\/wp-content\\\/uploads\\\/2024\\\/04\\\/cropped-Sans-titre.png\",\"width\":200,\"height\":180,\"caption\":\"Avocat GC - Avocat Divorce\"},\"image\":{\"@id\":\"https:\\\/\\\/avocat-gc.com\\\/divorce\\\/#\\\/schema\\\/logo\\\/image\\\/\"}}]}<\/script>\n<!-- \/ Yoast SEO plugin. -->","yoast_head_json":{"title":"Divorce et enfants - Avocat Divorce","description":"Tout conna\u00eetre sur le divorce et la condition des enfants : autorit\u00e9 parentale, droit de garde, droit de visite, pension alimentaire...","robots":{"index":"index","follow":"follow","max-snippet":"max-snippet:-1","max-image-preview":"max-image-preview:large","max-video-preview":"max-video-preview:-1"},"canonical":"https:\/\/avocat-gc.com\/divorce\/divorce-et-enfants\/","og_locale":"fr_FR","og_type":"article","og_title":"Divorce et enfants - Avocat Divorce","og_description":"Tout conna\u00eetre sur le divorce et la condition des enfants : autorit\u00e9 parentale, droit de garde, droit de visite, pension alimentaire...","og_url":"https:\/\/avocat-gc.com\/divorce\/divorce-et-enfants\/","og_site_name":"Avocat GC - Avocat Divorce","article_modified_time":"2026-01-12T11:42:48+00:00","twitter_card":"summary_large_image","schema":{"@context":"https:\/\/schema.org","@graph":[{"@type":"WebPage","@id":"https:\/\/avocat-gc.com\/divorce\/divorce-et-enfants\/","url":"https:\/\/avocat-gc.com\/divorce\/divorce-et-enfants\/","name":"Divorce et enfants - Avocat Divorce","isPartOf":{"@id":"https:\/\/avocat-gc.com\/divorce\/#website"},"datePublished":"2024-03-29T15:35:29+00:00","dateModified":"2026-01-12T11:42:48+00:00","description":"Tout conna\u00eetre sur le divorce et la condition des enfants : autorit\u00e9 parentale, droit de garde, droit de visite, pension alimentaire...","breadcrumb":{"@id":"https:\/\/avocat-gc.com\/divorce\/divorce-et-enfants\/#breadcrumb"},"inLanguage":"fr-FR","potentialAction":[{"@type":"ReadAction","target":["https:\/\/avocat-gc.com\/divorce\/divorce-et-enfants\/"]}]},{"@type":"BreadcrumbList","@id":"https:\/\/avocat-gc.com\/divorce\/divorce-et-enfants\/#breadcrumb","itemListElement":[{"@type":"ListItem","position":1,"name":"Accueil","item":"https:\/\/avocat-gc.com\/divorce\/"},{"@type":"ListItem","position":2,"name":"Divorce et enfants"}]},{"@type":"WebSite","@id":"https:\/\/avocat-gc.com\/divorce\/#website","url":"https:\/\/avocat-gc.com\/divorce\/","name":"Avocat GC - Avocat Divorce","description":"","publisher":{"@id":"https:\/\/avocat-gc.com\/divorce\/#organization"},"potentialAction":[{"@type":"SearchAction","target":{"@type":"EntryPoint","urlTemplate":"https:\/\/avocat-gc.com\/divorce\/?s={search_term_string}"},"query-input":{"@type":"PropertyValueSpecification","valueRequired":true,"valueName":"search_term_string"}}],"inLanguage":"fr-FR"},{"@type":"Organization","@id":"https:\/\/avocat-gc.com\/divorce\/#organization","name":"Avocat GC - Avocat Divorce","url":"https:\/\/avocat-gc.com\/divorce\/","logo":{"@type":"ImageObject","inLanguage":"fr-FR","@id":"https:\/\/avocat-gc.com\/divorce\/#\/schema\/logo\/image\/","url":"https:\/\/avocat-gc.com\/divorce\/wp-content\/uploads\/2024\/04\/cropped-Sans-titre.png","contentUrl":"https:\/\/avocat-gc.com\/divorce\/wp-content\/uploads\/2024\/04\/cropped-Sans-titre.png","width":200,"height":180,"caption":"Avocat GC - Avocat Divorce"},"image":{"@id":"https:\/\/avocat-gc.com\/divorce\/#\/schema\/logo\/image\/"}}]}},"_links":{"self":[{"href":"https:\/\/avocat-gc.com\/divorce\/wp-json\/wp\/v2\/pages\/2898","targetHints":{"allow":["GET"]}}],"collection":[{"href":"https:\/\/avocat-gc.com\/divorce\/wp-json\/wp\/v2\/pages"}],"about":[{"href":"https:\/\/avocat-gc.com\/divorce\/wp-json\/wp\/v2\/types\/page"}],"author":[{"embeddable":true,"href":"https:\/\/avocat-gc.com\/divorce\/wp-json\/wp\/v2\/users\/1"}],"replies":[{"embeddable":true,"href":"https:\/\/avocat-gc.com\/divorce\/wp-json\/wp\/v2\/comments?post=2898"}],"version-history":[{"count":2,"href":"https:\/\/avocat-gc.com\/divorce\/wp-json\/wp\/v2\/pages\/2898\/revisions"}],"predecessor-version":[{"id":16267,"href":"https:\/\/avocat-gc.com\/divorce\/wp-json\/wp\/v2\/pages\/2898\/revisions\/16267"}],"wp:attachment":[{"href":"https:\/\/avocat-gc.com\/divorce\/wp-json\/wp\/v2\/media?parent=2898"}],"wp:term":[{"taxonomy":"priorite","embeddable":true,"href":"https:\/\/avocat-gc.com\/divorce\/wp-json\/wp\/v2\/priorite?post=2898"}],"curies":[{"name":"wp","href":"https:\/\/api.w.org\/{rel}","templated":true}]}}