{"id":2765,"date":"2023-08-04T00:00:00","date_gmt":"2023-08-04T00:00:00","guid":{"rendered":"https:\/\/avocat-gc.com\/divorce\/divorce-amiable-paris-75014\/"},"modified":"2023-08-04T00:00:00","modified_gmt":"2023-08-04T00:00:00","slug":"divorce-amiable-paris-75014","status":"publish","type":"page","link":"https:\/\/avocat-gc.com\/divorce\/divorce-amiable-paris-75014\/","title":{"rendered":"Divorce \u00e0 l&rsquo;amiable &#8211; Paris 14e (75014)"},"content":{"rendered":"<h2> LA PROC\u00c9DURE DU DIVORCE AMIABLE \u00c0 PARIS 14e (75014)<\/h2>\n<p>VOTRE DIVORCE \u00c0 PARIS 14e (75014) &#8211; <a href=\"\/divorce\/avocat-divorce\/paris\/\" title=\"avocat divorce paris\" rel=\"nofollow\">Notre cabinet \u00e0 Paris<\/a> : 42 Rue de L\u00fcbeck, 75116 Paris 01 47 04 25 40 <\/p>\n<\/p>\n<h3>\n\t\tVotre divorce amiable \u00e0 Paris 14e (75014)\u00a0d\u00e8s 425\u20ac TTC par \u00e9poux<\/h3>\n<p align=\"justify\"> Notre cabinet d&rsquo;avocat, exp\u00e9riment\u00e9 en divorce, est comp\u00e9tent pour vous, \u00e0 Paris 14e (75014). La premi\u00e8re \u00e9tape de votre divorce consiste \u00e0 prendre rendez-vous avec notre avocat divorce.\n\t<\/p>\n<p align=\"justify\">\n<p>Contactez-nous pour fixer un rendez-vous : 01 47 04 25 40\u25baR\u00e9daction de la\u00a0<a href=\"\/divorce\/convention-de-divorce\/\" title=\"d\u00e9finition convention de divorce\" target=\"\" rel=\"noopener\">convention de divorce<\/a>\u00a0et enregistrement de votre dossier (ou envoi par courrier \/ email).<br \/>\nSignature de la convention\u25baEnvoi du projet de convention \u00e0 votre domicile en courrier recommand\u00e9 avec accus\u00e9 de r\u00e9ception\u25baSignature du projet de convention dans un d\u00e9lai de 15 jours. \u25baEnregistrement de votre divorce\u25baD\u00e9p\u00f4t de votre convention au <a href=\"\/divorce\/definitions\/rang-des-minutes\/\" title=\"d\u00e9finition divorce rang des minutes notaire\">rang des minutes du notaire<\/a> pour l&rsquo;enregistrement\u25baTranscription de votre divorce sur vos actes d&rsquo;\u00e9tat civil.<br \/>\nLe d\u00e9lai de la proc\u00e9dure d&rsquo;un divorce sans juge est rapide. En g\u00e9n\u00e9ral, un mois suffit pour divorcer.<\/p>\n<p>Vous souhaitez divorcer ? Contactez notre AVOCAT DIVORCE <\/p>\n<h3> Divorce sans juge, les tarifs?<\/h3>\n<p align=\"justify\">Vous d\u00e9sirez engager une <a href=\"\/divorce\/definitions\/procedure\/\" title=\"d\u00e9finition divorce proc\u00e9dure\">proc\u00e9dure de divorce <\/a>par consentement mutuel \u00e0 Paris 14e (75014)\u00a0? Vous pouvez<a href=\"\/divorce\/nos-honoraires\/\" title=\"\" target=\"_parent\" rel=\"noopener\"> consulter nos honoraires<\/a> ou bien nous retourner le devis en ligne ci-dessous afin que nous puissions effectuer une estimation de votre situation<\/p>\n<\/p>\n<p><a class=\"btn-page-interne btn-red-zone\" href=\"\/divorce\/devis-gratuit\/\">DEVIS AVOCAT DIVORCE SANS JUGE &#8211; PARIS 14e  (75014)<\/a><\/p>\n<h3>\tQuestion fr\u00e9quente : comment divorcer rapidement et simplement \u00e0 Paris 14e (75014) ?<\/h3>\n<p class=\"img-left\"><img decoding=\"async\" alt=\"Avocat Divorce Amiable Paris 14e (75014) \" title=\"Avocat Divorce Amiable Paris 14e (75014)\" width=\"170\" border=\"2\" src=\"\/divorce\/wp-content\/uploads\/2024\/04\/avocat-divorce-amiable-paris.jpg\" \/><\/p>\n<p align=\"justify\">Le divorce \u00e0 l\u2019amiable est plus traditionnellement appel\u00e9 divorce par consentement mutuel. C&rsquo;est un <a href=\"\/divorce\/divorce-simple-rapide\/\">divorce facile, rapide <\/a> (le d\u00e9lai est g\u00e9n\u00e9ralement de 1 mois environ) et <a href=\"\/divorce\/nos-honoraires\/\" target=\"_parent\" rel=\"noopener\">\u00e9conomique.<\/a>\u00a0. Il est n\u00e9cessaire que les deux \u00e9poux soient d\u2019accord sur les effets du divorce (montant de la <a href=\"\/divorce\/pension-alimentaire-enfants\/\">pension alimentaire<\/a>, <a href=\"\/divorce\/divorce-et-enfants\/\">enfants<\/a>, domicile, etc.)Lors du rendez-vous, notre avocat vous expliquent toute la proc\u00e9dure de divorce et r\u00e9digent avec vous la convention de divorce, sorte de\u00a0contrat qui va fixer et r\u00e8glementer les modalit\u00e9s de votre divorce. Votre divorce par consentement mutuel reposera sur cet acte.<\/p>\n<h3>Question fr\u00e9quente : quel est le d\u00e9lai pour divorcer \u00e0 l&rsquo;amiable \u00e0 Paris 14e (75014) ?<\/h3>\n<p>Le divorce par consentement mutuel est officiel d\u00e8s l&rsquo;enregistrement du divorce par le notaire<br \/>\nLorsque votre dossier est complet, nous vous adressons le projet de convention<br \/>\nUne fois le projet envoy\u00e9, le d\u00e9lai est g\u00e9n\u00e9ralement entre 1 et 3 mois<br \/>\nVotre divorce par consentement mutuel est <a href=\"\/divorce\/tiers\/\" title=\"avocat divorce consentement\">opposable aux tiers<\/a> lorsqu\u2019il est transcrit sur votre \u00e9tat civil.<br \/>\nNotre cabinet s\u2019occupe de toutes les formalit\u00e9s de transcription.<\/p>\n<h3>Question fr\u00e9quente : que se passe t&rsquo;il apr\u00e8s le rendez-vous ?<\/h3>\n<p>Vous recevez, \u00e0 domicile, le projet de convention pour signature dans un d\u00e9lai de 15 jours .\u00a0<br \/>\nApr\u00e8s signature, la <a href=\"\/divorce\/convention-de-divorce\/\" title=\"avocat divorce convention\">convention de divorce<\/a> est envoy\u00e9e au notaire pour qu&rsquo;il enregistre votre divorce<br \/>\nNous nous occupons ensuite du changement de votre \u00e9tat civil (modification de votre acte de mariage et de votre acte de naissance) : vous n&rsquo;avez plus rien \u00e0 faire.<\/p>\n","protected":false},"excerpt":{"rendered":"<p>LA PROC\u00c9DURE DU DIVORCE AMIABLE \u00c0 PARIS 14e (75014) VOTRE DIVORCE \u00c0 PARIS 14e (75014) &#8211; Notre cabinet \u00e0 Paris : 42 Rue de L\u00fcbeck, 75116 Paris 01 47 04 25 40 Votre divorce amiable \u00e0 Paris 14e (75014)\u00a0d\u00e8s 425\u20ac TTC par \u00e9poux Notre cabinet d&rsquo;avocat, exp\u00e9riment\u00e9 en divorce, est comp\u00e9tent pour vous, \u00e0 Paris [&hellip;]<\/p>\n","protected":false},"author":1,"featured_media":0,"parent":0,"menu_order":0,"comment_status":"closed","ping_status":"closed","template":"","meta":{"_acf_changed":false,"inline_featured_image":false,"footnotes":""},"priorite":[],"class_list":["post-2765","page","type-page","status-publish","hentry"],"acf":[],"yoast_head":"<!-- This site is optimized with the Yoast SEO plugin v27.3 - https:\/\/yoast.com\/product\/yoast-seo-wordpress\/ -->\n<title>Divorce \u00e0 l&#039;amiable - Paris 14e (75014) - Avocat Divorce<\/title>\n<meta name=\"description\" content=\"Divorce \u00e0 l&#039;amiable \u00e0 Paris 14e (75014) - Divorce sans Juge \u00e0 Paris 14e (75014) en 1 mois \u00e0 partir de 425\u20ac TTC. Devis gratuit et imm\u00e9diat pour votre divorce. Cabinet d&#039;Avocats GC \u260e 01.47.04.25.40. Divorce amiable - Divorce sans juge - FRANCE ENTI\u00c8RE\" \/>\n<meta name=\"robots\" content=\"index, follow, max-snippet:-1, max-image-preview:large, max-video-preview:-1\" \/>\n<link rel=\"canonical\" href=\"https:\/\/avocat-gc.com\/divorce\/divorce-amiable-paris-75014\/\" \/>\n<meta property=\"og:locale\" content=\"fr_FR\" \/>\n<meta property=\"og:type\" content=\"article\" \/>\n<meta property=\"og:title\" content=\"Divorce \u00e0 l&#039;amiable - Paris 14e (75014) - Avocat Divorce\" \/>\n<meta property=\"og:description\" content=\"Divorce \u00e0 l&#039;amiable \u00e0 Paris 14e (75014) - Divorce sans Juge \u00e0 Paris 14e (75014) en 1 mois \u00e0 partir de 425\u20ac TTC. Devis gratuit et imm\u00e9diat pour votre divorce. Cabinet d&#039;Avocats GC \u260e 01.47.04.25.40. Divorce amiable - Divorce sans juge - FRANCE ENTI\u00c8RE\" \/>\n<meta property=\"og:url\" content=\"https:\/\/avocat-gc.com\/divorce\/divorce-amiable-paris-75014\/\" \/>\n<meta property=\"og:site_name\" content=\"Avocat GC - Avocat Divorce\" \/>\n<meta name=\"twitter:card\" content=\"summary_large_image\" \/>\n<script type=\"application\/ld+json\" class=\"yoast-schema-graph\">{\"@context\":\"https:\\\/\\\/schema.org\",\"@graph\":[{\"@type\":\"WebPage\",\"@id\":\"https:\\\/\\\/avocat-gc.com\\\/divorce\\\/divorce-amiable-paris-75014\\\/\",\"url\":\"https:\\\/\\\/avocat-gc.com\\\/divorce\\\/divorce-amiable-paris-75014\\\/\",\"name\":\"Divorce \u00e0 l'amiable - Paris 14e (75014) - Avocat Divorce\",\"isPartOf\":{\"@id\":\"https:\\\/\\\/avocat-gc.com\\\/divorce\\\/#website\"},\"datePublished\":\"2023-08-04T00:00:00+00:00\",\"description\":\"Divorce \u00e0 l'amiable \u00e0 Paris 14e (75014) - Divorce sans Juge \u00e0 Paris 14e (75014) en 1 mois \u00e0 partir de 425\u20ac TTC. Devis gratuit et imm\u00e9diat pour votre divorce. Cabinet d'Avocats GC \u260e 01.47.04.25.40. Divorce amiable - Divorce sans juge - FRANCE ENTI\u00c8RE\",\"breadcrumb\":{\"@id\":\"https:\\\/\\\/avocat-gc.com\\\/divorce\\\/divorce-amiable-paris-75014\\\/#breadcrumb\"},\"inLanguage\":\"fr-FR\",\"potentialAction\":[{\"@type\":\"ReadAction\",\"target\":[\"https:\\\/\\\/avocat-gc.com\\\/divorce\\\/divorce-amiable-paris-75014\\\/\"]}]},{\"@type\":\"BreadcrumbList\",\"@id\":\"https:\\\/\\\/avocat-gc.com\\\/divorce\\\/divorce-amiable-paris-75014\\\/#breadcrumb\",\"itemListElement\":[{\"@type\":\"ListItem\",\"position\":1,\"name\":\"Accueil\",\"item\":\"https:\\\/\\\/avocat-gc.com\\\/divorce\\\/\"},{\"@type\":\"ListItem\",\"position\":2,\"name\":\"Divorce \u00e0 l&rsquo;amiable &#8211; Paris 14e (75014)\"}]},{\"@type\":\"WebSite\",\"@id\":\"https:\\\/\\\/avocat-gc.com\\\/divorce\\\/#website\",\"url\":\"https:\\\/\\\/avocat-gc.com\\\/divorce\\\/\",\"name\":\"Avocat GC - Avocat Divorce\",\"description\":\"\",\"publisher\":{\"@id\":\"https:\\\/\\\/avocat-gc.com\\\/divorce\\\/#organization\"},\"potentialAction\":[{\"@type\":\"SearchAction\",\"target\":{\"@type\":\"EntryPoint\",\"urlTemplate\":\"https:\\\/\\\/avocat-gc.com\\\/divorce\\\/?s={search_term_string}\"},\"query-input\":{\"@type\":\"PropertyValueSpecification\",\"valueRequired\":true,\"valueName\":\"search_term_string\"}}],\"inLanguage\":\"fr-FR\"},{\"@type\":\"Organization\",\"@id\":\"https:\\\/\\\/avocat-gc.com\\\/divorce\\\/#organization\",\"name\":\"Avocat GC - Avocat Divorce\",\"url\":\"https:\\\/\\\/avocat-gc.com\\\/divorce\\\/\",\"logo\":{\"@type\":\"ImageObject\",\"inLanguage\":\"fr-FR\",\"@id\":\"https:\\\/\\\/avocat-gc.com\\\/divorce\\\/#\\\/schema\\\/logo\\\/image\\\/\",\"url\":\"https:\\\/\\\/avocat-gc.com\\\/divorce\\\/wp-content\\\/uploads\\\/2024\\\/04\\\/cropped-Sans-titre.png\",\"contentUrl\":\"https:\\\/\\\/avocat-gc.com\\\/divorce\\\/wp-content\\\/uploads\\\/2024\\\/04\\\/cropped-Sans-titre.png\",\"width\":200,\"height\":180,\"caption\":\"Avocat GC - Avocat Divorce\"},\"image\":{\"@id\":\"https:\\\/\\\/avocat-gc.com\\\/divorce\\\/#\\\/schema\\\/logo\\\/image\\\/\"}}]}<\/script>\n<!-- \/ Yoast SEO plugin. -->","yoast_head_json":{"title":"Divorce \u00e0 l'amiable - Paris 14e (75014) - Avocat Divorce","description":"Divorce \u00e0 l'amiable \u00e0 Paris 14e (75014) - Divorce sans Juge \u00e0 Paris 14e (75014) en 1 mois \u00e0 partir de 425\u20ac TTC. Devis gratuit et imm\u00e9diat pour votre divorce. Cabinet d'Avocats GC \u260e 01.47.04.25.40. Divorce amiable - Divorce sans juge - FRANCE ENTI\u00c8RE","robots":{"index":"index","follow":"follow","max-snippet":"max-snippet:-1","max-image-preview":"max-image-preview:large","max-video-preview":"max-video-preview:-1"},"canonical":"https:\/\/avocat-gc.com\/divorce\/divorce-amiable-paris-75014\/","og_locale":"fr_FR","og_type":"article","og_title":"Divorce \u00e0 l'amiable - Paris 14e (75014) - Avocat Divorce","og_description":"Divorce \u00e0 l'amiable \u00e0 Paris 14e (75014) - Divorce sans Juge \u00e0 Paris 14e (75014) en 1 mois \u00e0 partir de 425\u20ac TTC. Devis gratuit et imm\u00e9diat pour votre divorce. Cabinet d'Avocats GC \u260e 01.47.04.25.40. Divorce amiable - Divorce sans juge - FRANCE ENTI\u00c8RE","og_url":"https:\/\/avocat-gc.com\/divorce\/divorce-amiable-paris-75014\/","og_site_name":"Avocat GC - Avocat Divorce","twitter_card":"summary_large_image","schema":{"@context":"https:\/\/schema.org","@graph":[{"@type":"WebPage","@id":"https:\/\/avocat-gc.com\/divorce\/divorce-amiable-paris-75014\/","url":"https:\/\/avocat-gc.com\/divorce\/divorce-amiable-paris-75014\/","name":"Divorce \u00e0 l'amiable - Paris 14e (75014) - Avocat Divorce","isPartOf":{"@id":"https:\/\/avocat-gc.com\/divorce\/#website"},"datePublished":"2023-08-04T00:00:00+00:00","description":"Divorce \u00e0 l'amiable \u00e0 Paris 14e (75014) - Divorce sans Juge \u00e0 Paris 14e (75014) en 1 mois \u00e0 partir de 425\u20ac TTC. Devis gratuit et imm\u00e9diat pour votre divorce. Cabinet d'Avocats GC \u260e 01.47.04.25.40. Divorce amiable - Divorce sans juge - FRANCE ENTI\u00c8RE","breadcrumb":{"@id":"https:\/\/avocat-gc.com\/divorce\/divorce-amiable-paris-75014\/#breadcrumb"},"inLanguage":"fr-FR","potentialAction":[{"@type":"ReadAction","target":["https:\/\/avocat-gc.com\/divorce\/divorce-amiable-paris-75014\/"]}]},{"@type":"BreadcrumbList","@id":"https:\/\/avocat-gc.com\/divorce\/divorce-amiable-paris-75014\/#breadcrumb","itemListElement":[{"@type":"ListItem","position":1,"name":"Accueil","item":"https:\/\/avocat-gc.com\/divorce\/"},{"@type":"ListItem","position":2,"name":"Divorce \u00e0 l&rsquo;amiable &#8211; Paris 14e (75014)"}]},{"@type":"WebSite","@id":"https:\/\/avocat-gc.com\/divorce\/#website","url":"https:\/\/avocat-gc.com\/divorce\/","name":"Avocat GC - Avocat Divorce","description":"","publisher":{"@id":"https:\/\/avocat-gc.com\/divorce\/#organization"},"potentialAction":[{"@type":"SearchAction","target":{"@type":"EntryPoint","urlTemplate":"https:\/\/avocat-gc.com\/divorce\/?s={search_term_string}"},"query-input":{"@type":"PropertyValueSpecification","valueRequired":true,"valueName":"search_term_string"}}],"inLanguage":"fr-FR"},{"@type":"Organization","@id":"https:\/\/avocat-gc.com\/divorce\/#organization","name":"Avocat GC - Avocat Divorce","url":"https:\/\/avocat-gc.com\/divorce\/","logo":{"@type":"ImageObject","inLanguage":"fr-FR","@id":"https:\/\/avocat-gc.com\/divorce\/#\/schema\/logo\/image\/","url":"https:\/\/avocat-gc.com\/divorce\/wp-content\/uploads\/2024\/04\/cropped-Sans-titre.png","contentUrl":"https:\/\/avocat-gc.com\/divorce\/wp-content\/uploads\/2024\/04\/cropped-Sans-titre.png","width":200,"height":180,"caption":"Avocat GC - Avocat Divorce"},"image":{"@id":"https:\/\/avocat-gc.com\/divorce\/#\/schema\/logo\/image\/"}}]}},"_links":{"self":[{"href":"https:\/\/avocat-gc.com\/divorce\/wp-json\/wp\/v2\/pages\/2765","targetHints":{"allow":["GET"]}}],"collection":[{"href":"https:\/\/avocat-gc.com\/divorce\/wp-json\/wp\/v2\/pages"}],"about":[{"href":"https:\/\/avocat-gc.com\/divorce\/wp-json\/wp\/v2\/types\/page"}],"author":[{"embeddable":true,"href":"https:\/\/avocat-gc.com\/divorce\/wp-json\/wp\/v2\/users\/1"}],"replies":[{"embeddable":true,"href":"https:\/\/avocat-gc.com\/divorce\/wp-json\/wp\/v2\/comments?post=2765"}],"version-history":[{"count":0,"href":"https:\/\/avocat-gc.com\/divorce\/wp-json\/wp\/v2\/pages\/2765\/revisions"}],"wp:attachment":[{"href":"https:\/\/avocat-gc.com\/divorce\/wp-json\/wp\/v2\/media?parent=2765"}],"wp:term":[{"taxonomy":"priorite","embeddable":true,"href":"https:\/\/avocat-gc.com\/divorce\/wp-json\/wp\/v2\/priorite?post=2765"}],"curies":[{"name":"wp","href":"https:\/\/api.w.org\/{rel}","templated":true}]}}