{"id":1778,"date":"2024-03-29T15:33:19","date_gmt":"2024-03-29T15:33:19","guid":{"rendered":"https:\/\/avocat-gc.com\/divorce\/avocat-divorce-sans-juge-bretagne\/"},"modified":"2024-03-29T15:33:19","modified_gmt":"2024-03-29T15:33:19","slug":"avocat-divorce-sans-juge-bretagne","status":"publish","type":"page","link":"https:\/\/avocat-gc.com\/divorce\/avocat-divorce-sans-juge-bretagne\/","title":{"rendered":"Avocat divorce sans juge Bretagne"},"content":{"rendered":"<p><a href=\"\/divorce\/avocat-divorce\/\" rel=\"nofollow noopener\" target=\"_parent\">\u25c4 Retour \u00e0 l&rsquo;annuaire des villes<\/a><\/p>\n<p>Avocat divorce amiable sans juge Bretagne<br \/>\n*\/<\/p>\n<h2>DIVORCEZ SANS JUGE EN BRETAGNE<\/h2>\n<p align=\"justify\">Notre cabinet d&rsquo;avocats, experiment\u00e9\u00a0en divorce, est comp\u00e9tent pour vous divorcer sans juge en Bretagne. Rapide, peu ch\u00e8re, la nouvelle proc\u00e9dure de divorce \u00e0 l&rsquo;amiable permet de divorcer directement aupr\u00e8s de vos avocats, sans audience au Tribunal devant le Juge. Vous souhaitez <a href=\"\/divorce\/divorce-sans-juge\/\" rel=\"nofollow noopener\" title=\"divorce sans juge\" target=\"\">divorcer sans juge<\/a> en Bretagne ? Veuillez cliquer sur votre d\u00e9partement de r\u00e9sidence:\u00a0<\/p>\n<p> <a class=\"button more-question orange\" href=\"\/divorce\/avocat-divorce-sans-juge-morbihan-56\/\">MORBIHAN<\/a>  <a class=\"button more-question orange\" href=\"\/divorce\/avocat-divorce-sans-juge-ille-et-vilaine-35\/\">ILLE-ET-VILAINE<\/a> <a class=\"button more-question orange\" href=\"\/divorce\/avocat-divorce-sans-juge-finistere-29\/\">FINIST\u00c8RE<\/a> <a class=\"button more-question orange\" href=\"\/divorce\/avocat-divorce-sans-juge-cotes-darmor-22\/\">C\u00d4TES-D&rsquo;ARMOR<\/a><br \/>\n( Liste non-exhaustive des villes )<br \/>\nA<br \/>\n<a href=\"\/divorce\/avocat-divorce\/acigne\/\">ACIGN\u00c9<\/a><br \/>\n<a href=\"\/divorce\/avocat-divorce\/arradon\/\">ARRADON<\/a><br \/>\n<a href=\"\/divorce\/avocat-divorce\/auray\/\">AURAY<\/a><\/p>\n<p>B<br \/>\n<a href=\"\/divorce\/avocat-divorce\/bain-de-bretagne\/\">BAIN-DE-BRETAGNE<\/a><br \/>\n<a href=\"\/divorce\/avocat-divorce\/baud\/\">BAUD<\/a><br \/>\n<a href=\"\/divorce\/avocat-divorce\/begard\/\">B\u00c9GARD<\/a><br \/>\n<a href=\"\/divorce\/avocat-divorce\/betton\/\">BETTON<\/a><br \/>\n<a href=\"\/divorce\/avocat-divorce\/brech\/\">BREC&rsquo;H<\/a><br \/>\n<a href=\"\/divorce\/avocat-divorce\/brest\/\">BREST<\/a><br \/>\n<a href=\"\/divorce\/avocat-divorce\/bruz\/\">BRUZ<\/a><\/p>\n<p>C<br \/>\n<a href=\"\/divorce\/avocat-divorce\/cancale\/\">CANCALE<\/a><br \/>\n<a href=\"\/divorce\/avocat-divorce\/carhaix-plouguer\/\">CARHAIX-PLOUGUER<\/a><br \/>\n<a href=\"\/divorce\/avocat-divorce\/carnac\/\">CARNAC<\/a><br \/>\n<a href=\"\/divorce\/avocat-divorce\/cesson-sevigne\/\">CAUDAN<\/a><br \/>\n<a href=\"\/divorce\/avocat-divorce\/cesson-sevigne\/\">CESSON-S\u00c9VIGN\u00c9<\/a><br \/>\n<a href=\"\/divorce\/avocat-divorce\/chantepie\/\">CHANTEPIE<\/a><br \/>\n<a href=\"\/divorce\/avocat-divorce\/chartres-de-bretagne\/\">CHARTRES-DE-BRETAGNE<\/a><br \/>\n<a href=\"\/divorce\/avocat-divorce\/chateaubourg\/\">CH\u00c2TEAUBOURG<\/a><br \/>\n<a href=\"\/divorce\/avocat-divorce\/chateaubourg\/\">CH\u00c2TEAUGIRON<\/a><br \/>\n<a href=\"\/divorce\/avocat-divorce\/chateaulin\/\">CH\u00c2TEAULIN<\/a><br \/>\n<a href=\"\/divorce\/avocat-divorce\/combourg\/\">COMBOURG<\/a><br \/>\n<a href=\"\/divorce\/avocat-divorce\/concarneau\/\">CONCARNEAU<\/a><br \/>\n<a href=\"\/divorce\/avocat-divorce\/crozon\/\">CROZON<\/a><\/p>\n<p>D<br \/>\n<a href=\"\/divorce\/avocat-divorce\/dinan\/\">DINAN<\/a><br \/>\n<a href=\"\/divorce\/avocat-divorce\/dinard\/\">DINARD<\/a><br \/>\n<a href=\"\/divorce\/avocat-divorce\/douarnenez\/\">DOUARNENEZ<\/a><\/p>\n<p>E<br \/>\n<a href=\"\/divorce\/avocat-divorce\/erquy\/\">ERQUY<\/a><br \/>\n<a href=\"\/divorce\/avocat-divorce\/ergue-gaberic\/\">ERGU\u00c9-GAB\u00c9RIC<\/a><\/p>\n<p>F<br \/>\n<a href=\"\/divorce\/avocat-divorce\/fouesnant\/\">FOUESNANT<\/a><br \/>\n<a href=\"\/divorce\/avocat-divorce\/fougeres\/\">FOUG\u00c8RES<\/a><\/p>\n<p>G<br \/>\n<a href=\"\/divorce\/avocat-divorce\/guichen\/\">GUICHEN<\/a><br \/>\n<a href=\"\/divorce\/avocat-divorce\/guingamp\/\">GUINGAMP<\/a><br \/>\n<a href=\"\/divorce\/avocat-divorce\/gouesnou\/\">GOUESNOU<\/a><br \/>\n<a href=\"\/divorce\/avocat-divorce\/guilers\/\">GUILERS<\/a><br \/>\n<a href=\"\/divorce\/avocat-divorce\/guipavas\/\">GUIPAVAS<\/a><br \/>\n<a href=\"\/divorce\/avocat-divorce\/gourin\/\">GOURIN<\/a><br \/>\n<a href=\"\/divorce\/avocat-divorce\/grand-champ\/\">GRAND-CHAMP<\/a><br \/>\n<a href=\"\/divorce\/avocat-divorce\/guer\/\">GUER<\/a><br \/>\n<a href=\"\/divorce\/avocat-divorce\/guidel\/\">GUIDEL<\/a><\/p>\n<p>H<br \/>\n<a href=\"\/divorce\/avocat-divorce\/hennebont\/\">HENNEBONT<\/a><br \/>\n<a href=\"\/divorce\/avocat-divorce\/hillion\/\">HILLION<\/a><\/p>\n<p>I<br \/>\n<a href=\"\/divorce\/avocat-divorce\/inzinzac-lochrist\/\">INZINZAC-LOCHRIST<\/a><\/p>\n<p>J<br \/>\n<a href=\"\/divorce\/avocat-divorce\/janze\/\">JANZ\u00c9<\/a><\/p>\n<p>L<br \/>\n<a href=\"\/divorce\/avocat-divorce\/lamballe\/\">LAMBALLE<\/a><br \/>\n<a href=\"\/divorce\/avocat-divorce\/landerneau\/\">LANDERNEAU<\/a><br \/>\n<a href=\"\/divorce\/avocat-divorce\/landivisiau\/\">LANDIVISIAU<\/a><br \/>\n<a href=\"\/divorce\/avocat-divorce\/lanester\/\">LANESTER<\/a><br \/>\n<a href=\"\/divorce\/avocat-divorce\/langueux\/\">LANGUEUX<\/a><br \/>\n<a href=\"\/divorce\/avocat-divorce\/languidic\/\">LANGUIDIC<\/a><br \/>\n<a href=\"\/divorce\/avocat-divorce\/lannion\/\">LANNION<\/a><br \/>\n<a href=\"\/divorce\/avocat-divorce\/larmor-plage\/\">LARMOR-PLAGE<\/a><br \/>\n<a href=\"\/divorce\/avocat-divorce\/le-relecq-kerhuon\/\">LE RELECQ-KERHUON<\/a><br \/>\n<a href=\"\/divorce\/avocat-divorce\/le-rheu\/\">LE RHEU<\/a><br \/>\n<a href=\"\/divorce\/avocat-divorce\/lesneven\/\">LESNEVEN<\/a><br \/>\n<a href=\"\/divorce\/avocat-divorce\/liffre\/\">LIFFR\u00c9<\/a><br \/>\n<a href=\"\/divorce\/avocat-divorce\/lorient\/\">LORIENT<\/a><br \/>\n<a href=\"\/divorce\/avocat-divorce\/loudeac\/\">LOUD\u00c9AC<\/a><\/p>\n<p>M<br \/>\n<a href=\"\/divorce\/avocat-divorce\/melesse\/\">MELESSE<\/a><br \/>\n<a href=\"\/divorce\/avocat-divorce\/moelan-sur-mer\/\">MO\u00cbLAN-SUR-MER<\/a><br \/>\n<a href=\"\/divorce\/avocat-divorce\/montfort-sur-meu\/\">MONTFORT-SUR-MEU<\/a><br \/>\n<a href=\"\/divorce\/avocat-divorce\/mordelles\/\">MORDELLES<\/a><br \/>\n<a href=\"\/divorce\/avocat-divorce\/morlaix\/\">MORLAIX<\/a><\/p>\n<p>N<br \/>\n<a href=\"\/divorce\/avocat-divorce\/noyal-chatillon-sur-seiche\/\">NOYAL-CH\u00c2TILLON-SUR-SEICHE<\/a><\/p>\n<p>O<\/p>\n<p>P<br \/>\n<a href=\"\/divorce\/avocat-divorce\/pace\/\">PAC\u00c9<\/a><br \/>\n<a href=\"\/divorce\/avocat-divorce\/paimpol\/\">PAIMPOL<\/a><br \/>\n<a href=\"\/divorce\/avocat-divorce\/penmarch\/\">PENMARCH<\/a><br \/>\n<a href=\"\/divorce\/avocat-divorce\/perros-guirec\/\">PERROS-GUIREC<\/a><br \/>\n<a href=\"\/divorce\/avocat-divorce\/plabennec\/\">PLABENNEC<\/a><br \/>\n<a href=\"\/divorce\/avocat-divorce\/plaintel\/\">PLAINTEL<\/a><br \/>\n<a href=\"\/divorce\/avocat-divorce\/pledran\/\">PL\u00c9DRAN<\/a><br \/>\n<a href=\"\/divorce\/avocat-divorce\/pleneuf-val-andre\/\">PL\u00c9NEUF-VAL-ANDR\u00c9<\/a><br \/>\n<a href=\"\/divorce\/avocat-divorce\/plerin\/\">PL\u00c9RIN<\/a><br \/>\n<a href=\"\/divorce\/avocat-divorce\/plestin-les-greves\/\">PLESTIN-LES-GR\u00c8VES<\/a><br \/>\n<a href=\"\/divorce\/avocat-divorce\/pleumeur-bodou\/\">PLEUMEUR-BODOU<\/a><br \/>\n<a href=\"\/divorce\/avocat-divorce\/ploemeur\/\">PLOEMEUR<\/a><br \/>\n<a href=\"\/divorce\/avocat-divorce\/ploermel\/\">PLOERMEL<\/a><br \/>\n<a href=\"\/divorce\/avocat-divorce\/plouay\/\">PLOUAY<\/a><br \/>\n<a href=\"\/divorce\/avocat-divorce\/ploubazlanec\/\">PLOUBAZLANEC<\/a><br \/>\n<a href=\"\/divorce\/avocat-divorce\/plouezec\/\">PLOU\u00c9ZEC<\/a><br \/>\n<a href=\"\/divorce\/avocat-divorce\/ploufragan\/\">PLOUFRAGAN<\/a><br \/>\n<a href=\"\/divorce\/avocat-divorce\/plougastel-daoulas\/\">PLOUGASTEL-DAOULAS<\/a><br \/>\n<a href=\"\/divorce\/avocat-divorce\/plouguerneau\/\">PLOUGUERNEAU<\/a><br \/>\n<a href=\"\/divorce\/avocat-divorce\/plouha\/\">PLOUHA<\/a><br \/>\n<a href=\"\/divorce\/avocat-divorce\/ploumagoar\/\">PLOUMAGOAR<\/a><br \/>\n<a href=\"\/divorce\/avocat-divorce\/plouzane\/\">PLOUZAN\u00c9<\/a><br \/>\n<a href=\"\/divorce\/avocat-divorce\/pluvigner\/\">PLUVIGNER<\/a><br \/>\n<a href=\"\/divorce\/avocat-divorce\/pont-labbe\/\">PONT-LABBE<\/a><br \/>\n<a href=\"\/divorce\/avocat-divorce\/pordic\/\">PORDIC<\/a><\/p>\n<p>Q<br \/>\n<a href=\"\/divorce\/avocat-divorce\/quessoy\/\">QUESSOY<\/a><br \/>\n<a href=\"\/divorce\/avocat-divorce\/questembert\/\">QUESTEMBERT<\/a><br \/>\n<a href=\"\/divorce\/avocat-divorce\/queven\/\">QUEVEN<\/a><br \/>\n<a href=\"\/divorce\/avocat-divorce\/quiberon\/\">QUIB\u00c9RON<\/a><br \/>\n<a href=\"\/divorce\/avocat-divorce\/quimper\/\">QUIMPER<\/a><br \/>\n<a href=\"\/divorce\/avocat-divorce\/quimperle\/\">QUIMPERL\u00c9<\/a><\/p>\n<p>R<br \/>\n<a href=\"\/divorce\/avocat-divorce\/redon\/\">REDON<\/a><br \/>\n<a href=\"\/divorce\/avocat-divorce\/rennes\/\">RENNES<\/a><br \/>\n<a href=\"\/divorce\/avocat-divorce\/riantec\/\">RIANTEC<\/a><br \/>\n<a href=\"\/divorce\/avocat-divorce\/rosporden\/\">ROSPORDEN<\/a><br \/>\n<a href=\"\/divorce\/avocat-divorce\/rostrenen\/\">ROSTRENEN<\/a><\/p>\n<p>S<br \/>\n<a href=\"\/divorce\/avocat-divorce\/saint-ave\/\">SAINT-AV\u00c9<\/a><br \/>\n<a href=\"\/divorce\/avocat-divorce\/saint-brieuc\/\">SAINT-BRIEUC<\/a><br \/>\n<a href=\"\/divorce\/avocat-divorce\/saint-cast-le-guildo\/\">SAINT-CAST-LE-GUILDO<\/a><br \/>\n<a href=\"\/divorce\/avocat-divorce\/saint-gregoire\/\">SAINT-GR\u00c9GOIRE<\/a><br \/>\n<a href=\"\/divorce\/avocat-divorce\/saint-jacques-de-la-lande\/\">SAINT-JACQUES-DE-LA-LANDE<\/a><br \/>\n<a href=\"\/divorce\/avocat-divorce\/saint-malo\/\">SAINT-MALO<\/a><br \/>\n<a href=\"\/divorce\/avocat-divorce\/saint-pol-de-leon\/\">SAINT-POL-DE-L\u00c9ON<\/a><br \/>\n<a href=\"\/divorce\/avocat-divorce\/saint-renan\/\">SAINT-RENAN<\/a><br \/>\n<a href=\"\/divorce\/avocat-divorce\/sarzeau\/\">SARZEAU<\/a><br \/>\n<a href=\"\/divorce\/avocat-divorce\/scaer\/\">SCA\u00cbR<\/a><br \/>\n<a href=\"\/divorce\/avocat-divorce\/sene\/\">S\u00c9N\u00c9<\/a><\/p>\n<p>T<br \/>\n<a href=\"\/divorce\/avocat-divorce\/theix\/\">THEIX<\/a><br \/>\n<a href=\"\/divorce\/avocat-divorce\/thorigne-fouillard\/\">THORIGN\u00c9-FOUILLARD<\/a><br \/>\n<a href=\"\/divorce\/avocat-divorce\/trebeurden\/\">TR\u00c9BEURDEN<\/a><br \/>\n<a href=\"\/divorce\/avocat-divorce\/tregueux\/\">TR\u00c9GUEUX<\/a><br \/>\n<a href=\"\/divorce\/avocat-divorce\/tregunc\/\">TR\u00c9GUNC<\/a><\/p>\n<p>V<br \/>\n<a href=\"\/divorce\/avocat-divorce\/vannes\/\">VANNES<\/a><br \/>\n<a href=\"\/divorce\/avocat-divorce\/vern-sur-seiche\/\">VERN-SUR-SEICHE<\/a><br \/>\n<a href=\"\/divorce\/avocat-divorce\/vitre\/\">VITR\u00c9<\/a><\/p>\n<p>Y<br \/>\n<a href=\"\/divorce\/avocat-divorce\/yffiniac\/\">YFFINIAC<\/a><\/p>\n","protected":false},"excerpt":{"rendered":"<p>\u25c4 Retour \u00e0 l&rsquo;annuaire des villes Avocat divorce amiable sans juge Bretagne *\/ DIVORCEZ SANS JUGE EN BRETAGNE Notre cabinet d&rsquo;avocats, experiment\u00e9\u00a0en divorce, est comp\u00e9tent pour vous divorcer sans juge en Bretagne. Rapide, peu ch\u00e8re, la nouvelle proc\u00e9dure de divorce \u00e0 l&rsquo;amiable permet de divorcer directement aupr\u00e8s de vos avocats, sans audience au Tribunal devant [&hellip;]<\/p>\n","protected":false},"author":1,"featured_media":0,"parent":0,"menu_order":0,"comment_status":"closed","ping_status":"closed","template":"","meta":{"_acf_changed":false,"inline_featured_image":false,"footnotes":""},"priorite":[],"class_list":["post-1778","page","type-page","status-publish","hentry"],"acf":[],"yoast_head":"<!-- This site is optimized with the Yoast SEO plugin v27.6 - https:\/\/yoast.com\/product\/yoast-seo-wordpress\/ -->\n<title>Avocat divorce sans juge Bretagne - Avocat Divorce<\/title>\n<meta name=\"description\" content=\"Pour divorcer sans juge en Bretagne en 1 mois \u00e0 partir de 425\u20ac TTC, Contactez un Avocat divorce au \u260e 01.47.04.25.40 . Recevez un devis gratuit et imm\u00e9diat pour votre divorce. Cabinet Avocat GC. Divorce amiable - Divorce sans juge\" \/>\n<meta name=\"robots\" content=\"index, follow, max-snippet:-1, max-image-preview:large, max-video-preview:-1\" \/>\n<link rel=\"canonical\" href=\"https:\/\/avocat-gc.com\/divorce\/avocat-divorce-sans-juge-bretagne\/\" \/>\n<meta property=\"og:locale\" content=\"fr_FR\" \/>\n<meta property=\"og:type\" content=\"article\" \/>\n<meta property=\"og:title\" content=\"Avocat divorce sans juge Bretagne - Avocat Divorce\" \/>\n<meta property=\"og:description\" content=\"Pour divorcer sans juge en Bretagne en 1 mois \u00e0 partir de 425\u20ac TTC, Contactez un Avocat divorce au \u260e 01.47.04.25.40 . Recevez un devis gratuit et imm\u00e9diat pour votre divorce. Cabinet Avocat GC. Divorce amiable - Divorce sans juge\" \/>\n<meta property=\"og:url\" content=\"https:\/\/avocat-gc.com\/divorce\/avocat-divorce-sans-juge-bretagne\/\" \/>\n<meta property=\"og:site_name\" content=\"Avocat GC - Avocat Divorce\" \/>\n<meta name=\"twitter:card\" content=\"summary_large_image\" \/>\n<script type=\"application\/ld+json\" class=\"yoast-schema-graph\">{\"@context\":\"https:\\\/\\\/schema.org\",\"@graph\":[{\"@type\":\"WebPage\",\"@id\":\"https:\\\/\\\/avocat-gc.com\\\/divorce\\\/avocat-divorce-sans-juge-bretagne\\\/\",\"url\":\"https:\\\/\\\/avocat-gc.com\\\/divorce\\\/avocat-divorce-sans-juge-bretagne\\\/\",\"name\":\"Avocat divorce sans juge Bretagne - Avocat Divorce\",\"isPartOf\":{\"@id\":\"https:\\\/\\\/avocat-gc.com\\\/divorce\\\/#website\"},\"datePublished\":\"2024-03-29T15:33:19+00:00\",\"description\":\"Pour divorcer sans juge en Bretagne en 1 mois \u00e0 partir de 425\u20ac TTC, Contactez un Avocat divorce au \u260e 01.47.04.25.40 . Recevez un devis gratuit et imm\u00e9diat pour votre divorce. Cabinet Avocat GC. Divorce amiable - Divorce sans juge\",\"breadcrumb\":{\"@id\":\"https:\\\/\\\/avocat-gc.com\\\/divorce\\\/avocat-divorce-sans-juge-bretagne\\\/#breadcrumb\"},\"inLanguage\":\"fr-FR\",\"potentialAction\":[{\"@type\":\"ReadAction\",\"target\":[\"https:\\\/\\\/avocat-gc.com\\\/divorce\\\/avocat-divorce-sans-juge-bretagne\\\/\"]}]},{\"@type\":\"BreadcrumbList\",\"@id\":\"https:\\\/\\\/avocat-gc.com\\\/divorce\\\/avocat-divorce-sans-juge-bretagne\\\/#breadcrumb\",\"itemListElement\":[{\"@type\":\"ListItem\",\"position\":1,\"name\":\"Accueil\",\"item\":\"https:\\\/\\\/avocat-gc.com\\\/divorce\\\/\"},{\"@type\":\"ListItem\",\"position\":2,\"name\":\"Avocat divorce sans juge Bretagne\"}]},{\"@type\":\"WebSite\",\"@id\":\"https:\\\/\\\/avocat-gc.com\\\/divorce\\\/#website\",\"url\":\"https:\\\/\\\/avocat-gc.com\\\/divorce\\\/\",\"name\":\"Avocat GC - Avocat Divorce\",\"description\":\"\",\"publisher\":{\"@id\":\"https:\\\/\\\/avocat-gc.com\\\/divorce\\\/#organization\"},\"potentialAction\":[{\"@type\":\"SearchAction\",\"target\":{\"@type\":\"EntryPoint\",\"urlTemplate\":\"https:\\\/\\\/avocat-gc.com\\\/divorce\\\/?s={search_term_string}\"},\"query-input\":{\"@type\":\"PropertyValueSpecification\",\"valueRequired\":true,\"valueName\":\"search_term_string\"}}],\"inLanguage\":\"fr-FR\"},{\"@type\":\"Organization\",\"@id\":\"https:\\\/\\\/avocat-gc.com\\\/divorce\\\/#organization\",\"name\":\"Avocat GC - Avocat Divorce\",\"url\":\"https:\\\/\\\/avocat-gc.com\\\/divorce\\\/\",\"logo\":{\"@type\":\"ImageObject\",\"inLanguage\":\"fr-FR\",\"@id\":\"https:\\\/\\\/avocat-gc.com\\\/divorce\\\/#\\\/schema\\\/logo\\\/image\\\/\",\"url\":\"https:\\\/\\\/avocat-gc.com\\\/divorce\\\/wp-content\\\/uploads\\\/2024\\\/04\\\/cropped-Sans-titre.png\",\"contentUrl\":\"https:\\\/\\\/avocat-gc.com\\\/divorce\\\/wp-content\\\/uploads\\\/2024\\\/04\\\/cropped-Sans-titre.png\",\"width\":200,\"height\":180,\"caption\":\"Avocat GC - Avocat Divorce\"},\"image\":{\"@id\":\"https:\\\/\\\/avocat-gc.com\\\/divorce\\\/#\\\/schema\\\/logo\\\/image\\\/\"}}]}<\/script>\n<!-- \/ Yoast SEO plugin. -->","yoast_head_json":{"title":"Avocat divorce sans juge Bretagne - Avocat Divorce","description":"Pour divorcer sans juge en Bretagne en 1 mois \u00e0 partir de 425\u20ac TTC, Contactez un Avocat divorce au \u260e 01.47.04.25.40 . Recevez un devis gratuit et imm\u00e9diat pour votre divorce. Cabinet Avocat GC. Divorce amiable - Divorce sans juge","robots":{"index":"index","follow":"follow","max-snippet":"max-snippet:-1","max-image-preview":"max-image-preview:large","max-video-preview":"max-video-preview:-1"},"canonical":"https:\/\/avocat-gc.com\/divorce\/avocat-divorce-sans-juge-bretagne\/","og_locale":"fr_FR","og_type":"article","og_title":"Avocat divorce sans juge Bretagne - Avocat Divorce","og_description":"Pour divorcer sans juge en Bretagne en 1 mois \u00e0 partir de 425\u20ac TTC, Contactez un Avocat divorce au \u260e 01.47.04.25.40 . Recevez un devis gratuit et imm\u00e9diat pour votre divorce. Cabinet Avocat GC. Divorce amiable - Divorce sans juge","og_url":"https:\/\/avocat-gc.com\/divorce\/avocat-divorce-sans-juge-bretagne\/","og_site_name":"Avocat GC - Avocat Divorce","twitter_card":"summary_large_image","schema":{"@context":"https:\/\/schema.org","@graph":[{"@type":"WebPage","@id":"https:\/\/avocat-gc.com\/divorce\/avocat-divorce-sans-juge-bretagne\/","url":"https:\/\/avocat-gc.com\/divorce\/avocat-divorce-sans-juge-bretagne\/","name":"Avocat divorce sans juge Bretagne - Avocat Divorce","isPartOf":{"@id":"https:\/\/avocat-gc.com\/divorce\/#website"},"datePublished":"2024-03-29T15:33:19+00:00","description":"Pour divorcer sans juge en Bretagne en 1 mois \u00e0 partir de 425\u20ac TTC, Contactez un Avocat divorce au \u260e 01.47.04.25.40 . Recevez un devis gratuit et imm\u00e9diat pour votre divorce. Cabinet Avocat GC. Divorce amiable - Divorce sans juge","breadcrumb":{"@id":"https:\/\/avocat-gc.com\/divorce\/avocat-divorce-sans-juge-bretagne\/#breadcrumb"},"inLanguage":"fr-FR","potentialAction":[{"@type":"ReadAction","target":["https:\/\/avocat-gc.com\/divorce\/avocat-divorce-sans-juge-bretagne\/"]}]},{"@type":"BreadcrumbList","@id":"https:\/\/avocat-gc.com\/divorce\/avocat-divorce-sans-juge-bretagne\/#breadcrumb","itemListElement":[{"@type":"ListItem","position":1,"name":"Accueil","item":"https:\/\/avocat-gc.com\/divorce\/"},{"@type":"ListItem","position":2,"name":"Avocat divorce sans juge Bretagne"}]},{"@type":"WebSite","@id":"https:\/\/avocat-gc.com\/divorce\/#website","url":"https:\/\/avocat-gc.com\/divorce\/","name":"Avocat GC - Avocat Divorce","description":"","publisher":{"@id":"https:\/\/avocat-gc.com\/divorce\/#organization"},"potentialAction":[{"@type":"SearchAction","target":{"@type":"EntryPoint","urlTemplate":"https:\/\/avocat-gc.com\/divorce\/?s={search_term_string}"},"query-input":{"@type":"PropertyValueSpecification","valueRequired":true,"valueName":"search_term_string"}}],"inLanguage":"fr-FR"},{"@type":"Organization","@id":"https:\/\/avocat-gc.com\/divorce\/#organization","name":"Avocat GC - Avocat Divorce","url":"https:\/\/avocat-gc.com\/divorce\/","logo":{"@type":"ImageObject","inLanguage":"fr-FR","@id":"https:\/\/avocat-gc.com\/divorce\/#\/schema\/logo\/image\/","url":"https:\/\/avocat-gc.com\/divorce\/wp-content\/uploads\/2024\/04\/cropped-Sans-titre.png","contentUrl":"https:\/\/avocat-gc.com\/divorce\/wp-content\/uploads\/2024\/04\/cropped-Sans-titre.png","width":200,"height":180,"caption":"Avocat GC - Avocat Divorce"},"image":{"@id":"https:\/\/avocat-gc.com\/divorce\/#\/schema\/logo\/image\/"}}]}},"_links":{"self":[{"href":"https:\/\/avocat-gc.com\/divorce\/wp-json\/wp\/v2\/pages\/1778","targetHints":{"allow":["GET"]}}],"collection":[{"href":"https:\/\/avocat-gc.com\/divorce\/wp-json\/wp\/v2\/pages"}],"about":[{"href":"https:\/\/avocat-gc.com\/divorce\/wp-json\/wp\/v2\/types\/page"}],"author":[{"embeddable":true,"href":"https:\/\/avocat-gc.com\/divorce\/wp-json\/wp\/v2\/users\/1"}],"replies":[{"embeddable":true,"href":"https:\/\/avocat-gc.com\/divorce\/wp-json\/wp\/v2\/comments?post=1778"}],"version-history":[{"count":0,"href":"https:\/\/avocat-gc.com\/divorce\/wp-json\/wp\/v2\/pages\/1778\/revisions"}],"wp:attachment":[{"href":"https:\/\/avocat-gc.com\/divorce\/wp-json\/wp\/v2\/media?parent=1778"}],"wp:term":[{"taxonomy":"priorite","embeddable":true,"href":"https:\/\/avocat-gc.com\/divorce\/wp-json\/wp\/v2\/priorite?post=1778"}],"curies":[{"name":"wp","href":"https:\/\/api.w.org\/{rel}","templated":true}]}}