{"id":1750,"date":"2024-03-29T15:33:17","date_gmt":"2024-03-29T15:33:17","guid":{"rendered":"https:\/\/avocat-gc.com\/divorce\/avocat-divorce-sans-juge-alpes-maritimes-06\/"},"modified":"2024-03-29T15:33:17","modified_gmt":"2024-03-29T15:33:17","slug":"avocat-divorce-sans-juge-alpes-maritimes-06","status":"publish","type":"page","link":"https:\/\/avocat-gc.com\/divorce\/avocat-divorce-sans-juge-alpes-maritimes-06\/","title":{"rendered":"Avocat Divorce sans juge Alpes-Maritimes (06)"},"content":{"rendered":"<p><a href=\"\/divorce\/avocat-divorce\/\" rel=\"nofollow noopener\" target=\"_parent\">\u25c4 Retour \u00e0 l&rsquo;annuaire des villes<\/a><\/p>\n<p>Avocat Divorce sans juge Alpes-Maritimes (06)<br \/>\n*\/<\/p>\n<h2>VOTRE DIVORCE SANS JUGE DANS LES ALPES-MARITIMES (06)<\/h2>\n<p> J&rsquo;INTERVIENS DANS TOUTE LA FRANCE <a href=\"\/divorce\/avocat-divorce\/paris\/\" rel=\"nofollow noopener\" title=\"\" target=\"_parent\">Notre cabinet \u00e0 Paris<\/a> : 42 Rue de L\u00fcbeck, 75116 Paris 01 47 04 25 40 <\/p>\n<h3>Les \u00e9tapes de votre divorce<\/h3>\n<p class=\"img-right\"><img decoding=\"async\" alt=\"avocat divorce sans juge Alpes-Maritimes (06)\" title=\"avocat divorce sans juge Alpes-Maritimes (06)\" width=\"170\" border=\"2\" src=\"\/divorce\/wp-content\/uploads\/2024\/04\/divorce-consentement-mutuel.png\" \/><\/p>\n<p align=\"justify\">1.  Le rendez-vous : Contactez nous par t\u00e9l\u00e9phone au 01 47 04 25 40 ou par email \u00e0 <a href=\"mailto:info@avocat-gc.com\">info@avocat-gc.com<\/a> afin de fixer un rendez-vous avec notre avocat divorce. Nous sommes comp\u00e9tents pour vous divorcer dans la r\u00e9gion Hauts-de-France, dans le d\u00e9partement dans les Alpes-Maritimes (06). Lors de cet entretien, nous aborderons les points suivants :<\/p>\n<p>Les diff\u00e9rentes \u00e9tapes de votre proc\u00e9dure de divorce<br \/>\n La r\u00e9daction de la convention de divorce<br \/>\nLes diff\u00e9rentes questions li\u00e9es \u00e0 votre divorce.<\/p>\n<p align=\"justify\">2. La signature:\u00a0\u00a0Une fois la convention de divorce r\u00e9dig\u00e9e, nous vous transmettons le projet de convention de divorce pour \u00eatre soumis \u00e0 votre signature dans un d\u00e9lai de 15 jours. Le notaire se chargera, une fois les documents sign\u00e9s, d&rsquo;enregistrer votre divorce Dans certains cas, un divorce devant le Juge est n\u00e9cessaire. L&rsquo;affaire sera alors constitu\u00e9e d&rsquo;une audience devant le Juge aux Affaires Familiales du Tribunal de Grande Instance de Nice situ\u00e9  48 A quai de l&rsquo;Odet CS66031 29327 QUIMPER CEDEX, joignable par t\u00e9l\u00e9phone au 02 98 82 88 00 &#8211; du Tribunal de Grande Instance de Gr\u00e2ce situ\u00e9 32 rue de Denver CS 91948 29219 BREST CEDEX 2, joignable par t\u00e9l\u00e9phone au 02 98 33 78 00<\/p>\n<p align=\"justify\">3 L&rsquo;enregistrement:  Vous n&rsquo;avez plus rien \u00e0 faire ! Nous vous ferons parvenir par voie postale, l&rsquo;attestation d&rsquo;enregistrement de divorce, puis nous nous chargerons de l&rsquo;inscription de votre divorce sur vos actes d&rsquo;\u00e9tat civil. Vous souhaitez divorcer sans juge dans les Alpes-Maritimes (06)? Consultez notre page sp\u00e9ciale divorce sans juge:<\/p>\n<\/p>\n<p><a href=\"\/divorce\/divorce-sans-juge\/\" rel=\"nofollow noopener\" target=\"_parent\">\u25baAVOCAT DIVORCE SANS JUGE<\/a><\/p>\n<h3>Nos honoraires<\/h3>\n<p align=\"justify\">Pour connaitre le tarif d&rsquo;un divorce sans juge dans les Alpes-Maritimes (06) ou pour vous renseigner sur nos honoraires, merci de bien vouloir compl\u00e9ter notre devis en ligne<\/p>\n<\/p>\n<p><a href=\"\/divorce\/avocat-divorce-10-ans-dexperience\/\" rel=\"nofollow noopener\" target=\"_parent\">\u25ba DEVIS: AVOCAT DIVORCE ALPES-MARITIMES<\/a><\/p>\n<h3>Liste des communes d\u00e9pendant du TGI de Grasse et Nice<\/h3>\n<\/p>\n<p>\u25ba<br \/>\nAiglun  06910<br \/>\n\u25baAmirat  06910<br \/>\n\u25baAndon  06750<br \/>\n\u25baAntibes  06600<br \/>\n\u25baAscros  06260<br \/>\n\u25baAspremont  06790<br \/>\n\u25baAuribeau-sur-Siagne  06810<br \/>\n\u25baAuvare  06260<br \/>\n\u25baBairols  06420<br \/>\n\u25baBeaulieu-sur-Mer  06310<br \/>\n\u25baBeausoleil  06240<br \/>\n\u25baBelv\u00e9d\u00e8re  06450<br \/>\n\u25baBendejun  06390<br \/>\n\u25baBerre-les-Alpes  06390<br \/>\n\u25baBeuil  06470<br \/>\n\u25baB\u00e9zaudun-les-Alpes  06510<br \/>\n\u25baBiot  06410<br \/>\n\u25baBlausasc  06440<br \/>\n\u25baBonson  06830<br \/>\n\u25baBouyon  06510<br \/>\n\u25baBreil-sur-Roya  06540<br \/>\n\u25baBrian\u00e7onnet  06850<br \/>\n\u25baCabris  06530<br \/>\n\u25baCagnes-sur-Mer  06800<br \/>\n\u25baCaille  06750<br \/>\n\u25baCannes  06400<br \/>\n\u25baCantaron  06340<br \/>\n\u25baCap-d&rsquo;Ail  06320<br \/>\n\u25baCarros  06510<br \/>\n\u25baCastagniers  06670<br \/>\n\u25baCastellar  06500<br \/>\n\u25baCastillon  06500<br \/>\n\u25baCaussols  06460<br \/>\n\u25baCh\u00e2teauneuf-d&rsquo;Entraunes  06470<br \/>\n\u25baCh\u00e2teauneuf-Grasse  06740<br \/>\n\u25baCh\u00e2teauneuf-Villevieille  06390<br \/>\n\u25baCipi\u00e8res  06620<br \/>\n\u25baClans  06420<br \/>\n\u25baCoaraze  06390<br \/>\n\u25baCollongues  06910<br \/>\n\u25baColomars  06670<br \/>\n\u25baCons\u00e9gudes  06510<br \/>\n\u25baContes  06390<br \/>\n\u25baCourmes  06620<br \/>\n\u25baCoursegoules  06140<br \/>\n\u25baCu\u00e9bris  06910<br \/>\n\u25baDaluis  06470<br \/>\n\u25baDrap  06340<br \/>\n\u25baDuranus  06670<br \/>\n\u25baEntraunes  06470<br \/>\n\u25baEscragnolles  06460<br \/>\n\u25baEze  06360<br \/>\n\u25baFalicon  06950<br \/>\n\u25baFontan  06540<br \/>\n\u25baGars  06850<br \/>\n\u25baGatti\u00e8res  06510<br \/>\n\u25baGilette  06830<br \/>\n\u25baGorbio  06500<br \/>\n\u25baGourdon  06620<br \/>\n\u25baGrasse  06130<br \/>\n\u25baGr\u00e9oli\u00e8res  06620<br \/>\n\u25baGuillaumes  06470<br \/>\n\u25baIlonse  06420<br \/>\n\u25baIsola  06420<br \/>\n\u25baL&rsquo;Escar\u00e8ne  06440<br \/>\n\u25baLa Boll\u00e8ne-V\u00e9subie  06450<br \/>\n\u25baLa Brigue  06430<br \/>\n\u25baLa Colle-sur-Loup  06480<br \/>\n\u25baLa Croix-sur-Roudoule  06260<br \/>\n\u25baLa Gaude  06610<br \/>\n\u25baLa Penne  06260<br \/>\n\u25baLa Roquette-sur-Siagne  06550<br \/>\n\u25baLa Roquette-sur-Var  06670<br \/>\n\u25baLa Tour  06420<br \/>\n\u25baLa Trinit\u00e9  06340<br \/>\n\u25baLa Turbie  06320<br \/>\n\u25baLantosque  06450<br \/>\n\u25baLe Bar-sur-Loup  06620<br \/>\n\u25baLe Broc  06510<br \/>\n\u25baLe Cannet  06110<br \/>\n\u25baLe Mas  06910<br \/>\n\u25baLe Rouret  06650<br \/>\n\u25baLe Tignet  06530<br \/>\n\u25baLes Ferres  06510<br \/>\n\u25baLes Mujouls  06910<br \/>\n\u25baLevens  06670<br \/>\n\u25baLieuche  06260<br \/>\n\u25baLuc\u00e9ram  06440<br \/>\n\u25baMalauss\u00e8ne  06710<br \/>\n\u25baMandelieu-la-Napoule  06210<br \/>\n\u25baMarie  06420<br \/>\n\u25baMassoins  06710<br \/>\n\u25baMenton  06500<br \/>\n\u25baMouans-Sartoux  06370<br \/>\n\u25baMougins  06250<br \/>\n\u25baMoulinet  06380<br \/>\n\u25baNice  06000<br \/>\n\u25baOpio  06650<br \/>\n\u25baP\u00e9gomas  06580<br \/>\n\u25baPeille  06440<br \/>\n\u25baPeillon  06440<br \/>\n\u25baP\u00e9one  06470<br \/>\n\u25baPeymeinade  06530<br \/>\n\u25baPierlas  06260<br \/>\n\u25baPierrefeu  06910<br \/>\n\u25baPuget-Rostang  06260<br \/>\n\u25baPuget-Th\u00e9niers  06260<br \/>\n\u25baRevest-les-Roches  06830<br \/>\n\u25baRigaud  06260<br \/>\n\u25baRimplas  06420<br \/>\n\u25baRoquebilli\u00e8re  06450<br \/>\n\u25baRoquebrune-Cap-Martin  06190<br \/>\n\u25baRoquefort-les-Pins  06330<br \/>\n\u25baRoquesteron  06910<br \/>\n\u25baRoquest\u00e9ron-Grasse  06910<br \/>\n\u25baRoubion  06420<br \/>\n\u25baRoure  06420<br \/>\n\u25baSaint-Andr\u00e9-de-la-Roche  06730<br \/>\n\u25baSaint-Antonin  06260<br \/>\n\u25baSaint-Auban  06850<br \/>\n\u25baSaint-Blaise  06670<br \/>\n\u25baSaint-C\u00e9zaire-sur-Siagne  06530<br \/>\n\u25baSaint-Dalmas-le-Selvage  06660<br \/>\n\u25baSaint-\u00c9tienne-de-Tin\u00e9e  06660<br \/>\n\u25baSaint-Jean-Cap-Ferrat  06230<br \/>\n\u25baSaint-Jeannet  06640<br \/>\n\u25baSaint-Laurent-du-Var  06700<br \/>\n\u25baSaint-L\u00e9ger  06260<br \/>\n\u25baSaint-Martin-d&rsquo;Entraunes  06470<br \/>\n\u25baSaint-Martin-du-Var  06670<br \/>\n\u25baSaint-Martin-V\u00e9subie  06450<br \/>\n\u25baSaint-Paul-de-Vence  06570<br \/>\n\u25baSaint-Sauveur-sur-Tin\u00e9e  06420<br \/>\n\u25baSaint-Vallier-de-Thiey  06460<br \/>\n\u25baSainte-Agn\u00e8s  06500<br \/>\n\u25baSallagriffon  06910<br \/>\n\u25baSaorge  06540<br \/>\n\u25baSauze  06470<br \/>\n\u25baS\u00e9ranon  06750<br \/>\n\u25baSigale  06910<br \/>\n\u25baSospel  06380<br \/>\n\u25baSp\u00e9rac\u00e8des  06530<br \/>\n\u25baTende  06430<br \/>\n\u25baTh\u00e9oule-sur-Mer  06590<br \/>\n\u25baThi\u00e9ry  06710<br \/>\n\u25baToudon  06830<br \/>\n\u25baTou\u00ebt-de-l&rsquo;Escar\u00e8ne  06440<br \/>\n\u25baTou\u00ebt-sur-Var  06710<br \/>\n\u25baTourette-du-Ch\u00e2teau  06830<br \/>\n\u25baTournefort  06710<br \/>\n\u25baTourrette-Levens  06690<br \/>\n\u25baTourrettes-sur-Loup  06140<br \/>\n\u25baUtelle  06450<br \/>\n\u25baValbonne  06560<br \/>\n\u25baValdeblore  06420<br \/>\n\u25baValderoure  06750<br \/>\n\u25baVallauris  06220<br \/>\n\u25baVenanson  06450<br \/>\n\u25baVence  06140<br \/>\n\u25baVillars-sur-Var  06710<br \/>\n\u25baVillefranche-sur-Mer  06230<br \/>\n\u25baVilleneuve-d&rsquo;Entraunes  06470<br \/>\n\u25baVilleneuve-Loubet  06270<\/p>\n","protected":false},"excerpt":{"rendered":"<p>\u25c4 Retour \u00e0 l&rsquo;annuaire des villes Avocat Divorce sans juge Alpes-Maritimes (06) *\/ VOTRE DIVORCE SANS JUGE DANS LES ALPES-MARITIMES (06) J&rsquo;INTERVIENS DANS TOUTE LA FRANCE Notre cabinet \u00e0 Paris : 42 Rue de L\u00fcbeck, 75116 Paris 01 47 04 25 40 Les \u00e9tapes de votre divorce 1. Le rendez-vous : Contactez nous par t\u00e9l\u00e9phone [&hellip;]<\/p>\n","protected":false},"author":1,"featured_media":0,"parent":0,"menu_order":0,"comment_status":"closed","ping_status":"closed","template":"","meta":{"_acf_changed":false,"inline_featured_image":false,"footnotes":""},"priorite":[],"class_list":["post-1750","page","type-page","status-publish","hentry"],"acf":[],"yoast_head":"<!-- This site is optimized with the Yoast SEO plugin v27.5 - https:\/\/yoast.com\/product\/yoast-seo-wordpress\/ -->\n<title>Avocat Divorce sans juge Alpes-Maritimes (06) - Avocat Divorce<\/title>\n<meta name=\"description\" content=\"Contactez un Avocat divorce dans les Alpes-Maritimes (06) et divorcez \u00e0 l&#039;amiable sans juge en 1 mois \u00e0 partir de 425\u20ac TTC. Recevez un devis gratuit et imm\u00e9diat pour votre divorce par consentement mutuel\" \/>\n<meta name=\"robots\" content=\"index, follow, max-snippet:-1, max-image-preview:large, max-video-preview:-1\" \/>\n<link rel=\"canonical\" href=\"https:\/\/avocat-gc.com\/divorce\/avocat-divorce-sans-juge-alpes-maritimes-06\/\" \/>\n<meta property=\"og:locale\" content=\"fr_FR\" \/>\n<meta property=\"og:type\" content=\"article\" \/>\n<meta property=\"og:title\" content=\"Avocat Divorce sans juge Alpes-Maritimes (06) - Avocat Divorce\" \/>\n<meta property=\"og:description\" content=\"Contactez un Avocat divorce dans les Alpes-Maritimes (06) et divorcez \u00e0 l&#039;amiable sans juge en 1 mois \u00e0 partir de 425\u20ac TTC. Recevez un devis gratuit et imm\u00e9diat pour votre divorce par consentement mutuel\" \/>\n<meta property=\"og:url\" content=\"https:\/\/avocat-gc.com\/divorce\/avocat-divorce-sans-juge-alpes-maritimes-06\/\" \/>\n<meta property=\"og:site_name\" content=\"Avocat GC - Avocat Divorce\" \/>\n<meta name=\"twitter:card\" content=\"summary_large_image\" \/>\n<script type=\"application\/ld+json\" class=\"yoast-schema-graph\">{\"@context\":\"https:\\\/\\\/schema.org\",\"@graph\":[{\"@type\":\"WebPage\",\"@id\":\"https:\\\/\\\/avocat-gc.com\\\/divorce\\\/avocat-divorce-sans-juge-alpes-maritimes-06\\\/\",\"url\":\"https:\\\/\\\/avocat-gc.com\\\/divorce\\\/avocat-divorce-sans-juge-alpes-maritimes-06\\\/\",\"name\":\"Avocat Divorce sans juge Alpes-Maritimes (06) - Avocat Divorce\",\"isPartOf\":{\"@id\":\"https:\\\/\\\/avocat-gc.com\\\/divorce\\\/#website\"},\"datePublished\":\"2024-03-29T15:33:17+00:00\",\"description\":\"Contactez un Avocat divorce dans les Alpes-Maritimes (06) et divorcez \u00e0 l'amiable sans juge en 1 mois \u00e0 partir de 425\u20ac TTC. Recevez un devis gratuit et imm\u00e9diat pour votre divorce par consentement mutuel\",\"breadcrumb\":{\"@id\":\"https:\\\/\\\/avocat-gc.com\\\/divorce\\\/avocat-divorce-sans-juge-alpes-maritimes-06\\\/#breadcrumb\"},\"inLanguage\":\"fr-FR\",\"potentialAction\":[{\"@type\":\"ReadAction\",\"target\":[\"https:\\\/\\\/avocat-gc.com\\\/divorce\\\/avocat-divorce-sans-juge-alpes-maritimes-06\\\/\"]}]},{\"@type\":\"BreadcrumbList\",\"@id\":\"https:\\\/\\\/avocat-gc.com\\\/divorce\\\/avocat-divorce-sans-juge-alpes-maritimes-06\\\/#breadcrumb\",\"itemListElement\":[{\"@type\":\"ListItem\",\"position\":1,\"name\":\"Accueil\",\"item\":\"https:\\\/\\\/avocat-gc.com\\\/divorce\\\/\"},{\"@type\":\"ListItem\",\"position\":2,\"name\":\"Avocat Divorce sans juge Alpes-Maritimes (06)\"}]},{\"@type\":\"WebSite\",\"@id\":\"https:\\\/\\\/avocat-gc.com\\\/divorce\\\/#website\",\"url\":\"https:\\\/\\\/avocat-gc.com\\\/divorce\\\/\",\"name\":\"Avocat GC - Avocat Divorce\",\"description\":\"\",\"publisher\":{\"@id\":\"https:\\\/\\\/avocat-gc.com\\\/divorce\\\/#organization\"},\"potentialAction\":[{\"@type\":\"SearchAction\",\"target\":{\"@type\":\"EntryPoint\",\"urlTemplate\":\"https:\\\/\\\/avocat-gc.com\\\/divorce\\\/?s={search_term_string}\"},\"query-input\":{\"@type\":\"PropertyValueSpecification\",\"valueRequired\":true,\"valueName\":\"search_term_string\"}}],\"inLanguage\":\"fr-FR\"},{\"@type\":\"Organization\",\"@id\":\"https:\\\/\\\/avocat-gc.com\\\/divorce\\\/#organization\",\"name\":\"Avocat GC - Avocat Divorce\",\"url\":\"https:\\\/\\\/avocat-gc.com\\\/divorce\\\/\",\"logo\":{\"@type\":\"ImageObject\",\"inLanguage\":\"fr-FR\",\"@id\":\"https:\\\/\\\/avocat-gc.com\\\/divorce\\\/#\\\/schema\\\/logo\\\/image\\\/\",\"url\":\"https:\\\/\\\/avocat-gc.com\\\/divorce\\\/wp-content\\\/uploads\\\/2024\\\/04\\\/cropped-Sans-titre.png\",\"contentUrl\":\"https:\\\/\\\/avocat-gc.com\\\/divorce\\\/wp-content\\\/uploads\\\/2024\\\/04\\\/cropped-Sans-titre.png\",\"width\":200,\"height\":180,\"caption\":\"Avocat GC - Avocat Divorce\"},\"image\":{\"@id\":\"https:\\\/\\\/avocat-gc.com\\\/divorce\\\/#\\\/schema\\\/logo\\\/image\\\/\"}}]}<\/script>\n<!-- \/ Yoast SEO plugin. -->","yoast_head_json":{"title":"Avocat Divorce sans juge Alpes-Maritimes (06) - Avocat Divorce","description":"Contactez un Avocat divorce dans les Alpes-Maritimes (06) et divorcez \u00e0 l'amiable sans juge en 1 mois \u00e0 partir de 425\u20ac TTC. Recevez un devis gratuit et imm\u00e9diat pour votre divorce par consentement mutuel","robots":{"index":"index","follow":"follow","max-snippet":"max-snippet:-1","max-image-preview":"max-image-preview:large","max-video-preview":"max-video-preview:-1"},"canonical":"https:\/\/avocat-gc.com\/divorce\/avocat-divorce-sans-juge-alpes-maritimes-06\/","og_locale":"fr_FR","og_type":"article","og_title":"Avocat Divorce sans juge Alpes-Maritimes (06) - Avocat Divorce","og_description":"Contactez un Avocat divorce dans les Alpes-Maritimes (06) et divorcez \u00e0 l'amiable sans juge en 1 mois \u00e0 partir de 425\u20ac TTC. Recevez un devis gratuit et imm\u00e9diat pour votre divorce par consentement mutuel","og_url":"https:\/\/avocat-gc.com\/divorce\/avocat-divorce-sans-juge-alpes-maritimes-06\/","og_site_name":"Avocat GC - Avocat Divorce","twitter_card":"summary_large_image","schema":{"@context":"https:\/\/schema.org","@graph":[{"@type":"WebPage","@id":"https:\/\/avocat-gc.com\/divorce\/avocat-divorce-sans-juge-alpes-maritimes-06\/","url":"https:\/\/avocat-gc.com\/divorce\/avocat-divorce-sans-juge-alpes-maritimes-06\/","name":"Avocat Divorce sans juge Alpes-Maritimes (06) - Avocat Divorce","isPartOf":{"@id":"https:\/\/avocat-gc.com\/divorce\/#website"},"datePublished":"2024-03-29T15:33:17+00:00","description":"Contactez un Avocat divorce dans les Alpes-Maritimes (06) et divorcez \u00e0 l'amiable sans juge en 1 mois \u00e0 partir de 425\u20ac TTC. Recevez un devis gratuit et imm\u00e9diat pour votre divorce par consentement mutuel","breadcrumb":{"@id":"https:\/\/avocat-gc.com\/divorce\/avocat-divorce-sans-juge-alpes-maritimes-06\/#breadcrumb"},"inLanguage":"fr-FR","potentialAction":[{"@type":"ReadAction","target":["https:\/\/avocat-gc.com\/divorce\/avocat-divorce-sans-juge-alpes-maritimes-06\/"]}]},{"@type":"BreadcrumbList","@id":"https:\/\/avocat-gc.com\/divorce\/avocat-divorce-sans-juge-alpes-maritimes-06\/#breadcrumb","itemListElement":[{"@type":"ListItem","position":1,"name":"Accueil","item":"https:\/\/avocat-gc.com\/divorce\/"},{"@type":"ListItem","position":2,"name":"Avocat Divorce sans juge Alpes-Maritimes (06)"}]},{"@type":"WebSite","@id":"https:\/\/avocat-gc.com\/divorce\/#website","url":"https:\/\/avocat-gc.com\/divorce\/","name":"Avocat GC - Avocat Divorce","description":"","publisher":{"@id":"https:\/\/avocat-gc.com\/divorce\/#organization"},"potentialAction":[{"@type":"SearchAction","target":{"@type":"EntryPoint","urlTemplate":"https:\/\/avocat-gc.com\/divorce\/?s={search_term_string}"},"query-input":{"@type":"PropertyValueSpecification","valueRequired":true,"valueName":"search_term_string"}}],"inLanguage":"fr-FR"},{"@type":"Organization","@id":"https:\/\/avocat-gc.com\/divorce\/#organization","name":"Avocat GC - Avocat Divorce","url":"https:\/\/avocat-gc.com\/divorce\/","logo":{"@type":"ImageObject","inLanguage":"fr-FR","@id":"https:\/\/avocat-gc.com\/divorce\/#\/schema\/logo\/image\/","url":"https:\/\/avocat-gc.com\/divorce\/wp-content\/uploads\/2024\/04\/cropped-Sans-titre.png","contentUrl":"https:\/\/avocat-gc.com\/divorce\/wp-content\/uploads\/2024\/04\/cropped-Sans-titre.png","width":200,"height":180,"caption":"Avocat GC - Avocat Divorce"},"image":{"@id":"https:\/\/avocat-gc.com\/divorce\/#\/schema\/logo\/image\/"}}]}},"_links":{"self":[{"href":"https:\/\/avocat-gc.com\/divorce\/wp-json\/wp\/v2\/pages\/1750","targetHints":{"allow":["GET"]}}],"collection":[{"href":"https:\/\/avocat-gc.com\/divorce\/wp-json\/wp\/v2\/pages"}],"about":[{"href":"https:\/\/avocat-gc.com\/divorce\/wp-json\/wp\/v2\/types\/page"}],"author":[{"embeddable":true,"href":"https:\/\/avocat-gc.com\/divorce\/wp-json\/wp\/v2\/users\/1"}],"replies":[{"embeddable":true,"href":"https:\/\/avocat-gc.com\/divorce\/wp-json\/wp\/v2\/comments?post=1750"}],"version-history":[{"count":0,"href":"https:\/\/avocat-gc.com\/divorce\/wp-json\/wp\/v2\/pages\/1750\/revisions"}],"wp:attachment":[{"href":"https:\/\/avocat-gc.com\/divorce\/wp-json\/wp\/v2\/media?parent=1750"}],"wp:term":[{"taxonomy":"priorite","embeddable":true,"href":"https:\/\/avocat-gc.com\/divorce\/wp-json\/wp\/v2\/priorite?post=1750"}],"curies":[{"name":"wp","href":"https:\/\/api.w.org\/{rel}","templated":true}]}}