{"id":14562,"date":"2024-05-04T17:22:44","date_gmt":"2024-05-04T17:22:44","guid":{"rendered":"https:\/\/avocat-gc.com\/divorce\/?page_id=14562"},"modified":"2024-05-04T18:36:00","modified_gmt":"2024-05-04T18:36:00","slug":"confidentialite","status":"publish","type":"page","link":"https:\/\/avocat-gc.com\/divorce\/confidentialite\/","title":{"rendered":"Politique de confidentialit\u00e9"},"content":{"rendered":"\n<p>Le cabinet d&rsquo;avocat GC s\u2019engage \u00e0 ce que la collecte et le traitement de vos donn\u00e9es, effectu\u00e9s \u00e0 partir du site avocat-gc.com, soient conformes au r\u00e8glement g\u00e9n\u00e9ral sur la protection des donn\u00e9es (RGPD) et \u00e0 la loi Informatique et Libert\u00e9s.<\/p>\n\n\n\n<p>En application de la r\u00e9glementation relative \u00e0 la protection des donn\u00e9es personnelles (le R\u00e8glement UE 2016\/679 et la Loi Informatique et Libert\u00e9s du 6 janvier 1978), le cabinet d&rsquo;avocat GC traite les donn\u00e9es recueillies pour g\u00e9rer et traiter vos demandes. Vous disposez d&rsquo;un droit d&rsquo;acc\u00e8s, de rectification, d&rsquo;effacement, de limitation et d&rsquo;opposition sur vos donn\u00e9es. Vous pouvez exercer ce droit&nbsp;de plusieurs fa\u00e7ons :<\/p>\n\n\n\n<ul class=\"wp-block-list\">\n<li>par courriel \u00e0 info@avocat-gc.com;<\/li>\n\n\n\n<li>en envoyant un courrier \u00e0 :\n<ul class=\"wp-block-list\">\n<li>Avocat GC<br>42, rue de Lubeck<br>75116 Paris<\/li>\n<\/ul>\n<\/li>\n<\/ul>\n\n\n\n<div style=\"height:51px\" aria-hidden=\"true\" class=\"wp-block-spacer\"><\/div>\n\n\n\n<h2 class=\"wp-block-heading\">Journaux applicatifs<\/h2>\n\n\n\n<p>Les journaux applicatifs collectent l\u2019adresse IP lors de la navigation sur le site avocat-gc.com et l\u2019adresse email lors de l\u2019utilisation des formulaires. Ces donn\u00e9es sont collect\u00e9es pour des besoins de r\u00e9ponse \u00e0 incident, notamment en cas d&rsquo;attaques ou de tentatives d&rsquo;attaques informatiques. La dur\u00e9e de conservation de ces journaux applicatifs est d\u2019un an.<\/p>\n\n\n\n<h2 class=\"wp-block-heading\">Demandes de devis<\/h2>\n\n\n\n<p><strong>Collecte de donn\u00e9es dans le cadre des demandes de devis<\/strong><\/p>\n\n\n\n<p>Pour vous fournir un devis pr\u00e9cis et personnalis\u00e9, nous collectons certaines informations personnelles via notre formulaire de demande de devis. Les types de donn\u00e9es collect\u00e9es peuvent inclure votre nom, adresse e-mail, num\u00e9ro de t\u00e9l\u00e9phone. <\/p>\n\n\n\n<p>Nous utilisons ces informations pour r\u00e9pondre \u00e0 votre demande de devis et pour vous contacter afin de discuter des d\u00e9tails de votre demande ou pour vous fournir des informations suppl\u00e9mentaires sur nos services.<\/p>\n\n\n\n<p>Nous pourrions \u00e9galement utiliser vos coordonn\u00e9es pour vous envoyer des mises \u00e0 jour sur nos services, des offres sp\u00e9ciales ou des informations que nous jugeons pertinentes pour vous, si vous avez donn\u00e9 votre consentement explicite \u00e0 recevoir de telles communications. Vous avez la possibilit\u00e9 de vous d\u00e9sinscrire de ces communications \u00e0 tout moment en suivant le lien de d\u00e9sinscription inclus dans nos emails ou en nous contactant directement.<\/p>\n\n\n\n<p>Ces informations sont exclusivement utilis\u00e9es pour r\u00e9pondre \u00e0 votre demande de devis et pour vous fournir les informations et services requis. Vos donn\u00e9es sont trait\u00e9es avec la plus grande confidentialit\u00e9 et ne sont pas partag\u00e9es avec des tiers sans votre consentement explicite, sauf dans les cas requis par la loi.<\/p>\n\n\n\n<p>Nous prenons toutes les mesures n\u00e9cessaires pour assurer la s\u00e9curit\u00e9 de vos donn\u00e9es personnelles conform\u00e9ment \u00e0 notre politique de confidentialit\u00e9 et \u00e0 la l\u00e9gislation en vigueur sur la protection des donn\u00e9es.<\/p>\n\n\n\n<p>Si vous avez des questions sur la fa\u00e7on dont nous utilisons vos donn\u00e9es personnelles ou si vous souhaitez exercer vos droits d&rsquo;acc\u00e8s, de rectification, de suppression ou d&rsquo;opposition, veuillez nous contacter via les coordonn\u00e9es fournies sur notre site.<\/p>\n","protected":false},"excerpt":{"rendered":"<p>Le cabinet d&rsquo;avocat GC s\u2019engage \u00e0 ce que la collecte et le traitement de vos donn\u00e9es, effectu\u00e9s \u00e0 partir du site avocat-gc.com, soient conformes au r\u00e8glement g\u00e9n\u00e9ral sur la protection des donn\u00e9es (RGPD) et \u00e0 la loi Informatique et Libert\u00e9s. En application de la r\u00e9glementation relative \u00e0 la protection des donn\u00e9es personnelles (le R\u00e8glement UE [&hellip;]<\/p>\n","protected":false},"author":1,"featured_media":0,"parent":0,"menu_order":0,"comment_status":"closed","ping_status":"closed","template":"","meta":{"_acf_changed":false,"inline_featured_image":false,"footnotes":""},"priorite":[],"class_list":["post-14562","page","type-page","status-publish","hentry"],"acf":[],"yoast_head":"<!-- This site is optimized with the Yoast SEO plugin v27.4 - https:\/\/yoast.com\/product\/yoast-seo-wordpress\/ -->\n<title>Politique de confidentialit\u00e9 &#8211; Avocat GC - Avocat Divorce<\/title>\n<meta name=\"robots\" content=\"noindex, nofollow\" \/>\n<meta property=\"og:locale\" content=\"fr_FR\" \/>\n<meta property=\"og:type\" content=\"article\" \/>\n<meta property=\"og:title\" content=\"Politique de confidentialit\u00e9 &#8211; Avocat GC - Avocat Divorce\" \/>\n<meta property=\"og:description\" content=\"Le cabinet d&rsquo;avocat GC s\u2019engage \u00e0 ce que la collecte et le traitement de vos donn\u00e9es, effectu\u00e9s \u00e0 partir du site avocat-gc.com, soient conformes au r\u00e8glement g\u00e9n\u00e9ral sur la protection des donn\u00e9es (RGPD) et \u00e0 la loi Informatique et Libert\u00e9s. En application de la r\u00e9glementation relative \u00e0 la protection des donn\u00e9es personnelles (le R\u00e8glement UE [&hellip;]\" \/>\n<meta property=\"og:url\" content=\"https:\/\/avocat-gc.com\/divorce\/confidentialite\/\" \/>\n<meta property=\"og:site_name\" content=\"Avocat GC - Avocat Divorce\" \/>\n<meta property=\"article:modified_time\" content=\"2024-05-04T18:36:00+00:00\" \/>\n<meta name=\"twitter:card\" content=\"summary_large_image\" \/>\n<script type=\"application\/ld+json\" class=\"yoast-schema-graph\">{\"@context\":\"https:\\\/\\\/schema.org\",\"@graph\":[{\"@type\":\"WebPage\",\"@id\":\"https:\\\/\\\/avocat-gc.com\\\/divorce\\\/confidentialite\\\/\",\"url\":\"https:\\\/\\\/avocat-gc.com\\\/divorce\\\/confidentialite\\\/\",\"name\":\"Politique de confidentialit\u00e9 &#8211; Avocat GC - Avocat Divorce\",\"isPartOf\":{\"@id\":\"https:\\\/\\\/avocat-gc.com\\\/divorce\\\/#website\"},\"datePublished\":\"2024-05-04T17:22:44+00:00\",\"dateModified\":\"2024-05-04T18:36:00+00:00\",\"breadcrumb\":{\"@id\":\"https:\\\/\\\/avocat-gc.com\\\/divorce\\\/confidentialite\\\/#breadcrumb\"},\"inLanguage\":\"fr-FR\",\"potentialAction\":[{\"@type\":\"ReadAction\",\"target\":[\"https:\\\/\\\/avocat-gc.com\\\/divorce\\\/confidentialite\\\/\"]}]},{\"@type\":\"BreadcrumbList\",\"@id\":\"https:\\\/\\\/avocat-gc.com\\\/divorce\\\/confidentialite\\\/#breadcrumb\",\"itemListElement\":[{\"@type\":\"ListItem\",\"position\":1,\"name\":\"Accueil\",\"item\":\"https:\\\/\\\/avocat-gc.com\\\/divorce\\\/\"},{\"@type\":\"ListItem\",\"position\":2,\"name\":\"Politique de confidentialit\u00e9\"}]},{\"@type\":\"WebSite\",\"@id\":\"https:\\\/\\\/avocat-gc.com\\\/divorce\\\/#website\",\"url\":\"https:\\\/\\\/avocat-gc.com\\\/divorce\\\/\",\"name\":\"Avocat GC - Avocat Divorce\",\"description\":\"\",\"publisher\":{\"@id\":\"https:\\\/\\\/avocat-gc.com\\\/divorce\\\/#organization\"},\"potentialAction\":[{\"@type\":\"SearchAction\",\"target\":{\"@type\":\"EntryPoint\",\"urlTemplate\":\"https:\\\/\\\/avocat-gc.com\\\/divorce\\\/?s={search_term_string}\"},\"query-input\":{\"@type\":\"PropertyValueSpecification\",\"valueRequired\":true,\"valueName\":\"search_term_string\"}}],\"inLanguage\":\"fr-FR\"},{\"@type\":\"Organization\",\"@id\":\"https:\\\/\\\/avocat-gc.com\\\/divorce\\\/#organization\",\"name\":\"Avocat GC - Avocat Divorce\",\"url\":\"https:\\\/\\\/avocat-gc.com\\\/divorce\\\/\",\"logo\":{\"@type\":\"ImageObject\",\"inLanguage\":\"fr-FR\",\"@id\":\"https:\\\/\\\/avocat-gc.com\\\/divorce\\\/#\\\/schema\\\/logo\\\/image\\\/\",\"url\":\"https:\\\/\\\/avocat-gc.com\\\/divorce\\\/wp-content\\\/uploads\\\/2024\\\/04\\\/cropped-Sans-titre.png\",\"contentUrl\":\"https:\\\/\\\/avocat-gc.com\\\/divorce\\\/wp-content\\\/uploads\\\/2024\\\/04\\\/cropped-Sans-titre.png\",\"width\":200,\"height\":180,\"caption\":\"Avocat GC - Avocat Divorce\"},\"image\":{\"@id\":\"https:\\\/\\\/avocat-gc.com\\\/divorce\\\/#\\\/schema\\\/logo\\\/image\\\/\"}}]}<\/script>\n<!-- \/ Yoast SEO plugin. -->","yoast_head_json":{"title":"Politique de confidentialit\u00e9 &#8211; Avocat GC - Avocat Divorce","robots":{"index":"noindex","follow":"nofollow"},"og_locale":"fr_FR","og_type":"article","og_title":"Politique de confidentialit\u00e9 &#8211; Avocat GC - Avocat Divorce","og_description":"Le cabinet d&rsquo;avocat GC s\u2019engage \u00e0 ce que la collecte et le traitement de vos donn\u00e9es, effectu\u00e9s \u00e0 partir du site avocat-gc.com, soient conformes au r\u00e8glement g\u00e9n\u00e9ral sur la protection des donn\u00e9es (RGPD) et \u00e0 la loi Informatique et Libert\u00e9s. En application de la r\u00e9glementation relative \u00e0 la protection des donn\u00e9es personnelles (le R\u00e8glement UE [&hellip;]","og_url":"https:\/\/avocat-gc.com\/divorce\/confidentialite\/","og_site_name":"Avocat GC - Avocat Divorce","article_modified_time":"2024-05-04T18:36:00+00:00","twitter_card":"summary_large_image","schema":{"@context":"https:\/\/schema.org","@graph":[{"@type":"WebPage","@id":"https:\/\/avocat-gc.com\/divorce\/confidentialite\/","url":"https:\/\/avocat-gc.com\/divorce\/confidentialite\/","name":"Politique de confidentialit\u00e9 &#8211; Avocat GC - Avocat Divorce","isPartOf":{"@id":"https:\/\/avocat-gc.com\/divorce\/#website"},"datePublished":"2024-05-04T17:22:44+00:00","dateModified":"2024-05-04T18:36:00+00:00","breadcrumb":{"@id":"https:\/\/avocat-gc.com\/divorce\/confidentialite\/#breadcrumb"},"inLanguage":"fr-FR","potentialAction":[{"@type":"ReadAction","target":["https:\/\/avocat-gc.com\/divorce\/confidentialite\/"]}]},{"@type":"BreadcrumbList","@id":"https:\/\/avocat-gc.com\/divorce\/confidentialite\/#breadcrumb","itemListElement":[{"@type":"ListItem","position":1,"name":"Accueil","item":"https:\/\/avocat-gc.com\/divorce\/"},{"@type":"ListItem","position":2,"name":"Politique de confidentialit\u00e9"}]},{"@type":"WebSite","@id":"https:\/\/avocat-gc.com\/divorce\/#website","url":"https:\/\/avocat-gc.com\/divorce\/","name":"Avocat GC - Avocat Divorce","description":"","publisher":{"@id":"https:\/\/avocat-gc.com\/divorce\/#organization"},"potentialAction":[{"@type":"SearchAction","target":{"@type":"EntryPoint","urlTemplate":"https:\/\/avocat-gc.com\/divorce\/?s={search_term_string}"},"query-input":{"@type":"PropertyValueSpecification","valueRequired":true,"valueName":"search_term_string"}}],"inLanguage":"fr-FR"},{"@type":"Organization","@id":"https:\/\/avocat-gc.com\/divorce\/#organization","name":"Avocat GC - Avocat Divorce","url":"https:\/\/avocat-gc.com\/divorce\/","logo":{"@type":"ImageObject","inLanguage":"fr-FR","@id":"https:\/\/avocat-gc.com\/divorce\/#\/schema\/logo\/image\/","url":"https:\/\/avocat-gc.com\/divorce\/wp-content\/uploads\/2024\/04\/cropped-Sans-titre.png","contentUrl":"https:\/\/avocat-gc.com\/divorce\/wp-content\/uploads\/2024\/04\/cropped-Sans-titre.png","width":200,"height":180,"caption":"Avocat GC - Avocat Divorce"},"image":{"@id":"https:\/\/avocat-gc.com\/divorce\/#\/schema\/logo\/image\/"}}]}},"_links":{"self":[{"href":"https:\/\/avocat-gc.com\/divorce\/wp-json\/wp\/v2\/pages\/14562","targetHints":{"allow":["GET"]}}],"collection":[{"href":"https:\/\/avocat-gc.com\/divorce\/wp-json\/wp\/v2\/pages"}],"about":[{"href":"https:\/\/avocat-gc.com\/divorce\/wp-json\/wp\/v2\/types\/page"}],"author":[{"embeddable":true,"href":"https:\/\/avocat-gc.com\/divorce\/wp-json\/wp\/v2\/users\/1"}],"replies":[{"embeddable":true,"href":"https:\/\/avocat-gc.com\/divorce\/wp-json\/wp\/v2\/comments?post=14562"}],"version-history":[{"count":6,"href":"https:\/\/avocat-gc.com\/divorce\/wp-json\/wp\/v2\/pages\/14562\/revisions"}],"predecessor-version":[{"id":14572,"href":"https:\/\/avocat-gc.com\/divorce\/wp-json\/wp\/v2\/pages\/14562\/revisions\/14572"}],"wp:attachment":[{"href":"https:\/\/avocat-gc.com\/divorce\/wp-json\/wp\/v2\/media?parent=14562"}],"wp:term":[{"taxonomy":"priorite","embeddable":true,"href":"https:\/\/avocat-gc.com\/divorce\/wp-json\/wp\/v2\/priorite?post=14562"}],"curies":[{"name":"wp","href":"https:\/\/api.w.org\/{rel}","templated":true}]}}